{"id":14622,"date":"2024-03-14T14:06:11","date_gmt":"2024-03-14T13:06:11","guid":{"rendered":"http:\/\/delikatesy.wineport.pl\/?product=les-grandes-lannes-lussac-st-emilion-ac-075l"},"modified":"2026-05-10T19:16:05","modified_gmt":"2026-05-10T17:16:05","slug":"les-grandes-lannes-lussac-st-emilion-ac-075l","status":"publish","type":"product","link":"http:\/\/delikatesy.wineport.pl\/?product=les-grandes-lannes-lussac-st-emilion-ac-075l","title":{"rendered":"Les Grandes Lannes Lussac st Emilion AC 0,75L"},"content":{"rendered":"<pre id=\"tw-target-text\" class=\"tw-data-text tw-ta tw-text-small\" dir=\"ltr\" style=\"color: #212121; font-size: 16px !important; font-family: inherit;\" data-placeholder=\"T\u0142umaczenie\" data-fulltext=\"\"><span style=\"color: #ff0000;\">UWAGA!!! NIE WYSY\u0141AMY ALKOHOLU KURIEREM W PRZYPADKU ZAM\u00d3WIE\u0143 OD OS\u00d3B PRYWATNYCH, TYLKO ODBI\u00d3R OSOBISTY NA UL. \u015aW. STANIS\u0141AWA 12 W WARSZAWIE!!! W przypadku op\u0142acenia zam\u00f3wienia alkoholu z wysy\u0142k\u0105, przy zwrocie pieni\u0119dzy zostanie potr\u0105cona prowizja\u00a0<\/span><strong style=\"color: #ff0000;\">DOTPAY<\/strong><span style=\"color: #ff0000;\">!<\/span><br \/>Wy\u015bmienite wino z apelacji Lussac St Emilion AOC Bordeaux kt\u00f3re zosta\u0142o rozlane w posiadlosci.<br \/>To mieszanka Merlot, Cabernet Franc i Cabernet Sauvignon. <br \/>Wino jest owocowe i lekkie a zarazem posiada doskona\u0142e cia\u0142o. Dzi\u0119ki Cabernet Franc aksamitne na podniebieniu a Sauvignon i Merlot idealnie si\u0119 uzupe\u0142niaj\u0105. Wino idealnie komponuje si\u0119 z niebieskim serem i delikatnym mi\u0119sem jak np.: pol\u0119dwica wo\u0142owa. <\/pre>\n","protected":false},"excerpt":{"rendered":"<p>UWAGA!!! NIE WYSY\u0141AMY ALKOHOLU KURIEREM W PRZYPADKU ZAM\u00d3WIE\u0143 OD OS\u00d3B PRYWATNYCH, TYLKO ODBI\u00d3R OSOBISTY NA UL. \u015aW. STANIS\u0141AWA 12 W WARSZAWIE!!! W przypadku op\u0142acenia zam\u00f3wienia alkoholu z wysy\u0142k\u0105, przy zwrocie pieni\u0119dzy zostanie potr\u0105cona prowizja\u00a0DOTPAY!Wy\u015bmienite wino z apelacji Lussac St Emilion AOC Bordeaux kt\u00f3re zosta\u0142o rozlane w posiadlosci.To mieszanka Merlot, Cabernet Franc i Cabernet Sauvignon. Wino [&hellip;]<\/p>\n","protected":false},"featured_media":14621,"comment_status":"open","ping_status":"closed","template":"","meta":[],"product_cat":[83,85,80],"product_tag":[],"class_list":{"0":"post-14622","1":"product","2":"type-product","3":"status-publish","4":"has-post-thumbnail","6":"product_cat-francja","7":"product_cat-francja-bordeaux","8":"product_cat-wina-swiata","10":"first","11":"instock","12":"shipping-taxable","13":"purchasable","14":"product-type-simple"},"_links":{"self":[{"href":"http:\/\/delikatesy.wineport.pl\/index.php?rest_route=\/wp\/v2\/product\/14622","targetHints":{"allow":["GET"]}}],"collection":[{"href":"http:\/\/delikatesy.wineport.pl\/index.php?rest_route=\/wp\/v2\/product"}],"about":[{"href":"http:\/\/delikatesy.wineport.pl\/index.php?rest_route=\/wp\/v2\/types\/product"}],"replies":[{"embeddable":true,"href":"http:\/\/delikatesy.wineport.pl\/index.php?rest_route=%2Fwp%2Fv2%2Fcomments&post=14622"}],"wp:featuredmedia":[{"embeddable":true,"href":"http:\/\/delikatesy.wineport.pl\/index.php?rest_route=\/wp\/v2\/media\/14621"}],"wp:attachment":[{"href":"http:\/\/delikatesy.wineport.pl\/index.php?rest_route=%2Fwp%2Fv2%2Fmedia&parent=14622"}],"wp:term":[{"taxonomy":"product_cat","embeddable":true,"href":"http:\/\/delikatesy.wineport.pl\/index.php?rest_route=%2Fwp%2Fv2%2Fproduct_cat&post=14622"},{"taxonomy":"product_tag","embeddable":true,"href":"http:\/\/delikatesy.wineport.pl\/index.php?rest_route=%2Fwp%2Fv2%2Fproduct_tag&post=14622"}],"curies":[{"name":"wp","href":"https:\/\/api.w.org\/{rel}","templated":true}]}}