{"id":14636,"date":"2024-03-14T14:06:34","date_gmt":"2024-03-14T13:06:34","guid":{"rendered":"http:\/\/delikatesy.wineport.pl\/?product=torebka-z-czekoladkami-min-zamowienie-100-sztuk"},"modified":"2026-05-10T19:17:14","modified_gmt":"2026-05-10T17:17:14","slug":"torebka-z-czekoladkami-min-zamowienie-100-sztuk","status":"publish","type":"product","link":"http:\/\/delikatesy.wineport.pl\/?product=torebka-z-czekoladkami-min-zamowienie-100-sztuk","title":{"rendered":"Torebka z czekoladkami min zam\u00f3wienie 100 sztuk"},"content":{"rendered":"<p>Produkt: torebeczka o wymiarach<br \/>85x145x55 mm, a w \u015brodku: 15 czekoladek<br \/>okr\u0105g\u0142ch (30&#215;4 mm) lub kwadratowych<br \/>(30x30x4 mm) lub prostok\u0105tnych (30x40x4 mm)<br \/>Smak: czekolada mleczna lub deserowa ze<br \/>zdobieniem z bia\u0142ej czekolady lub czekolada<br \/>bia\u0142a ze zdobieniem z ciemnej czekolady<br \/>Personalizacja: na czekoladce oraz pude\u0142ku<br \/>Termin przydatno\u015bci: do 12 m-cy<br \/>Dost\u0119pne w kolekcjach: \u015awi\u0105teczna, Zimowa<\/p>\n","protected":false},"excerpt":{"rendered":"<p>Produkt: torebeczka o wymiarach<br \/>85x145x55 mm, a w \u015brodku: 15 czekoladek<br \/>okr\u0105g\u0142ch (30&#215;4 mm) lub kwadratowych<br \/>(30x30x4 mm) lub prostok\u0105tnych (30x40x4 mm)<br \/>Smak: czekolada mleczna lub deserowa ze<br \/>zdobieniem z bia\u0142ej czekolady lub czekolada<br \/>bia\u0142a ze zdobieniem z ciemnej czekolady<br \/>Personalizacja: na czekoladce oraz pude\u0142ku<br \/>Termin przydatno\u015bci: do 12 m-cy<br \/>Dost\u0119pne w kolekcjach: \u015awi\u0105teczna, Zimowa<\/p>\n","protected":false},"featured_media":14635,"comment_status":"open","ping_status":"closed","template":"","meta":[],"product_cat":[173,185],"product_tag":[],"class_list":{"0":"post-14636","1":"product","2":"type-product","3":"status-publish","4":"has-post-thumbnail","6":"product_cat-artykuly-delikatesowe","7":"product_cat-wyroby-czekoladowe","9":"first","10":"instock","11":"shipping-taxable","12":"purchasable","13":"product-type-simple"},"_links":{"self":[{"href":"http:\/\/delikatesy.wineport.pl\/index.php?rest_route=\/wp\/v2\/product\/14636","targetHints":{"allow":["GET"]}}],"collection":[{"href":"http:\/\/delikatesy.wineport.pl\/index.php?rest_route=\/wp\/v2\/product"}],"about":[{"href":"http:\/\/delikatesy.wineport.pl\/index.php?rest_route=\/wp\/v2\/types\/product"}],"replies":[{"embeddable":true,"href":"http:\/\/delikatesy.wineport.pl\/index.php?rest_route=%2Fwp%2Fv2%2Fcomments&post=14636"}],"wp:featuredmedia":[{"embeddable":true,"href":"http:\/\/delikatesy.wineport.pl\/index.php?rest_route=\/wp\/v2\/media\/14635"}],"wp:attachment":[{"href":"http:\/\/delikatesy.wineport.pl\/index.php?rest_route=%2Fwp%2Fv2%2Fmedia&parent=14636"}],"wp:term":[{"taxonomy":"product_cat","embeddable":true,"href":"http:\/\/delikatesy.wineport.pl\/index.php?rest_route=%2Fwp%2Fv2%2Fproduct_cat&post=14636"},{"taxonomy":"product_tag","embeddable":true,"href":"http:\/\/delikatesy.wineport.pl\/index.php?rest_route=%2Fwp%2Fv2%2Fproduct_tag&post=14636"}],"curies":[{"name":"wp","href":"https:\/\/api.w.org\/{rel}","templated":true}]}}