{"id":14680,"date":"2024-03-14T14:06:52","date_gmt":"2024-03-14T13:06:52","guid":{"rendered":"http:\/\/delikatesy.wineport.pl\/?product=wino-sonet-cz-w-075l"},"modified":"2026-05-10T19:17:21","modified_gmt":"2026-05-10T17:17:21","slug":"wino-sonet-cz-w-075l","status":"publish","type":"product","link":"http:\/\/delikatesy.wineport.pl\/?product=wino-sonet-cz-w-075l","title":{"rendered":"Wino Sonet cz\/w 0,75L"},"content":{"rendered":"<p><span style=\"color: #ff0000;\">UWAGA!!! NIE WYSY\u0141AMY ALKOHOLU W PRZYPADKU ZAM\u00d3WIE\u0143 OD OS\u00d3B PRYWATNYCH, TYLKO ODBI\u00d3R OSOBISTY NA UL. \u015aW. STANIS\u0141AWA 12 W WARSZAWIE!!! W przypadku op\u0142acenia zam\u00f3wienia alkoholu z wysy\u0142k\u0105, przy zwrocie pieni\u0119dzy zostanie potr\u0105cona prowizja dotpay!<\/span><\/p>\n<p>Wino czerwone &#8220;Sonet\u201e 2016 to kupa\u017c szczep\u00f3w Regent, Leon Millot oraz Marechal Foch, czyli trzech odmian przeznaczonych do uprawy w surowych warunkach. To po\u0142\u0105czenie pozwala uzyska\u0107 wina niezwykle g\u0142\u0119bokie pod wzgl\u0119dem koloru, taniczno\u015bci oraz aromatu. Prawie 20-dniowa maceracja z fermentacj\u0105 pozwoli\u0142a nam stworzy\u0107 wino o bardzo intensywnej barwie, zadziwiaj\u0105cej jak na nasze warunki ilo\u015bci tanin oraz garbnik\u00f3w. Wino przeznaczone nie tylko do konsumpcji w tym momencie &#8211; poddane wieloletniemu le\u017cakowaniu zachwyci dojrza\u0142o\u015bci\u0105. Doskonale \u0142\u0105czy si\u0119 z mi\u0119sem oraz t\u0142ustymi potrawami. Szczeg\u00f3lnie polecamy do stek\u00f3w.<\/p>\n<p>Szczepy: Regent, Leon Millot, Marechal Foch Alkohol: 11,4% Kwasowo\u015b\u0107: 6,0 g\/l Cukier: 0,2 g\/l Podawa\u0107: 16-18\u00b0C<\/p>\n","protected":false},"excerpt":{"rendered":"<p>Wino czerwone &#8220;Sonet\u201e 2016 to kupa\u017c szczep\u00f3w Regent, Leon Millot oraz Marechal Foch, czyli trzech odmian przeznaczonych do uprawy w surowych warunkach. To po\u0142\u0105czenie pozwala uzyska\u0107 wina niezwykle g\u0142\u0119bokie pod wzgl\u0119dem koloru, taniczno\u015bci oraz aromatu. Prawie 20-dniowa maceracja z fermentacj\u0105 pozwoli\u0142a nam stworzy\u0107 wino o bardzo intensywnej barwie, zadziwiaj\u0105cej jak na nasze warunki ilo\u015bci tanin oraz garbnik\u00f3w. Wino przeznaczone nie tylko do konsumpcji w tym momencie &#8211; poddane wieloletniemu le\u017cakowaniu zachwyci dojrza\u0142o\u015bci\u0105. Doskonale \u0142\u0105czy si\u0119 z mi\u0119sem oraz t\u0142ustymi potrawami. Szczeg\u00f3lnie polecamy do stek\u00f3w.<\/p>\n<p>Szczepy: Regent, Leon Millot, Marechal Foch Alkohol: 11,4% Kwasowo\u015b\u0107: 6,0 g\/l Cukier: 0,2 g\/l Podawa\u0107: 16-18\u00b0C<\/p>\n","protected":false},"featured_media":14679,"comment_status":"open","ping_status":"closed","template":"","meta":[],"product_cat":[242,80],"product_tag":[],"class_list":{"0":"post-14680","1":"product","2":"type-product","3":"status-publish","4":"has-post-thumbnail","6":"product_cat-polska","7":"product_cat-wina-swiata","9":"first","10":"instock","11":"shipping-taxable","12":"purchasable","13":"product-type-simple"},"_links":{"self":[{"href":"http:\/\/delikatesy.wineport.pl\/index.php?rest_route=\/wp\/v2\/product\/14680","targetHints":{"allow":["GET"]}}],"collection":[{"href":"http:\/\/delikatesy.wineport.pl\/index.php?rest_route=\/wp\/v2\/product"}],"about":[{"href":"http:\/\/delikatesy.wineport.pl\/index.php?rest_route=\/wp\/v2\/types\/product"}],"replies":[{"embeddable":true,"href":"http:\/\/delikatesy.wineport.pl\/index.php?rest_route=%2Fwp%2Fv2%2Fcomments&post=14680"}],"wp:featuredmedia":[{"embeddable":true,"href":"http:\/\/delikatesy.wineport.pl\/index.php?rest_route=\/wp\/v2\/media\/14679"}],"wp:attachment":[{"href":"http:\/\/delikatesy.wineport.pl\/index.php?rest_route=%2Fwp%2Fv2%2Fmedia&parent=14680"}],"wp:term":[{"taxonomy":"product_cat","embeddable":true,"href":"http:\/\/delikatesy.wineport.pl\/index.php?rest_route=%2Fwp%2Fv2%2Fproduct_cat&post=14680"},{"taxonomy":"product_tag","embeddable":true,"href":"http:\/\/delikatesy.wineport.pl\/index.php?rest_route=%2Fwp%2Fv2%2Fproduct_tag&post=14680"}],"curies":[{"name":"wp","href":"https:\/\/api.w.org\/{rel}","templated":true}]}}