{"id":14710,"date":"2024-03-14T14:07:10","date_gmt":"2024-03-14T13:07:10","guid":{"rendered":"http:\/\/delikatesy.wineport.pl\/?product=chocolates-from-heaven-ekologiczna-czekolada-gorzka-74-100g"},"modified":"2026-05-10T19:18:06","modified_gmt":"2026-05-10T17:18:06","slug":"chocolates-from-heaven-ekologiczna-czekolada-gorzka-74-100g","status":"publish","type":"product","link":"http:\/\/delikatesy.wineport.pl\/?product=chocolates-from-heaven-ekologiczna-czekolada-gorzka-74-100g","title":{"rendered":"Chocolates from heaven Ekologiczna Czekolada gorzka 74% 100g"},"content":{"rendered":"<p>\u00a0Chocolates from heaven Ekologiczna belgijska\u00a0Czekolada gorzka 74%, wyprodukowana w Belgijskiej manufakturze Klingele.<br \/>Czekolada posiada certyfikat\u00a0Eko Bio\u00a0i Fair Trade<\/p>\n<p>\u00a0Gramatura 100g<\/p>\n<p>    To nie przypadek, \u017ce belgijskie czekolady uwa\u017cane s\u0105 za najlepsze na \u015bwiecie. W Polsce jest tradycja pieczenia ciast jako deser w Belgii jest tradycja robienia domowej czekolady, Klingele to prawdziwa manufaktura belgijskiej czekolady, kt\u00f3ra dostarcza produkty absolutnie topowej \u015bwiatowej jako\u015bci.   Manufaktura znajduje si\u0119 w sercu Belgii, korzysta z najwy\u017cszej na \u015bwiecie jako\u015bci kakao, od producent\u00f3w, kt\u00f3rzy posiadaj\u0105 certyfikat ,,Eko-Bio&#8221; i ,,Fair-Trade&#8221;   Receptury Klingele przekazane s\u0105 z pokolenia na pokolenie, tworz\u0105c niezapomniane smakowe doznania. Poznajcie z nami tajniki belgijskiego rzemios\u0142a czekoladowego i zanurzcie si\u0119 w zmys\u0142owej przyjemno\u015bci ka\u017cdego k\u0119sa. Odkryjcie rado\u015b\u0107 z degustacji, jakiej do\u015bwiadczycie tylko z naszymi Chocolates From Heaven.<\/p>\n","protected":false},"excerpt":{"rendered":"<p>Chocolates from heaven Ekologiczna belgijska Czekolada gorzka 74%, wyprodukowana w Belgijskiej manufakturze Klingele.<br \/>Czekolada posiada certyfikat\u00a0Eko Bio\u00a0i Fair Trade<\/p>\n<p>\u00a0Gramatura 100g<\/p>\n","protected":false},"featured_media":14709,"comment_status":"open","ping_status":"closed","template":"","meta":[],"product_cat":[173,243,185],"product_tag":[],"class_list":{"0":"post-14710","1":"product","2":"type-product","3":"status-publish","4":"has-post-thumbnail","6":"product_cat-artykuly-delikatesowe","7":"product_cat-czekolady-belgijskie-ekologiczne","8":"product_cat-wyroby-czekoladowe","10":"first","11":"instock","12":"shipping-taxable","13":"purchasable","14":"product-type-simple"},"_links":{"self":[{"href":"http:\/\/delikatesy.wineport.pl\/index.php?rest_route=\/wp\/v2\/product\/14710","targetHints":{"allow":["GET"]}}],"collection":[{"href":"http:\/\/delikatesy.wineport.pl\/index.php?rest_route=\/wp\/v2\/product"}],"about":[{"href":"http:\/\/delikatesy.wineport.pl\/index.php?rest_route=\/wp\/v2\/types\/product"}],"replies":[{"embeddable":true,"href":"http:\/\/delikatesy.wineport.pl\/index.php?rest_route=%2Fwp%2Fv2%2Fcomments&post=14710"}],"wp:featuredmedia":[{"embeddable":true,"href":"http:\/\/delikatesy.wineport.pl\/index.php?rest_route=\/wp\/v2\/media\/14709"}],"wp:attachment":[{"href":"http:\/\/delikatesy.wineport.pl\/index.php?rest_route=%2Fwp%2Fv2%2Fmedia&parent=14710"}],"wp:term":[{"taxonomy":"product_cat","embeddable":true,"href":"http:\/\/delikatesy.wineport.pl\/index.php?rest_route=%2Fwp%2Fv2%2Fproduct_cat&post=14710"},{"taxonomy":"product_tag","embeddable":true,"href":"http:\/\/delikatesy.wineport.pl\/index.php?rest_route=%2Fwp%2Fv2%2Fproduct_tag&post=14710"}],"curies":[{"name":"wp","href":"https:\/\/api.w.org\/{rel}","templated":true}]}}