{"id":14736,"date":"2024-03-14T14:08:33","date_gmt":"2024-03-14T13:08:33","guid":{"rendered":"http:\/\/delikatesy.wineport.pl\/?product=clontarf-irish-whisky-classic-blend-40-07l"},"modified":"2026-05-10T19:18:09","modified_gmt":"2026-05-10T17:18:09","slug":"clontarf-irish-whisky-classic-blend-40-07l","status":"publish","type":"product","link":"http:\/\/delikatesy.wineport.pl\/?product=clontarf-irish-whisky-classic-blend-40-07l","title":{"rendered":"Clontarf Irish Whisky Classic blend 40% 0,7L"},"content":{"rendered":"<p><span style=\"color: #ff0000; font-size: 16px; font-family: arial, helvetica, sans-serif;\">UWAGA!!! NIE WYSY\u0141AMY ALKOHOLU W PRZYPADKU ZAM\u00d3WIE\u0143 OD OS\u00d3B PRYWATNYCH, TYLKO ODBI\u00d3R OSOBISTY NA UL. \u015aW. STANIS\u0141AWA 12 W WARSZAWIE!!! W przypadku op\u0142acenia zam\u00f3wienia alkoholu z wysy\u0142k\u0105, przy zwrocie pieni\u0119dzy zostanie potr\u0105cona prowizja\u00a0DOTPAY!<\/span><\/p>\n<p><span style=\"color: #ff0000; font-size: 16px; font-family: arial, helvetica, sans-serif;\">\u00a0<\/span><\/p>\n<p style=\"color: #3b3b3b; font-size: 15px; font-family: Roboto, sans-serif;\">Irlandzka blended whiskey z destylarni Clontarf Whiskey Company z okolic Cork. Whisky swoj\u0105 nazw\u0105 nawi\u0105zuje do bitwy, kt\u00f3ra rozegra\u0142a si\u0119 w 1014 roku, w pobli\u017cu Clontarf mi\u0119dzy Irlandczykami, a Wikingami. Irlandczycy zwyci\u0119\u017cyli i przej\u0119li panowanie nad Zielon\u0105 Wysp\u0105. Whiskey jest 3-krotnie destylowana, a nast\u0119pnie le\u017cakowana 4 lata w beczkach po bourbonie.<\/p>\n<p style=\"color: #3b3b3b; font-size: 15px; font-family: Roboto, sans-serif;\">W nosie zr\u00f3wnowa\u017cone aromaty z nutami karmelu, pomara\u0144czy, miodu, dojrza\u0142ych owoc\u00f3w, skoszonej trawy i orzecha.<\/p>\n<p style=\"color: #3b3b3b; font-size: 15px; font-family: Roboto, sans-serif;\">\u00a0<\/p>\n<p style=\"color: #3b3b3b; font-size: 15px; font-family: Roboto, sans-serif;\">W smaku g\u0142adki i delikatny z nutami orzech\u00f3w, miodu, wanilii, cynamonu, imbiru, ga\u0142ki muszkato\u0142owej i d\u0119bu\u00a0z g\u0142adkim finiszem i lekkimi z nutami zimowych przypraw.<\/p>\n","protected":false},"excerpt":{"rendered":"<p style=\"color: #3b3b3b; font-size: 15px; font-family: Roboto, sans-serif;\">Irlandzka blended whiskey z destylarni Clontarf Whiskey Company z okolic Cork. Whisky swoj\u0105 nazw\u0105 nawi\u0105zuje do bitwy, kt\u00f3ra rozegra\u0142a si\u0119 w 1014 roku, w pobli\u017cu Clontarf mi\u0119dzy Irlandczykami, a Wikingami. Irlandczycy zwyci\u0119\u017cyli i przej\u0119li panowanie nad Zielon\u0105 Wysp\u0105. Whiskey jest 3-krotnie destylowana, a nast\u0119pnie le\u017cakowana 4 lata w beczkach po bourbonie.<\/p>\n<p style=\"color: #3b3b3b; font-size: 15px; font-family: Roboto, sans-serif;\">W nosie zr\u00f3wnowa\u017cone aromaty z nutami karmelu, pomara\u0144czy, miodu, dojrza\u0142ych owoc\u00f3w, skoszonej trawy i orzecha.<\/p>\n<p style=\"color: #3b3b3b; font-size: 15px; font-family: Roboto, sans-serif;\">\u00a0<\/p>\n<p style=\"color: #3b3b3b; font-size: 15px; font-family: Roboto, sans-serif;\">W smaku g\u0142adki i delikatny z nutami orzech\u00f3w, miodu, wanilii, cynamonu, imbiru, ga\u0142ki muszkato\u0142owej i d\u0119bu\u00a0z g\u0142adkim finiszem i lekkimi z nutami zimowych przypraw.<\/p>\n","protected":false},"featured_media":14735,"comment_status":"open","ping_status":"closed","template":"","meta":[],"product_cat":[142,193,143],"product_tag":[],"class_list":{"0":"post-14736","1":"product","2":"type-product","3":"status-publish","4":"has-post-thumbnail","6":"product_cat-alkohole-mocne","7":"product_cat-irlandia","8":"product_cat-whisky","10":"first","11":"instock","12":"shipping-taxable","13":"purchasable","14":"product-type-simple"},"_links":{"self":[{"href":"http:\/\/delikatesy.wineport.pl\/index.php?rest_route=\/wp\/v2\/product\/14736","targetHints":{"allow":["GET"]}}],"collection":[{"href":"http:\/\/delikatesy.wineport.pl\/index.php?rest_route=\/wp\/v2\/product"}],"about":[{"href":"http:\/\/delikatesy.wineport.pl\/index.php?rest_route=\/wp\/v2\/types\/product"}],"replies":[{"embeddable":true,"href":"http:\/\/delikatesy.wineport.pl\/index.php?rest_route=%2Fwp%2Fv2%2Fcomments&post=14736"}],"wp:featuredmedia":[{"embeddable":true,"href":"http:\/\/delikatesy.wineport.pl\/index.php?rest_route=\/wp\/v2\/media\/14735"}],"wp:attachment":[{"href":"http:\/\/delikatesy.wineport.pl\/index.php?rest_route=%2Fwp%2Fv2%2Fmedia&parent=14736"}],"wp:term":[{"taxonomy":"product_cat","embeddable":true,"href":"http:\/\/delikatesy.wineport.pl\/index.php?rest_route=%2Fwp%2Fv2%2Fproduct_cat&post=14736"},{"taxonomy":"product_tag","embeddable":true,"href":"http:\/\/delikatesy.wineport.pl\/index.php?rest_route=%2Fwp%2Fv2%2Fproduct_tag&post=14736"}],"curies":[{"name":"wp","href":"https:\/\/api.w.org\/{rel}","templated":true}]}}