{"id":14760,"date":"2024-03-14T14:08:46","date_gmt":"2024-03-14T13:08:46","guid":{"rendered":"http:\/\/delikatesy.wineport.pl\/?product=ocet-balsamiczny-modena-z-aromatem-truflowym-100ml"},"modified":"2026-04-09T20:58:34","modified_gmt":"2026-04-09T18:58:34","slug":"ocet-balsamiczny-modena-z-aromatem-truflowym-100ml","status":"publish","type":"product","link":"http:\/\/delikatesy.wineport.pl\/?product=ocet-balsamiczny-modena-z-aromatem-truflowym-100ml","title":{"rendered":"Ocet balsamiczny modena z aromatem truflowym 100ml"},"content":{"rendered":"<p><span style=\"color: #323232; font-family: Tahoma;\">Ciekawa przyprawa, kt\u00f3ra gromadzi niezr\u00f3wnany smak octu balsamicznego Modena z cenn\u0105 trufl\u0105. S\u0142u\u017cy do przyprawienia sa\u0142atek, grilowanego mi\u0119sa lub ryb, ser\u00f3w, owoc\u00f3w, lod\u00f3w i deser\u00f3w<\/span><\/p>\n","protected":false},"excerpt":{"rendered":"<p><span style=\"color: #323232; font-family: Tahoma;\">Ciekawa przyprawa, kt\u00f3ra gromadzi niezr\u00f3wnany smak octu balsamicznego Modena z cenn\u0105 trufl\u0105. S\u0142u\u017cy do przyprawienia sa\u0142atek, grilowanego mi\u0119sa lub ryb, ser\u00f3w, owoc\u00f3w, lod\u00f3w i deser\u00f3w<\/span><\/p>\n","protected":false},"featured_media":14759,"comment_status":"open","ping_status":"closed","template":"","meta":[],"product_cat":[173,238],"product_tag":[],"class_list":{"0":"post-14760","1":"product","2":"type-product","3":"status-publish","4":"has-post-thumbnail","6":"product_cat-artykuly-delikatesowe","7":"product_cat-produkty-z-trufli","9":"first","10":"instock","11":"shipping-taxable","12":"purchasable","13":"product-type-simple"},"_links":{"self":[{"href":"http:\/\/delikatesy.wineport.pl\/index.php?rest_route=\/wp\/v2\/product\/14760","targetHints":{"allow":["GET"]}}],"collection":[{"href":"http:\/\/delikatesy.wineport.pl\/index.php?rest_route=\/wp\/v2\/product"}],"about":[{"href":"http:\/\/delikatesy.wineport.pl\/index.php?rest_route=\/wp\/v2\/types\/product"}],"replies":[{"embeddable":true,"href":"http:\/\/delikatesy.wineport.pl\/index.php?rest_route=%2Fwp%2Fv2%2Fcomments&post=14760"}],"wp:featuredmedia":[{"embeddable":true,"href":"http:\/\/delikatesy.wineport.pl\/index.php?rest_route=\/wp\/v2\/media\/14759"}],"wp:attachment":[{"href":"http:\/\/delikatesy.wineport.pl\/index.php?rest_route=%2Fwp%2Fv2%2Fmedia&parent=14760"}],"wp:term":[{"taxonomy":"product_cat","embeddable":true,"href":"http:\/\/delikatesy.wineport.pl\/index.php?rest_route=%2Fwp%2Fv2%2Fproduct_cat&post=14760"},{"taxonomy":"product_tag","embeddable":true,"href":"http:\/\/delikatesy.wineport.pl\/index.php?rest_route=%2Fwp%2Fv2%2Fproduct_tag&post=14760"}],"curies":[{"name":"wp","href":"https:\/\/api.w.org\/{rel}","templated":true}]}}