{"id":14960,"date":"2024-03-14T14:10:44","date_gmt":"2024-03-14T13:10:44","guid":{"rendered":"http:\/\/delikatesy.wineport.pl\/?product=the-irishman-single-malt"},"modified":"2026-05-10T19:22:10","modified_gmt":"2026-05-10T17:22:10","slug":"the-irishman-single-malt","status":"publish","type":"product","link":"http:\/\/delikatesy.wineport.pl\/?product=the-irishman-single-malt","title":{"rendered":"The Irishman Single Malt"},"content":{"rendered":"<p>\u00a0<\/p>\n<p><span style=\"color: #ff0000; font-size: 16px; font-family: arial, helvetica, sans-serif;\">UWAGA!!! NIE WYSY\u0141AMY ALKOHOLU W PRZYPADKU ZAM\u00d3WIE\u0143 OD OS\u00d3B PRYWATNYCH, TYLKO ODBI\u00d3R OSOBISTY NA UL. \u015aW. STANIS\u0141AWA 12 W WARSZAWIE!!! W przypadku op\u0142acenia zam\u00f3wienia alkoholu z wysy\u0142k\u0105, przy zwrocie pieni\u0119dzy zostanie potr\u0105cona prowizja\u00a0DOTPAY!<\/span><\/p>\n<p>\u00a0<\/p>\n<p><span style=\"color: #ff0000; font-size: 16px; font-family: arial, helvetica, sans-serif;\">\u00a0<\/span><\/p>\n<p><span style=\"font-family: Helvetica, Tahoma, sans-serif;\">Jest jednym z ciekawszych dost\u0119pnych na rynku potr\u00f3jnie destylowanych irlandzkich single malt\u00f3w. Zosta\u0142 skomponowany z destylat\u00f3w, kt\u00f3re dojrzewa\u0142y w beczkach po bourbonie i beczkach po sherry Oloroso. Ka\u017cdy rozlew limitowany jest do maksymalnie 6000 butelek. Ka\u017cda butelka zawiera numer rozlewu (tzw. batch number) To lekka i g\u0142adka whiskey. W nosie aromaty dojrza\u0142ych owoc\u00f3w, soczyste brzoskwinie, suszone morele i owoce tropikalne, z nutami kwiatu pomara\u0144czy i waniliowych kr\u00f3wek. W ustach waniliowa s\u0142odycz, imbir, cynamon, morele, herbatniki i d\u0119bina. Finisz dosy\u0107 d\u0142ugi, lekko s\u0142odowy ze s\u0142odkimi akcentami d\u0119biny.<\/span><\/p>\n","protected":false},"excerpt":{"rendered":"<p><span style=\"font-family: Helvetica, Tahoma, sans-serif;\">Jest jednym z ciekawszych dost\u0119pnych na rynku potr\u00f3jnie destylowanych irlandzkich single malt\u00f3w. Zosta\u0142 skomponowany z destylat\u00f3w, kt\u00f3re dojrzewa\u0142y w beczkach po bourbonie i beczkach po sherry Oloroso. Ka\u017cdy rozlew limitowany jest do maksymalnie 6000 butelek. Ka\u017cda butelka zawiera numer rozlewu (tzw. batch number) To lekka i g\u0142adka whiskey. W nosie aromaty dojrza\u0142ych owoc\u00f3w, soczyste brzoskwinie, suszone morele i owoce tropikalne, z nutami kwiatu pomara\u0144czy i waniliowych kr\u00f3wek. W ustach waniliowa s\u0142odycz, imbir, cynamon, morele, herbatniki i d\u0119bina. Finisz dosy\u0107 d\u0142ugi, lekko s\u0142odowy ze s\u0142odkimi akcentami d\u0119biny.<\/span><\/p>\n","protected":false},"featured_media":14959,"comment_status":"open","ping_status":"closed","template":"","meta":[],"product_cat":[142,193,143],"product_tag":[],"class_list":{"0":"post-14960","1":"product","2":"type-product","3":"status-publish","4":"has-post-thumbnail","6":"product_cat-alkohole-mocne","7":"product_cat-irlandia","8":"product_cat-whisky","10":"first","11":"instock","12":"shipping-taxable","13":"purchasable","14":"product-type-simple"},"_links":{"self":[{"href":"http:\/\/delikatesy.wineport.pl\/index.php?rest_route=\/wp\/v2\/product\/14960","targetHints":{"allow":["GET"]}}],"collection":[{"href":"http:\/\/delikatesy.wineport.pl\/index.php?rest_route=\/wp\/v2\/product"}],"about":[{"href":"http:\/\/delikatesy.wineport.pl\/index.php?rest_route=\/wp\/v2\/types\/product"}],"replies":[{"embeddable":true,"href":"http:\/\/delikatesy.wineport.pl\/index.php?rest_route=%2Fwp%2Fv2%2Fcomments&post=14960"}],"wp:featuredmedia":[{"embeddable":true,"href":"http:\/\/delikatesy.wineport.pl\/index.php?rest_route=\/wp\/v2\/media\/14959"}],"wp:attachment":[{"href":"http:\/\/delikatesy.wineport.pl\/index.php?rest_route=%2Fwp%2Fv2%2Fmedia&parent=14960"}],"wp:term":[{"taxonomy":"product_cat","embeddable":true,"href":"http:\/\/delikatesy.wineport.pl\/index.php?rest_route=%2Fwp%2Fv2%2Fproduct_cat&post=14960"},{"taxonomy":"product_tag","embeddable":true,"href":"http:\/\/delikatesy.wineport.pl\/index.php?rest_route=%2Fwp%2Fv2%2Fproduct_tag&post=14960"}],"curies":[{"name":"wp","href":"https:\/\/api.w.org\/{rel}","templated":true}]}}