{"id":14968,"date":"2024-03-14T14:10:45","date_gmt":"2024-03-14T13:10:45","guid":{"rendered":"http:\/\/delikatesy.wineport.pl\/?product=writers-tears-red-head"},"modified":"2026-05-10T19:22:12","modified_gmt":"2026-05-10T17:22:12","slug":"writers-tears-red-head","status":"publish","type":"product","link":"http:\/\/delikatesy.wineport.pl\/?product=writers-tears-red-head","title":{"rendered":"Writers Tears Red Head"},"content":{"rendered":"<div class=\"c-product__details c-text\" style=\"font-size: 1.4rem;\">\n<p><span style=\"color: #ff0000; font-size: 16px; font-family: arial, helvetica, sans-serif;\">UWAGA!!! NIE WYSY\u0141AMY ALKOHOLU W PRZYPADKU ZAM\u00d3WIE\u0143 OD OS\u00d3B PRYWATNYCH, TYLKO ODBI\u00d3R OSOBISTY NA UL. \u015aW. STANIS\u0141AWA 12 W WARSZAWIE!!! W przypadku op\u0142acenia zam\u00f3wienia alkoholu z wysy\u0142k\u0105, przy zwrocie pieni\u0119dzy zostanie potr\u0105cona prowizja\u00a0DOTPAY!<\/span><\/p>\n<p><span style=\"color: #ff0000; font-size: 16px; font-family: arial, helvetica, sans-serif;\">\u00a0<\/span><\/p>\n<p><span class=\"h-nowrap\">Kraj: Irlandia<\/span>\u00a0<span class=\"h-nowrap\">Producent:\u00a0The Irishman\u00a0<\/span>\u00a0<span class=\"h-nowrap\">Poj.: 0.7<\/span>\u00a0<span class=\"h-nowrap\">Zaw. Alk. %: 46.0<\/span><\/p>\n<\/p><\/div>\n<div class=\"c-product__desc c-text c-text--lh\" style=\"font-size: 1.4rem;\">\n<p>Red Head to trzykrotnie destylowana irlandzka whiskey single malt, kt\u00f3ra dojrzewa\u0142a w wyselekcjonowanych beczkach po sherry Oloroso. Butelkowana w naturalnym kolorze i bez filtracji na zimno. Pi\u0119kna g\u0142\u0119boka barwa z rubinowymi refleksami. W nosie aromaty sk\u00f3rki pomara\u0144czowej, suszonych owoc\u00f3w i \u015bliwek. W ustach orzechy, rodzynki, przyprawy, d\u0119bina. Finisz d\u0142ugi i z\u0142o\u017cony z wyra\u017anie wyczuwaln\u0105 pomara\u0144cz\u0105.<\/p>\n<\/p><\/div>\n","protected":false},"excerpt":{"rendered":"<div class=\"c-product__details c-text\" style=\"font-size: 1.4rem;\">\n<p><span class=\"h-nowrap\">Kraj: Irlandia<\/span>\u00a0<span class=\"h-nowrap\">Producent:\u00a0The Irishman\u00a0<\/span>\u00a0<span class=\"h-nowrap\">Poj.: 0.7<\/span>\u00a0<span class=\"h-nowrap\">Zaw. Alk. %: 46.0<\/span><\/p>\n<\/p><\/div>\n<div class=\"c-product__desc c-text c-text--lh\" style=\"font-size: 1.4rem;\">\n<p>Red Head to trzykrotnie destylowana irlandzka whiskey single malt, kt\u00f3ra dojrzewa\u0142a w wyselekcjonowanych beczkach po sherry Oloroso. Butelkowana w naturalnym kolorze i bez filtracji na zimno. Pi\u0119kna g\u0142\u0119boka barwa z rubinowymi refleksami. W nosie aromaty sk\u00f3rki pomara\u0144czowej, suszonych owoc\u00f3w i \u015bliwek. W ustach orzechy, rodzynki, przyprawy, d\u0119bina. Finisz d\u0142ugi i z\u0142o\u017cony z wyra\u017anie wyczuwaln\u0105 pomara\u0144cz\u0105.<\/p>\n<\/p><\/div>\n","protected":false},"featured_media":14967,"comment_status":"open","ping_status":"closed","template":"","meta":[],"product_cat":[142,193,143],"product_tag":[],"class_list":{"0":"post-14968","1":"product","2":"type-product","3":"status-publish","4":"has-post-thumbnail","6":"product_cat-alkohole-mocne","7":"product_cat-irlandia","8":"product_cat-whisky","10":"first","11":"instock","12":"shipping-taxable","13":"purchasable","14":"product-type-simple"},"_links":{"self":[{"href":"http:\/\/delikatesy.wineport.pl\/index.php?rest_route=\/wp\/v2\/product\/14968","targetHints":{"allow":["GET"]}}],"collection":[{"href":"http:\/\/delikatesy.wineport.pl\/index.php?rest_route=\/wp\/v2\/product"}],"about":[{"href":"http:\/\/delikatesy.wineport.pl\/index.php?rest_route=\/wp\/v2\/types\/product"}],"replies":[{"embeddable":true,"href":"http:\/\/delikatesy.wineport.pl\/index.php?rest_route=%2Fwp%2Fv2%2Fcomments&post=14968"}],"wp:featuredmedia":[{"embeddable":true,"href":"http:\/\/delikatesy.wineport.pl\/index.php?rest_route=\/wp\/v2\/media\/14967"}],"wp:attachment":[{"href":"http:\/\/delikatesy.wineport.pl\/index.php?rest_route=%2Fwp%2Fv2%2Fmedia&parent=14968"}],"wp:term":[{"taxonomy":"product_cat","embeddable":true,"href":"http:\/\/delikatesy.wineport.pl\/index.php?rest_route=%2Fwp%2Fv2%2Fproduct_cat&post=14968"},{"taxonomy":"product_tag","embeddable":true,"href":"http:\/\/delikatesy.wineport.pl\/index.php?rest_route=%2Fwp%2Fv2%2Fproduct_tag&post=14968"}],"curies":[{"name":"wp","href":"https:\/\/api.w.org\/{rel}","templated":true}]}}