{"id":15010,"date":"2024-03-14T14:10:54","date_gmt":"2024-03-14T13:10:54","guid":{"rendered":"http:\/\/delikatesy.wineport.pl\/?product=glendronach-12-yo"},"modified":"2026-05-10T19:23:00","modified_gmt":"2026-05-10T17:23:00","slug":"glendronach-12-yo","status":"publish","type":"product","link":"http:\/\/delikatesy.wineport.pl\/?product=glendronach-12-yo","title":{"rendered":"Glendronach 12 YO"},"content":{"rendered":"<div class=\"c-product__details c-text\" style=\"font-size: 1.4rem; font-family: Helvetica, Tahoma, sans-serif;\">\n<p><span style=\"color: #ff0000; font-size: 16px; font-family: arial, helvetica, sans-serif;\">UWAGA!!! NIE WYSY\u0141AMY ALKOHOLU W PRZYPADKU ZAM\u00d3WIE\u0143 OD OS\u00d3B PRYWATNYCH, TYLKO ODBI\u00d3R OSOBISTY NA UL. \u015aW. STANIS\u0141AWA 12 W WARSZAWIE!!! W przypadku op\u0142acenia zam\u00f3wienia alkoholu z wysy\u0142k\u0105, przy zwrocie pieni\u0119dzy zostanie potr\u0105cona prowizja\u00a0DOTPAY!<\/span><\/p>\n<p><span style=\"color: #ff0000; font-size: 16px; font-family: arial, helvetica, sans-serif;\">\u00a0<\/span><\/p>\n<p><span class=\"h-nowrap\">Kraj: Szkocja<\/span>\u00a0<span class=\"h-nowrap\">Region: Highland<\/span>\u00a0<span class=\"h-nowrap\">Producent: Brown Forman\u00a0<\/span>\u00a0<span class=\"h-nowrap\">Poj.: 0.7<\/span>\u00a0<span class=\"h-nowrap\">Zaw. Alk. %: 40.0<\/span><\/p>\n<\/p><\/div>\n<div class=\"c-product__desc c-text c-text--lh\" style=\"font-size: 1.4rem; font-family: Helvetica, Tahoma, sans-serif;\">\n<p>Wyj\u0105tkowa single malt whisky stworzona w stylu tzw. \u201eRichly Sherried Style\u201d. Dojrzewa\u0142a przez minimum 12 lat w beczkach po sherry Oloroso i Pedro Ximenez. Nie jest filtrowana na zimno ani barwiona karmelem. Urzeka bogactwem smak\u00f3w i aromat\u00f3w. W nosie wyczuwamy typowe dla sherry aromaty suszonych owoc\u00f3w, \u015bwi\u0105tecznego keksu, rodzynek, wanilii, \u015bliwkowej marmolady, czekolady z nutami imbiru i cynamonu. W ustach rozwijaj\u0105 si\u0119 s\u0142odkie smaki sherry, rodzynek, suszonych \u015bliwek, ciemnej czekolady z akcentami d\u0119biny i korzennych przypraw. Bogata i g\u0142adka whisky, kremowa z lekko pikantnym, d\u0142ugim finiszem.<\/p>\n<\/p><\/div>\n","protected":false},"excerpt":{"rendered":"<div class=\"c-product__details c-text\" style=\"font-size: 1.4rem; font-family: Helvetica, Tahoma, sans-serif;\">\n<p><span class=\"h-nowrap\">Kraj: Szkocja<\/span>\u00a0<span class=\"h-nowrap\">Region: Highland<\/span>\u00a0<span class=\"h-nowrap\">Producent: Brown Forman\u00a0<\/span>\u00a0<span class=\"h-nowrap\">Poj.: 0.7<\/span>\u00a0<span class=\"h-nowrap\">Zaw. Alk. %: 40.0<\/span><\/p>\n<\/p><\/div>\n<div class=\"c-product__desc c-text c-text--lh\" style=\"font-size: 1.4rem; font-family: Helvetica, Tahoma, sans-serif;\">\n<p>Wyj\u0105tkowa single malt whisky stworzona w stylu tzw. \u201eRichly Sherried Style\u201d. Dojrzewa\u0142a przez minimum 12 lat w beczkach po sherry Oloroso i Pedro Ximenez. Nie jest filtrowana na zimno ani barwiona karmelem. Urzeka bogactwem smak\u00f3w i aromat\u00f3w. W nosie wyczuwamy typowe dla sherry aromaty suszonych owoc\u00f3w, \u015bwi\u0105tecznego keksu, rodzynek, wanilii, \u015bliwkowej marmolady, czekolady z nutami imbiru i cynamonu. W ustach rozwijaj\u0105 si\u0119 s\u0142odkie smaki sherry, rodzynek, suszonych \u015bliwek, ciemnej czekolady z akcentami d\u0119biny i korzennych przypraw. Bogata i g\u0142adka whisky, kremowa z lekko pikantnym, d\u0142ugim finiszem.<\/p>\n<\/p><\/div>\n","protected":false},"featured_media":15009,"comment_status":"open","ping_status":"closed","template":"","meta":[],"product_cat":[142,154,143],"product_tag":[],"class_list":{"0":"post-15010","1":"product","2":"type-product","3":"status-publish","4":"has-post-thumbnail","6":"product_cat-alkohole-mocne","7":"product_cat-szkocja","8":"product_cat-whisky","10":"first","11":"instock","12":"shipping-taxable","13":"purchasable","14":"product-type-simple"},"_links":{"self":[{"href":"http:\/\/delikatesy.wineport.pl\/index.php?rest_route=\/wp\/v2\/product\/15010","targetHints":{"allow":["GET"]}}],"collection":[{"href":"http:\/\/delikatesy.wineport.pl\/index.php?rest_route=\/wp\/v2\/product"}],"about":[{"href":"http:\/\/delikatesy.wineport.pl\/index.php?rest_route=\/wp\/v2\/types\/product"}],"replies":[{"embeddable":true,"href":"http:\/\/delikatesy.wineport.pl\/index.php?rest_route=%2Fwp%2Fv2%2Fcomments&post=15010"}],"wp:featuredmedia":[{"embeddable":true,"href":"http:\/\/delikatesy.wineport.pl\/index.php?rest_route=\/wp\/v2\/media\/15009"}],"wp:attachment":[{"href":"http:\/\/delikatesy.wineport.pl\/index.php?rest_route=%2Fwp%2Fv2%2Fmedia&parent=15010"}],"wp:term":[{"taxonomy":"product_cat","embeddable":true,"href":"http:\/\/delikatesy.wineport.pl\/index.php?rest_route=%2Fwp%2Fv2%2Fproduct_cat&post=15010"},{"taxonomy":"product_tag","embeddable":true,"href":"http:\/\/delikatesy.wineport.pl\/index.php?rest_route=%2Fwp%2Fv2%2Fproduct_tag&post=15010"}],"curies":[{"name":"wp","href":"https:\/\/api.w.org\/{rel}","templated":true}]}}