{"id":15030,"date":"2024-03-14T14:10:58","date_gmt":"2024-03-14T13:10:58","guid":{"rendered":"http:\/\/delikatesy.wineport.pl\/?product=glenglassaugh-torfa-peated-kartonik"},"modified":"2026-05-10T19:23:05","modified_gmt":"2026-05-10T17:23:05","slug":"glenglassaugh-torfa-peated-kartonik","status":"publish","type":"product","link":"http:\/\/delikatesy.wineport.pl\/?product=glenglassaugh-torfa-peated-kartonik","title":{"rendered":"Glenglassaugh Torfa Peated Kartonik"},"content":{"rendered":"<div class=\"c-product__details c-text\" style=\"font-size: 1.4rem; font-family: Helvetica, Tahoma, sans-serif;\">\n<p><span style=\"color: #ff0000; font-size: 16px; font-family: arial, helvetica, sans-serif;\">UWAGA!!! NIE WYSY\u0141AMY ALKOHOLU W PRZYPADKU ZAM\u00d3WIE\u0143 OD OS\u00d3B PRYWATNYCH, TYLKO ODBI\u00d3R OSOBISTY NA UL. \u015aW. STANIS\u0141AWA 12 W WARSZAWIE!!! W przypadku op\u0142acenia zam\u00f3wienia alkoholu z wysy\u0142k\u0105, przy zwrocie pieni\u0119dzy zostanie potr\u0105cona prowizja\u00a0DOTPAY!<\/span><\/p>\n<p><span style=\"color: #ff0000; font-size: 16px; font-family: arial, helvetica, sans-serif;\">\u00a0<\/span><\/p>\n<p><span class=\"h-nowrap\">Kraj: Szkocja<\/span>\u00a0<span class=\"h-nowrap\">Region: Highland<\/span>\u00a0<span class=\"h-nowrap\">Producent: Brown Forman\u00a0<\/span>\u00a0<span class=\"h-nowrap\">Poj.: 0.7<\/span>\u00a0<span class=\"h-nowrap\">Zaw. Alk. %: 50.0<\/span><\/p>\n<\/p><\/div>\n<div class=\"c-product__desc c-text c-text--lh\" style=\"font-size: 1.4rem; font-family: Helvetica, Tahoma, sans-serif;\">\n<p>Bardzo interesuj\u0105ca edycja torfowej whisky z destylarni Glenglassaugh. Do jej wyprodukowania pos\u0142u\u017cy\u0142 s\u0142\u00f3d j\u0119czmienny tradycyjnie suszony torfowym dymem. Glenglassaugh Torfa ma unikalny, dymny aromat bardzo odmienny od typowych whisky z regionu Highland. Charakteryzuje si\u0119 l\u015bni\u0105c\u0105, z\u0142ot\u0105 barw\u0105, aromatami s\u0142odkiego torfu, morskiej bryzy i sk\u00f3rki cytrynowej z odrobin\u0105 d\u017cemu morelowego, imbiru i czarnego pieprzu. W smaku odnajdujemy kandyzowanego melona i ananasa, pieczone jab\u0142ka, ciasteczka owsiane, troch\u0119 wrzosowego miodu, a wszystko to zanurzone w s\u0142odkim torfie.<\/p>\n<\/p><\/div>\n","protected":false},"excerpt":{"rendered":"<div class=\"c-product__details c-text\" style=\"font-size: 1.4rem; font-family: Helvetica, Tahoma, sans-serif;\">\n<p><span class=\"h-nowrap\">Kraj: Szkocja<\/span>\u00a0<span class=\"h-nowrap\">Region: Highland<\/span>\u00a0<span class=\"h-nowrap\">Producent: Brown Forman\u00a0<\/span>\u00a0<span class=\"h-nowrap\">Poj.: 0.7<\/span>\u00a0<span class=\"h-nowrap\">Zaw. Alk. %: 50.0<\/span><\/p>\n<\/p><\/div>\n<div class=\"c-product__desc c-text c-text--lh\" style=\"font-size: 1.4rem; font-family: Helvetica, Tahoma, sans-serif;\">\n<p>Bardzo interesuj\u0105ca edycja torfowej whisky z destylarni Glenglassaugh. Do jej wyprodukowania pos\u0142u\u017cy\u0142 s\u0142\u00f3d j\u0119czmienny tradycyjnie suszony torfowym dymem. Glenglassaugh Torfa ma unikalny, dymny aromat bardzo odmienny od typowych whisky z regionu Highland. Charakteryzuje si\u0119 l\u015bni\u0105c\u0105, z\u0142ot\u0105 barw\u0105, aromatami s\u0142odkiego torfu, morskiej bryzy i sk\u00f3rki cytrynowej z odrobin\u0105 d\u017cemu morelowego, imbiru i czarnego pieprzu. W smaku odnajdujemy kandyzowanego melona i ananasa, pieczone jab\u0142ka, ciasteczka owsiane, troch\u0119 wrzosowego miodu, a wszystko to zanurzone w s\u0142odkim torfie.<\/p>\n<\/p><\/div>\n","protected":false},"featured_media":15029,"comment_status":"open","ping_status":"closed","template":"","meta":[],"product_cat":[142,154,143],"product_tag":[],"class_list":{"0":"post-15030","1":"product","2":"type-product","3":"status-publish","4":"has-post-thumbnail","6":"product_cat-alkohole-mocne","7":"product_cat-szkocja","8":"product_cat-whisky","10":"first","11":"instock","12":"shipping-taxable","13":"purchasable","14":"product-type-simple"},"_links":{"self":[{"href":"http:\/\/delikatesy.wineport.pl\/index.php?rest_route=\/wp\/v2\/product\/15030","targetHints":{"allow":["GET"]}}],"collection":[{"href":"http:\/\/delikatesy.wineport.pl\/index.php?rest_route=\/wp\/v2\/product"}],"about":[{"href":"http:\/\/delikatesy.wineport.pl\/index.php?rest_route=\/wp\/v2\/types\/product"}],"replies":[{"embeddable":true,"href":"http:\/\/delikatesy.wineport.pl\/index.php?rest_route=%2Fwp%2Fv2%2Fcomments&post=15030"}],"wp:featuredmedia":[{"embeddable":true,"href":"http:\/\/delikatesy.wineport.pl\/index.php?rest_route=\/wp\/v2\/media\/15029"}],"wp:attachment":[{"href":"http:\/\/delikatesy.wineport.pl\/index.php?rest_route=%2Fwp%2Fv2%2Fmedia&parent=15030"}],"wp:term":[{"taxonomy":"product_cat","embeddable":true,"href":"http:\/\/delikatesy.wineport.pl\/index.php?rest_route=%2Fwp%2Fv2%2Fproduct_cat&post=15030"},{"taxonomy":"product_tag","embeddable":true,"href":"http:\/\/delikatesy.wineport.pl\/index.php?rest_route=%2Fwp%2Fv2%2Fproduct_tag&post=15030"}],"curies":[{"name":"wp","href":"https:\/\/api.w.org\/{rel}","templated":true}]}}