{"id":15052,"date":"2024-03-14T14:11:01","date_gmt":"2024-03-14T13:11:01","guid":{"rendered":"http:\/\/delikatesy.wineport.pl\/?product=loch-lomond-2006-cask-199"},"modified":"2026-05-17T21:32:08","modified_gmt":"2026-05-17T19:32:08","slug":"loch-lomond-2006-cask-199","status":"publish","type":"product","link":"http:\/\/delikatesy.wineport.pl\/?product=loch-lomond-2006-cask-199","title":{"rendered":"Loch Lomond 2006 Cask 199"},"content":{"rendered":"<div class=\"c-product__details c-text\" style=\"font-size: 1.4rem; font-family: Helvetica, Tahoma, sans-serif;\">\n<p><span class=\"h-nowrap\">Kraj: Szkocja<\/span>\u00a0<span class=\"h-nowrap\">Producent:\u00a0<a href=\"https:\/\/wina-mp.pl\/producent\/loch-lomond-glen-scotia\">Loch Lomond \/ Glen Scotia<\/a>\u00a0<\/span>\u00a0<span class=\"h-nowrap\">Poj.: 0.7<\/span>\u00a0<span class=\"h-nowrap\">Zaw. Alk. %: 57.4<\/span><\/p>\n<\/p><\/div>\n<div class=\"c-product__desc c-text c-text--lh\" style=\"font-size: 1.4rem; font-family: Helvetica, Tahoma, sans-serif;\">\n<p>Torfowa whisky single cask z destylarni Loch Lomond, wydestylowana w marcu 2006 roku i zabutelkowana w marcu 2017 roku specjalnie na zam\u00f3wienie firmy M&amp;P. Whisky dojrzewa\u0142a w beczce nr 199 typu hogshead wykonanej z ameryka\u0144skiego d\u0119bu. Rozlana zosta\u0142\u0105 do 234 butelek. Dominuj\u0105 intensywne aromaty i smaki torfowego dymu w po\u0142\u0105czeniu z nutami sk\u00f3rki cytryny, s\u0142odkiego j\u0119czmienia, imbiru i cynamonu.<\/p>\n<\/p><\/div>\n","protected":false},"excerpt":{"rendered":"<div class=\"c-product__details c-text\" style=\"font-size: 1.4rem; font-family: Helvetica, Tahoma, sans-serif;\">\n<p><span class=\"h-nowrap\">Kraj: Szkocja<\/span>\u00a0<span class=\"h-nowrap\">Producent:\u00a0<a href=\"https:\/\/wina-mp.pl\/producent\/loch-lomond-glen-scotia\">Loch Lomond \/ Glen Scotia<\/a>\u00a0<\/span>\u00a0<span class=\"h-nowrap\">Poj.: 0.7<\/span>\u00a0<span class=\"h-nowrap\">Zaw. Alk. %: 57.4<\/span><\/p>\n<\/p><\/div>\n<div class=\"c-product__desc c-text c-text--lh\" style=\"font-size: 1.4rem; font-family: Helvetica, Tahoma, sans-serif;\">\n<p>Torfowa whisky single cask z destylarni Loch Lomond, wydestylowana w marcu 2006 roku i zabutelkowana w marcu 2017 roku specjalnie na zam\u00f3wienie firmy M&amp;P. Whisky dojrzewa\u0142a w beczce nr 199 typu hogshead wykonanej z ameryka\u0144skiego d\u0119bu. Rozlana zosta\u0142\u0105 do 234 butelek. Dominuj\u0105 intensywne aromaty i smaki torfowego dymu w po\u0142\u0105czeniu z nutami sk\u00f3rki cytryny, s\u0142odkiego j\u0119czmienia, imbiru i cynamonu.<\/p>\n<\/p><\/div>\n","protected":false},"featured_media":15051,"comment_status":"open","ping_status":"closed","template":"","meta":[],"product_cat":[142,154,143],"product_tag":[],"class_list":{"0":"post-15052","1":"product","2":"type-product","3":"status-publish","4":"has-post-thumbnail","6":"product_cat-alkohole-mocne","7":"product_cat-szkocja","8":"product_cat-whisky","10":"first","11":"instock","12":"shipping-taxable","13":"purchasable","14":"product-type-simple"},"_links":{"self":[{"href":"http:\/\/delikatesy.wineport.pl\/index.php?rest_route=\/wp\/v2\/product\/15052","targetHints":{"allow":["GET"]}}],"collection":[{"href":"http:\/\/delikatesy.wineport.pl\/index.php?rest_route=\/wp\/v2\/product"}],"about":[{"href":"http:\/\/delikatesy.wineport.pl\/index.php?rest_route=\/wp\/v2\/types\/product"}],"replies":[{"embeddable":true,"href":"http:\/\/delikatesy.wineport.pl\/index.php?rest_route=%2Fwp%2Fv2%2Fcomments&post=15052"}],"wp:featuredmedia":[{"embeddable":true,"href":"http:\/\/delikatesy.wineport.pl\/index.php?rest_route=\/wp\/v2\/media\/15051"}],"wp:attachment":[{"href":"http:\/\/delikatesy.wineport.pl\/index.php?rest_route=%2Fwp%2Fv2%2Fmedia&parent=15052"}],"wp:term":[{"taxonomy":"product_cat","embeddable":true,"href":"http:\/\/delikatesy.wineport.pl\/index.php?rest_route=%2Fwp%2Fv2%2Fproduct_cat&post=15052"},{"taxonomy":"product_tag","embeddable":true,"href":"http:\/\/delikatesy.wineport.pl\/index.php?rest_route=%2Fwp%2Fv2%2Fproduct_tag&post=15052"}],"curies":[{"name":"wp","href":"https:\/\/api.w.org\/{rel}","templated":true}]}}