{"id":15094,"date":"2024-03-14T14:11:10","date_gmt":"2024-03-14T13:11:10","guid":{"rendered":"http:\/\/delikatesy.wineport.pl\/?product=wild-tiger-spiced-rum"},"modified":"2026-05-10T19:24:05","modified_gmt":"2026-05-10T17:24:05","slug":"wild-tiger-spiced-rum","status":"publish","type":"product","link":"http:\/\/delikatesy.wineport.pl\/?product=wild-tiger-spiced-rum","title":{"rendered":"Wild Tiger Spiced Rum"},"content":{"rendered":"<div class=\"c-product__details c-text\" style=\"font-size: 1.4rem; font-family: Helvetica, Tahoma, sans-serif;\">\n<p><span style=\"color: #ff0000; font-size: 16px; font-family: arial, helvetica, sans-serif;\">UWAGA!!! NIE WYSY\u0141AMY ALKOHOLU W PRZYPADKU ZAM\u00d3WIE\u0143 OD OS\u00d3B PRYWATNYCH, TYLKO ODBI\u00d3R OSOBISTY NA UL. \u015aW. STANIS\u0141AWA 12 W WARSZAWIE!!! W przypadku op\u0142acenia zam\u00f3wienia alkoholu z wysy\u0142k\u0105, przy zwrocie pieni\u0119dzy zostanie potr\u0105cona prowizja\u00a0DOTPAY!<\/span><\/p>\n<p><span style=\"color: #ff0000; font-size: 16px; font-family: arial, helvetica, sans-serif;\">\u00a0<\/span><\/p>\n<p><span class=\"h-nowrap\">Kraj: Indie<\/span>\u00a0<span class=\"h-nowrap\">Producent:\u00a0<a href=\"https:\/\/wina-mp.pl\/producent\/wild-tiger\">Wild Tiger<\/a>\u00a0<\/span>\u00a0<span class=\"h-nowrap\">Poj.: 0.7<\/span>\u00a0<span class=\"h-nowrap\">Zaw. Alk. %: 38.0<\/span><\/p>\n<\/p><\/div>\n<div class=\"c-product__desc c-text c-text--lh\" style=\"font-size: 1.4rem; font-family: Helvetica, Tahoma, sans-serif;\">\n<p>Ten rum zabiera nas w podr\u00f3\u017c pe\u0142n\u0105 smak\u00f3w i aromat\u00f3w. Egzotyczne przyprawy dodawane s\u0105 na dw\u00f3ch etapach \u2013 do melasy trzciny cukrowej i razem destylowane oraz na drodze infuzji do wydestylowanego ju\u017c spirytusu. Rozcie\u0144czany nieskazitelnie czyst\u0105 wod\u0105 z rzeki Bharatapuzha. Ma przepi\u0119kn\u0105 miodowo-z\u0142ot\u0105 barw\u0119, wy\u0142\u0105cznie naturalne aromaty przypraw m.in. kardamonu, ga\u0142ki muszkato\u0142owej, cynamonu, lukrecji, imbiru, sk\u00f3rki cytrynowej, czarnego pieprzu i le\u015bnego miodu. W bukiecie tego rumu odnajdujemy r\u00f3wnie\u017c nuty \u015bwie\u017co koszonej trawy. W smaku intensywny, pe\u0142ny, \u015bwie\u017cy i intryguj\u0105cy bogactwem przypraw.<\/p>\n<\/p><\/div>\n","protected":false},"excerpt":{"rendered":"<div class=\"c-product__details c-text\" style=\"font-size: 1.4rem; font-family: Helvetica, Tahoma, sans-serif;\">\n<p><span class=\"h-nowrap\">Kraj: Indie<\/span>\u00a0<span class=\"h-nowrap\">Producent:\u00a0<a href=\"https:\/\/wina-mp.pl\/producent\/wild-tiger\">Wild Tiger<\/a>\u00a0<\/span>\u00a0<span class=\"h-nowrap\">Poj.: 0.7<\/span>\u00a0<span class=\"h-nowrap\">Zaw. Alk. %: 38.0<\/span><\/p>\n<\/p><\/div>\n<div class=\"c-product__desc c-text c-text--lh\" style=\"font-size: 1.4rem; font-family: Helvetica, Tahoma, sans-serif;\">\n<p>Ten rum zabiera nas w podr\u00f3\u017c pe\u0142n\u0105 smak\u00f3w i aromat\u00f3w. Egzotyczne przyprawy dodawane s\u0105 na dw\u00f3ch etapach \u2013 do melasy trzciny cukrowej i razem destylowane oraz na drodze infuzji do wydestylowanego ju\u017c spirytusu. Rozcie\u0144czany nieskazitelnie czyst\u0105 wod\u0105 z rzeki Bharatapuzha. Ma przepi\u0119kn\u0105 miodowo-z\u0142ot\u0105 barw\u0119, wy\u0142\u0105cznie naturalne aromaty przypraw m.in. kardamonu, ga\u0142ki muszkato\u0142owej, cynamonu, lukrecji, imbiru, sk\u00f3rki cytrynowej, czarnego pieprzu i le\u015bnego miodu. W bukiecie tego rumu odnajdujemy r\u00f3wnie\u017c nuty \u015bwie\u017co koszonej trawy. W smaku intensywny, pe\u0142ny, \u015bwie\u017cy i intryguj\u0105cy bogactwem przypraw.<\/p>\n<\/p><\/div>\n","protected":false},"featured_media":15093,"comment_status":"open","ping_status":"closed","template":"","meta":[],"product_cat":[142,200],"product_tag":[],"class_list":{"0":"post-15094","1":"product","2":"type-product","3":"status-publish","4":"has-post-thumbnail","6":"product_cat-alkohole-mocne","7":"product_cat-rum","9":"first","10":"instock","11":"shipping-taxable","12":"purchasable","13":"product-type-simple"},"_links":{"self":[{"href":"http:\/\/delikatesy.wineport.pl\/index.php?rest_route=\/wp\/v2\/product\/15094","targetHints":{"allow":["GET"]}}],"collection":[{"href":"http:\/\/delikatesy.wineport.pl\/index.php?rest_route=\/wp\/v2\/product"}],"about":[{"href":"http:\/\/delikatesy.wineport.pl\/index.php?rest_route=\/wp\/v2\/types\/product"}],"replies":[{"embeddable":true,"href":"http:\/\/delikatesy.wineport.pl\/index.php?rest_route=%2Fwp%2Fv2%2Fcomments&post=15094"}],"wp:featuredmedia":[{"embeddable":true,"href":"http:\/\/delikatesy.wineport.pl\/index.php?rest_route=\/wp\/v2\/media\/15093"}],"wp:attachment":[{"href":"http:\/\/delikatesy.wineport.pl\/index.php?rest_route=%2Fwp%2Fv2%2Fmedia&parent=15094"}],"wp:term":[{"taxonomy":"product_cat","embeddable":true,"href":"http:\/\/delikatesy.wineport.pl\/index.php?rest_route=%2Fwp%2Fv2%2Fproduct_cat&post=15094"},{"taxonomy":"product_tag","embeddable":true,"href":"http:\/\/delikatesy.wineport.pl\/index.php?rest_route=%2Fwp%2Fv2%2Fproduct_tag&post=15094"}],"curies":[{"name":"wp","href":"https:\/\/api.w.org\/{rel}","templated":true}]}}