{"id":15132,"date":"2024-03-14T14:11:19","date_gmt":"2024-03-14T13:11:19","guid":{"rendered":"http:\/\/delikatesy.wineport.pl\/?product=monte-alban-mezcal"},"modified":"2026-05-10T19:24:57","modified_gmt":"2026-05-10T17:24:57","slug":"monte-alban-mezcal","status":"publish","type":"product","link":"http:\/\/delikatesy.wineport.pl\/?product=monte-alban-mezcal","title":{"rendered":"Monte Alban Mezcal"},"content":{"rendered":"<div class=\"c-product__details c-text\" style=\"font-size: 1.4rem; font-family: Helvetica, Tahoma, sans-serif;\">\n<p><span style=\"color: #ff0000; font-size: 16px; font-family: arial, helvetica, sans-serif;\">UWAGA!!! NIE WYSY\u0141AMY ALKOHOLU W PRZYPADKU ZAM\u00d3WIE\u0143 OD OS\u00d3B PRYWATNYCH, TYLKO ODBI\u00d3R OSOBISTY NA UL. \u015aW. STANIS\u0141AWA 12 W WARSZAWIE!!! W przypadku op\u0142acenia zam\u00f3wienia alkoholu z wysy\u0142k\u0105, przy zwrocie pieni\u0119dzy zostanie potr\u0105cona prowizja\u00a0DOTPAY!<\/span><\/p>\n<p><span style=\"color: #ff0000; font-size: 16px; font-family: arial, helvetica, sans-serif;\">\u00a0<\/span><\/p>\n<p><span class=\"h-nowrap\">Kraj: Meksyk<\/span>\u00a0<span class=\"h-nowrap\">Producent:\u00a0<a href=\"https:\/\/wina-mp.pl\/producent\/sazerac\">Sazerac<\/a>\u00a0<\/span>\u00a0<span class=\"h-nowrap\">Poj.: 0.7<\/span>\u00a0<span class=\"h-nowrap\">Zaw. Alk. %: 40.0<\/span><\/p>\n<\/p><\/div>\n<div class=\"c-product__desc c-text c-text--lh\" style=\"font-size: 1.4rem; font-family: Helvetica, Tahoma, sans-serif;\">\n<p>Mezcal &#8211; narodowy destylat meksyka\u0144ski o lekko s\u0142omkowym kolorze wyprodukowany z ca\u0142ego rdzenia (pi?a) agawy zielonej. Monte Alban Mezcal to trunek z rodzaju \u201econ gusano\u201d &#8211; zawieraj\u0105cy larw\u0119 \u0107my z gatunku Hypopta Agavis \u017ceruj\u0105cej na agawie. Trunek, przez wzgl\u0105d na obecno\u015b\u0107 robaka idealny dla prawdziwych m\u0119\u017cczyzn, ale bior\u0105c pod uwag\u0119 jego walory aromatyczne i smakowe przypadnie do gustu r\u00f3wnie\u017c wi\u0119kszo\u015bci kobiet. B\u0142yszcz\u0105ca, z\u0142ota barwa. Aromaty pieczonej\/palonej agawy i grillowanego ananasa. W smaku mi\u0119kki pocz\u0105tek przechodz\u0105cy w nuty grillowanych owoc\u00f3w, \u015bliwek i lekkiej mineralno\u015bci. W finiszu wyczuwalny przypieczony ananas, bia\u0142y pieprz i s\u0142oma.<\/p>\n<\/p><\/div>\n","protected":false},"excerpt":{"rendered":"<div class=\"c-product__details c-text\" style=\"font-size: 1.4rem; font-family: Helvetica, Tahoma, sans-serif;\">\n<p><span class=\"h-nowrap\">Kraj: Meksyk<\/span>\u00a0<span class=\"h-nowrap\">Producent:\u00a0<a href=\"https:\/\/wina-mp.pl\/producent\/sazerac\">Sazerac<\/a>\u00a0<\/span>\u00a0<span class=\"h-nowrap\">Poj.: 0.7<\/span>\u00a0<span class=\"h-nowrap\">Zaw. Alk. %: 40.0<\/span><\/p>\n<\/p><\/div>\n<div class=\"c-product__desc c-text c-text--lh\" style=\"font-size: 1.4rem; font-family: Helvetica, Tahoma, sans-serif;\">\n<p>Mezcal &#8211; narodowy destylat meksyka\u0144ski o lekko s\u0142omkowym kolorze wyprodukowany z ca\u0142ego rdzenia (pi?a) agawy zielonej. Monte Alban Mezcal to trunek z rodzaju \u201econ gusano\u201d &#8211; zawieraj\u0105cy larw\u0119 \u0107my z gatunku Hypopta Agavis \u017ceruj\u0105cej na agawie. Trunek, przez wzgl\u0105d na obecno\u015b\u0107 robaka idealny dla prawdziwych m\u0119\u017cczyzn, ale bior\u0105c pod uwag\u0119 jego walory aromatyczne i smakowe przypadnie do gustu r\u00f3wnie\u017c wi\u0119kszo\u015bci kobiet. B\u0142yszcz\u0105ca, z\u0142ota barwa. Aromaty pieczonej\/palonej agawy i grillowanego ananasa. W smaku mi\u0119kki pocz\u0105tek przechodz\u0105cy w nuty grillowanych owoc\u00f3w, \u015bliwek i lekkiej mineralno\u015bci. W finiszu wyczuwalny przypieczony ananas, bia\u0142y pieprz i s\u0142oma.<\/p>\n<\/p><\/div>\n","protected":false},"featured_media":15131,"comment_status":"open","ping_status":"closed","template":"","meta":[],"product_cat":[142,195],"product_tag":[],"class_list":{"0":"post-15132","1":"product","2":"type-product","3":"status-publish","4":"has-post-thumbnail","6":"product_cat-alkohole-mocne","7":"product_cat-tequila","9":"first","10":"instock","11":"shipping-taxable","12":"purchasable","13":"product-type-simple"},"_links":{"self":[{"href":"http:\/\/delikatesy.wineport.pl\/index.php?rest_route=\/wp\/v2\/product\/15132","targetHints":{"allow":["GET"]}}],"collection":[{"href":"http:\/\/delikatesy.wineport.pl\/index.php?rest_route=\/wp\/v2\/product"}],"about":[{"href":"http:\/\/delikatesy.wineport.pl\/index.php?rest_route=\/wp\/v2\/types\/product"}],"replies":[{"embeddable":true,"href":"http:\/\/delikatesy.wineport.pl\/index.php?rest_route=%2Fwp%2Fv2%2Fcomments&post=15132"}],"wp:featuredmedia":[{"embeddable":true,"href":"http:\/\/delikatesy.wineport.pl\/index.php?rest_route=\/wp\/v2\/media\/15131"}],"wp:attachment":[{"href":"http:\/\/delikatesy.wineport.pl\/index.php?rest_route=%2Fwp%2Fv2%2Fmedia&parent=15132"}],"wp:term":[{"taxonomy":"product_cat","embeddable":true,"href":"http:\/\/delikatesy.wineport.pl\/index.php?rest_route=%2Fwp%2Fv2%2Fproduct_cat&post=15132"},{"taxonomy":"product_tag","embeddable":true,"href":"http:\/\/delikatesy.wineport.pl\/index.php?rest_route=%2Fwp%2Fv2%2Fproduct_tag&post=15132"}],"curies":[{"name":"wp","href":"https:\/\/api.w.org\/{rel}","templated":true}]}}