{"id":15390,"date":"2024-03-14T14:13:27","date_gmt":"2024-03-14T13:13:27","guid":{"rendered":"http:\/\/delikatesy.wineport.pl\/?product=syrop-malinowy-z-kwiatami-bzu-manufaktura-cielesnica"},"modified":"2026-05-10T19:29:16","modified_gmt":"2026-05-10T17:29:16","slug":"syrop-malinowy-z-kwiatami-bzu-manufaktura-cielesnica","status":"publish","type":"product","link":"http:\/\/delikatesy.wineport.pl\/?product=syrop-malinowy-z-kwiatami-bzu-manufaktura-cielesnica","title":{"rendered":"Syrop Malinowy z Kwiatami Bzu MANUFAKTURA CIELE\u015aNICA"},"content":{"rendered":"<p style=\"font-family: &quot;;\">Syrop Malinowy z Kwiatami Bzu \u2013 na miodzie \u2013 bez cukru &#8211;<\/p>\n<p style=\"font-family: &quot;;\">Dojrza\u0142e maliny, zebrane na s\u0142o\u0144cu w ciele\u015bnickim ogrodzie zamkni\u0119te w naturalnym syropie przywo\u0142uj\u0105 lato przez ca\u0142y rok.<\/p>\n<p style=\"font-family: &quot;;\">Wed\u0142ug literatury kwiaty czarnego bzu wspomaga naturaln\u0105 odporno\u015b\u0107 organizmu.<\/p>\n<p style=\"font-family: &quot;;\">Syrop szczeg\u00f3lnie polecamy w okresie jesienno-zimowym. Doskona\u0142y r\u00f3wnie\u017c jako dodatek do deser\u00f3w alkoholi i koktajli.<\/p>\n<p style=\"font-family: &quot;;\">Sk\u0142adniki: 70% sok t\u0142oczony z malin, 26% mi\u00f3d nektarowy wielokwiatowy, 4% napar z kwiat\u00f3w czarnego bzu, kwas askorbinowy (przeciwutleniacz)<\/p>\n<p style=\"font-family: &quot;;\">Minimalna pojemno\u015b\u0107 netto: 230ml<\/p>\n<p style=\"font-family: &quot;;\">Warto\u015b\u0107 od\u017cywcza 100g produktu: warto\u015b\u0107 energetyczna: 654kJ\/ 154kcal, t\u0142uszcz: 0g, w tym kwasy t\u0142uszczowe nasycone: 0g, w\u0119glowodany: 36g, w tym cukry: 35g, b\u0142onnik: 3,3g,<\/p>\n<p style=\"font-family: &quot;;\">bia\u0142ko: 0,8g, s\u00f3l: 0,08g.<\/p>\n<p style=\"font-family: &quot;;\">Smacznego!<\/p>\n<p style=\"font-family: &quot;;\">Produkt wytwarzany tradycyjnie.<\/p>\n<p>\u00a0<\/p>\n","protected":false},"excerpt":{"rendered":"<p>\u00a0<\/p>\n<p style=\"font-family: &quot;;\">Syrop Malinowy z Kwiatami Bzu \u2013 na miodzie \u2013 bez cukru &#8211;<\/p>\n<p style=\"font-family: &quot;;\">Dojrza\u0142e maliny, zebrane na s\u0142o\u0144cu w ciele\u015bnickim ogrodzie zamkni\u0119te w naturalnym syropie przywo\u0142uj\u0105 lato przez ca\u0142y rok.<\/p>\n<p style=\"font-family: &quot;;\">Wed\u0142ug literatury kwiaty czarnego bzu wspomaga naturaln\u0105 odporno\u015b\u0107 organizmu.<\/p>\n<p style=\"font-family: &quot;;\">Syrop szczeg\u00f3lnie polecamy w okresie jesienno-zimowym. Doskona\u0142y r\u00f3wnie\u017c jako dodatek do deser\u00f3w alkoholi i koktajli.<\/p>\n<p style=\"font-family: &quot;;\">Sk\u0142adniki: 70% sok t\u0142oczony z malin, 26% mi\u00f3d nektarowy wielokwiatowy, 4% napar z kwiat\u00f3w czarnego bzu, kwas askorbinowy (przeciwutleniacz)<\/p>\n<p style=\"font-family: &quot;;\">Minimalna pojemno\u015b\u0107 netto: 230ml<\/p>\n<p style=\"font-family: &quot;;\">Warto\u015b\u0107 od\u017cywcza 100g produktu: warto\u015b\u0107 energetyczna: 654kJ\/ 154kcal, t\u0142uszcz: 0g, w tym kwasy t\u0142uszczowe nasycone: 0g, w\u0119glowodany: 36g, w tym cukry: 35g, b\u0142onnik: 3,3g,<\/p>\n<p style=\"font-family: &quot;;\">bia\u0142ko: 0,8g, s\u00f3l: 0,08g.<\/p>\n<p style=\"font-family: &quot;;\">Smacznego!<\/p>\n<p style=\"font-family: &quot;;\">Produkt wytwarzany tradycyjnie.<\/p>\n<p>\u00a0<\/p>\n","protected":false},"featured_media":15389,"comment_status":"open","ping_status":"closed","template":"","meta":[],"product_cat":[173,174],"product_tag":[],"class_list":{"0":"post-15390","1":"product","2":"type-product","3":"status-publish","4":"has-post-thumbnail","6":"product_cat-artykuly-delikatesowe","7":"product_cat-syropy","9":"first","10":"instock","11":"shipping-taxable","12":"purchasable","13":"product-type-simple"},"_links":{"self":[{"href":"http:\/\/delikatesy.wineport.pl\/index.php?rest_route=\/wp\/v2\/product\/15390","targetHints":{"allow":["GET"]}}],"collection":[{"href":"http:\/\/delikatesy.wineport.pl\/index.php?rest_route=\/wp\/v2\/product"}],"about":[{"href":"http:\/\/delikatesy.wineport.pl\/index.php?rest_route=\/wp\/v2\/types\/product"}],"replies":[{"embeddable":true,"href":"http:\/\/delikatesy.wineport.pl\/index.php?rest_route=%2Fwp%2Fv2%2Fcomments&post=15390"}],"wp:featuredmedia":[{"embeddable":true,"href":"http:\/\/delikatesy.wineport.pl\/index.php?rest_route=\/wp\/v2\/media\/15389"}],"wp:attachment":[{"href":"http:\/\/delikatesy.wineport.pl\/index.php?rest_route=%2Fwp%2Fv2%2Fmedia&parent=15390"}],"wp:term":[{"taxonomy":"product_cat","embeddable":true,"href":"http:\/\/delikatesy.wineport.pl\/index.php?rest_route=%2Fwp%2Fv2%2Fproduct_cat&post=15390"},{"taxonomy":"product_tag","embeddable":true,"href":"http:\/\/delikatesy.wineport.pl\/index.php?rest_route=%2Fwp%2Fv2%2Fproduct_tag&post=15390"}],"curies":[{"name":"wp","href":"https:\/\/api.w.org\/{rel}","templated":true}]}}