{"id":15392,"date":"2024-03-14T14:13:28","date_gmt":"2024-03-14T13:13:28","guid":{"rendered":"http:\/\/delikatesy.wineport.pl\/?product=syrop-daktylowo-waniliowy-bez-cukru-manufaktura-cielesnica"},"modified":"2026-05-10T19:29:16","modified_gmt":"2026-05-10T17:29:16","slug":"syrop-daktylowo-waniliowy-bez-cukru-manufaktura-cielesnica","status":"publish","type":"product","link":"http:\/\/delikatesy.wineport.pl\/?product=syrop-daktylowo-waniliowy-bez-cukru-manufaktura-cielesnica","title":{"rendered":"Syrop Daktylowo &#8211; Waniliowy &#8211; bez cukru &#8211; MANUFAKTURA CIELE\u015aNICA"},"content":{"rendered":"<p style=\"font-family: &quot;;\">Daktyle z Wanili\u0105 &#8211; sos do Kawy &#8211; bez cukru<\/p>\n<p style=\"font-family: &quot;;\">Wanili\u0119 bez w\u0105tpienia mo\u017cna nazwa\u0107 kr\u00f3low\u0105 podniebie\u0144. Postanowili\u015bmy to wykorzysta\u0107 tworz\u0105c jedno z naszych ulubionych po\u0142\u0105cze\u0144.<\/p>\n<p style=\"font-family: &quot;;\">Jest to pierwszy ciele\u015bnicki smak kreowany z nastawieniem na po\u0142\u0105czenie z ziarnami kawy. Smakosze szybko zacz\u0119li wraca\u0107 po kolejne buteleczki podpowiadaj\u0105c nowe zastosowania &#8211; szczeg\u00f3lnie sprawdza si\u0119 jako polewa do ciast i nale\u015bnik\u00f3w!<\/p>\n<p style=\"font-family: &quot;;\">Syrop polecany do kawy, herbaty oraz do deser\u00f3w &#8211; szczeg\u00f3lnie nale\u015bnik\u00f3w.<\/p>\n<p style=\"font-family: &quot;;\">Sk\u0142adniki: 64% woda, 35% daktyle suszone, 1% ekologiczny ekstrakt z lasek wanilii z ziarenkami<\/p>\n<p style=\"font-family: &quot;;\">Co wa\u017cne, nasze syropy nie zawieraj\u0105 syropu glukozowego.<\/p>\n<p style=\"font-family: &quot;;\">Produkt wytwarzany tradycyjnie.<\/p>\n","protected":false},"excerpt":{"rendered":"<p style=\"font-family: &quot;;\">Daktyle z Wanili\u0105 &#8211; sos do Kawy &#8211; bez cukru<\/p>\n<p style=\"font-family: &quot;;\">Wanili\u0119 bez w\u0105tpienia mo\u017cna nazwa\u0107 kr\u00f3low\u0105 podniebie\u0144. Postanowili\u015bmy to wykorzysta\u0107 tworz\u0105c jedno z naszych ulubionych po\u0142\u0105cze\u0144.<\/p>\n<p style=\"font-family: &quot;;\">Jest to pierwszy ciele\u015bnicki smak kreowany z nastawieniem na po\u0142\u0105czenie z ziarnami kawy. Smakosze szybko zacz\u0119li wraca\u0107 po kolejne buteleczki podpowiadaj\u0105c nowe zastosowania &#8211; szczeg\u00f3lnie sprawdza si\u0119 jako polewa do ciast i nale\u015bnik\u00f3w!<\/p>\n<p style=\"font-family: &quot;;\">Syrop polecany do kawy, herbaty oraz do deser\u00f3w &#8211; szczeg\u00f3lnie nale\u015bnik\u00f3w.<\/p>\n<p style=\"font-family: &quot;;\">Sk\u0142adniki: 64% woda, 35% daktyle suszone, 1% ekologiczny ekstrakt z lasek wanilii z ziarenkami<\/p>\n<p style=\"font-family: &quot;;\">Co wa\u017cne, nasze syropy nie zawieraj\u0105 syropu glukozowego.<\/p>\n<p style=\"font-family: &quot;;\">Produkt wytwarzany tradycyjnie.<\/p>\n","protected":false},"featured_media":15391,"comment_status":"open","ping_status":"closed","template":"","meta":[],"product_cat":[173,174],"product_tag":[],"class_list":{"0":"post-15392","1":"product","2":"type-product","3":"status-publish","4":"has-post-thumbnail","6":"product_cat-artykuly-delikatesowe","7":"product_cat-syropy","9":"first","10":"instock","11":"shipping-taxable","12":"purchasable","13":"product-type-simple"},"_links":{"self":[{"href":"http:\/\/delikatesy.wineport.pl\/index.php?rest_route=\/wp\/v2\/product\/15392","targetHints":{"allow":["GET"]}}],"collection":[{"href":"http:\/\/delikatesy.wineport.pl\/index.php?rest_route=\/wp\/v2\/product"}],"about":[{"href":"http:\/\/delikatesy.wineport.pl\/index.php?rest_route=\/wp\/v2\/types\/product"}],"replies":[{"embeddable":true,"href":"http:\/\/delikatesy.wineport.pl\/index.php?rest_route=%2Fwp%2Fv2%2Fcomments&post=15392"}],"wp:featuredmedia":[{"embeddable":true,"href":"http:\/\/delikatesy.wineport.pl\/index.php?rest_route=\/wp\/v2\/media\/15391"}],"wp:attachment":[{"href":"http:\/\/delikatesy.wineport.pl\/index.php?rest_route=%2Fwp%2Fv2%2Fmedia&parent=15392"}],"wp:term":[{"taxonomy":"product_cat","embeddable":true,"href":"http:\/\/delikatesy.wineport.pl\/index.php?rest_route=%2Fwp%2Fv2%2Fproduct_cat&post=15392"},{"taxonomy":"product_tag","embeddable":true,"href":"http:\/\/delikatesy.wineport.pl\/index.php?rest_route=%2Fwp%2Fv2%2Fproduct_tag&post=15392"}],"curies":[{"name":"wp","href":"https:\/\/api.w.org\/{rel}","templated":true}]}}