{"id":15400,"date":"2024-03-14T14:13:33","date_gmt":"2024-03-14T13:13:33","guid":{"rendered":"http:\/\/delikatesy.wineport.pl\/?product=syrop-korzenny-do-grzanca-manufaktura-cielesnica"},"modified":"2026-05-10T19:29:19","modified_gmt":"2026-05-10T17:29:19","slug":"syrop-korzenny-do-grzanca-manufaktura-cielesnica","status":"publish","type":"product","link":"http:\/\/delikatesy.wineport.pl\/?product=syrop-korzenny-do-grzanca-manufaktura-cielesnica","title":{"rendered":"Syrop Korzenny &#8211; do Grza\u0144ca MANUFAKTURA CIELE\u015aNICA"},"content":{"rendered":"<p style=\"font-family: &quot;;\">Syrop Korzenny do Grza\u0144ca<\/p>\n<p style=\"font-family: &quot;;\">\u00a0<\/p>\n<p style=\"font-family: &quot;;\">Owocowy smak otulony przyprawami korzennymi to idealny przepis na klimatyczny nap\u00f3j &#8211; zawsze i wsz\u0119dzie pod r\u0119k\u0105! Niezale\u017cnie czy za oknem bia\u0142o czy zielono!<\/p>\n<p style=\"font-family: &quot;;\">Syrop polecany jako dodatek do herbaty, grza\u0144ca, piwa, wina oraz jako sos do deser\u00f3w.<\/p>\n<p style=\"font-family: &quot;;\">\u00a0<\/p>\n<p style=\"font-family: &quot;;\">Sk\u0142adniki: cukier trzcinowy, woda, sok z pigwowca japo\u0144skiego, sk\u00f3rka pomara\u0144czowa, przyprawy, naturalna esencja pomara\u0144czowa, przeciwutleniacz &#8211; kwas l -askorbinowy. \u00a0<\/p>\n<p style=\"font-family: &quot;;\">Warto\u015b\u0107 od\u017cywcza w 100g produktu: warto\u015b\u0107 energetyczna: 804 kJ\/ 189 kcal, t\u0142uszcz: 0 g, w tym kwasy t\u0142uszczowe nasycone: 0 g, w\u0119glowodany: 47 g, w tym cukry: 45g, bia\u0142ko: 0 g, s\u00f3l: 0,1g.<\/p>\n<p style=\"font-family: &quot;;\">\u00a0<\/p>\n<p style=\"font-family: &quot;;\">\u00a0<\/p>\n<p style=\"font-family: &quot;;\">Produkt wytwarzany tradycyjnie.<\/p>\n","protected":false},"excerpt":{"rendered":"<p style=\"font-family: &quot;;\">Syrop Korzenny do Grza\u0144ca<\/p>\n<p style=\"font-family: &quot;;\">\u00a0<\/p>\n<p style=\"font-family: &quot;;\">Owocowy smak otulony przyprawami korzennymi to idealny przepis na klimatyczny nap\u00f3j &#8211; zawsze i wsz\u0119dzie pod r\u0119k\u0105! Niezale\u017cnie czy za oknem bia\u0142o czy zielono!<\/p>\n<p style=\"font-family: &quot;;\">Syrop polecany jako dodatek do herbaty, grza\u0144ca, piwa, wina oraz jako sos do deser\u00f3w.<\/p>\n<p style=\"font-family: &quot;;\">\u00a0<\/p>\n<p style=\"font-family: &quot;;\">Sk\u0142adniki: cukier trzcinowy, woda, sok z pigwowca japo\u0144skiego, sk\u00f3rka pomara\u0144czowa, przyprawy, naturalna esencja pomara\u0144czowa, przeciwutleniacz &#8211; kwas l -askorbinowy. \u00a0<\/p>\n<p style=\"font-family: &quot;;\">Warto\u015b\u0107 od\u017cywcza w 100g produktu: warto\u015b\u0107 energetyczna: 804 kJ\/ 189 kcal, t\u0142uszcz: 0 g, w tym kwasy t\u0142uszczowe nasycone: 0 g, w\u0119glowodany: 47 g, w tym cukry: 45g, bia\u0142ko: 0 g, s\u00f3l: 0,1g.<\/p>\n<p style=\"font-family: &quot;;\">\u00a0<\/p>\n<p style=\"font-family: &quot;;\">\u00a0<\/p>\n<p style=\"font-family: &quot;;\">Produkt wytwarzany tradycyjnie.<\/p>\n","protected":false},"featured_media":15399,"comment_status":"open","ping_status":"closed","template":"","meta":[],"product_cat":[173,174],"product_tag":[],"class_list":{"0":"post-15400","1":"product","2":"type-product","3":"status-publish","4":"has-post-thumbnail","6":"product_cat-artykuly-delikatesowe","7":"product_cat-syropy","9":"first","10":"instock","11":"shipping-taxable","12":"purchasable","13":"product-type-simple"},"_links":{"self":[{"href":"http:\/\/delikatesy.wineport.pl\/index.php?rest_route=\/wp\/v2\/product\/15400","targetHints":{"allow":["GET"]}}],"collection":[{"href":"http:\/\/delikatesy.wineport.pl\/index.php?rest_route=\/wp\/v2\/product"}],"about":[{"href":"http:\/\/delikatesy.wineport.pl\/index.php?rest_route=\/wp\/v2\/types\/product"}],"replies":[{"embeddable":true,"href":"http:\/\/delikatesy.wineport.pl\/index.php?rest_route=%2Fwp%2Fv2%2Fcomments&post=15400"}],"wp:featuredmedia":[{"embeddable":true,"href":"http:\/\/delikatesy.wineport.pl\/index.php?rest_route=\/wp\/v2\/media\/15399"}],"wp:attachment":[{"href":"http:\/\/delikatesy.wineport.pl\/index.php?rest_route=%2Fwp%2Fv2%2Fmedia&parent=15400"}],"wp:term":[{"taxonomy":"product_cat","embeddable":true,"href":"http:\/\/delikatesy.wineport.pl\/index.php?rest_route=%2Fwp%2Fv2%2Fproduct_cat&post=15400"},{"taxonomy":"product_tag","embeddable":true,"href":"http:\/\/delikatesy.wineport.pl\/index.php?rest_route=%2Fwp%2Fv2%2Fproduct_tag&post=15400"}],"curies":[{"name":"wp","href":"https:\/\/api.w.org\/{rel}","templated":true}]}}