{"id":15410,"date":"2024-03-14T14:13:43","date_gmt":"2024-03-14T13:13:43","guid":{"rendered":"http:\/\/delikatesy.wineport.pl\/?product=syrop-szarlotka-z-cynamonem-manufaktura-cielesnica"},"modified":"2026-05-10T19:30:06","modified_gmt":"2026-05-10T17:30:06","slug":"syrop-szarlotka-z-cynamonem-manufaktura-cielesnica","status":"publish","type":"product","link":"http:\/\/delikatesy.wineport.pl\/?product=syrop-szarlotka-z-cynamonem-manufaktura-cielesnica","title":{"rendered":"Syrop Szarlotka z Cynamonem MANUFAKTURA CIELE\u015aNICA"},"content":{"rendered":"<p style=\"font-family: &quot;;\">\u00a0Produkt wytwarzany tradycyjnie.<\/p>\n<p style=\"font-family: &quot;;\">\u00a0Sk\u0142adniki: 65% sok jab\u0142kowy t\u0142oczony,32% cukier trzcinowy, sok z cytryny bez sk\u00f3rki, przyprawy<\/p>\n","protected":false},"excerpt":{"rendered":"<p style=\"font-family: &quot;;\">\u00a0Produkt wytwarzany tradycyjnie.<\/p>\n<p style=\"font-family: &quot;;\">\u00a0Sk\u0142adniki: 65% sok jab\u0142kowy t\u0142oczony,32% cukier trzcinowy, sok z cytryny bez sk\u00f3rki, przyprawy<\/p>\n","protected":false},"featured_media":15409,"comment_status":"open","ping_status":"closed","template":"","meta":[],"product_cat":[173,174],"product_tag":[],"class_list":{"0":"post-15410","1":"product","2":"type-product","3":"status-publish","4":"has-post-thumbnail","6":"product_cat-artykuly-delikatesowe","7":"product_cat-syropy","9":"first","10":"instock","11":"shipping-taxable","12":"purchasable","13":"product-type-simple"},"_links":{"self":[{"href":"http:\/\/delikatesy.wineport.pl\/index.php?rest_route=\/wp\/v2\/product\/15410","targetHints":{"allow":["GET"]}}],"collection":[{"href":"http:\/\/delikatesy.wineport.pl\/index.php?rest_route=\/wp\/v2\/product"}],"about":[{"href":"http:\/\/delikatesy.wineport.pl\/index.php?rest_route=\/wp\/v2\/types\/product"}],"replies":[{"embeddable":true,"href":"http:\/\/delikatesy.wineport.pl\/index.php?rest_route=%2Fwp%2Fv2%2Fcomments&post=15410"}],"wp:featuredmedia":[{"embeddable":true,"href":"http:\/\/delikatesy.wineport.pl\/index.php?rest_route=\/wp\/v2\/media\/15409"}],"wp:attachment":[{"href":"http:\/\/delikatesy.wineport.pl\/index.php?rest_route=%2Fwp%2Fv2%2Fmedia&parent=15410"}],"wp:term":[{"taxonomy":"product_cat","embeddable":true,"href":"http:\/\/delikatesy.wineport.pl\/index.php?rest_route=%2Fwp%2Fv2%2Fproduct_cat&post=15410"},{"taxonomy":"product_tag","embeddable":true,"href":"http:\/\/delikatesy.wineport.pl\/index.php?rest_route=%2Fwp%2Fv2%2Fproduct_tag&post=15410"}],"curies":[{"name":"wp","href":"https:\/\/api.w.org\/{rel}","templated":true}]}}