{"id":15464,"date":"2024-03-14T14:14:39","date_gmt":"2024-03-14T13:14:39","guid":{"rendered":"http:\/\/delikatesy.wineport.pl\/?product=ziolka-dobre-trawienie-manufaktura-cielesnica"},"modified":"2026-05-10T19:30:13","modified_gmt":"2026-05-10T17:30:13","slug":"ziolka-dobre-trawienie-manufaktura-cielesnica","status":"publish","type":"product","link":"http:\/\/delikatesy.wineport.pl\/?product=ziolka-dobre-trawienie-manufaktura-cielesnica","title":{"rendered":"ZI\u00d3\u0141KA DOBRE TRAWIENIE MANUFAKTURA CIELE\u015aNICA"},"content":{"rendered":"<p style=\"font-family: &quot;;\">ZI\u00d3\u0141KA DOBRE TRAWIENIE<\/p>\n<p style=\"font-family: &quot;;\">Minimalna waga netto: 75 g.<\/p>\n<p style=\"font-family: &quot;;\">Sk\u0142adniki: 30% owoce dzikiej r\u00f3\u017cy, 16% mi\u0119ta pieprzowa, 12% owoce tarniny, 12% hibiskus, lawenda, imbir, owoce czarnego bzu, kardamon, lebiodka, rumianek, \u015blaz, stewia<\/p>\n<p style=\"font-family: &quot;;\">Produkt wytwarzany tradycyjnie.<\/p>\n","protected":false},"excerpt":{"rendered":"<p style=\"font-family: &quot;;\">ZI\u00d3\u0141KA DOBRE TRAWIENIE<\/p>\n<p style=\"font-family: &quot;;\">Minimalna waga netto: 75 g.<\/p>\n<p style=\"font-family: &quot;;\">Sk\u0142adniki: 30% owoce dzikiej r\u00f3\u017cy, 16% mi\u0119ta pieprzowa, 12% owoce tarniny, 12% hibiskus, lawenda, imbir, owoce czarnego bzu, kardamon, lebiodka, rumianek, \u015blaz, stewia<\/p>\n<p style=\"font-family: &quot;;\">Produkt wytwarzany tradycyjnie.<\/p>\n","protected":false},"featured_media":15463,"comment_status":"open","ping_status":"closed","template":"","meta":[],"product_cat":[173,197],"product_tag":[],"class_list":{"0":"post-15464","1":"product","2":"type-product","3":"status-publish","4":"has-post-thumbnail","6":"product_cat-artykuly-delikatesowe","7":"product_cat-herbaty","9":"first","10":"instock","11":"shipping-taxable","12":"purchasable","13":"product-type-simple"},"_links":{"self":[{"href":"http:\/\/delikatesy.wineport.pl\/index.php?rest_route=\/wp\/v2\/product\/15464","targetHints":{"allow":["GET"]}}],"collection":[{"href":"http:\/\/delikatesy.wineport.pl\/index.php?rest_route=\/wp\/v2\/product"}],"about":[{"href":"http:\/\/delikatesy.wineport.pl\/index.php?rest_route=\/wp\/v2\/types\/product"}],"replies":[{"embeddable":true,"href":"http:\/\/delikatesy.wineport.pl\/index.php?rest_route=%2Fwp%2Fv2%2Fcomments&post=15464"}],"wp:featuredmedia":[{"embeddable":true,"href":"http:\/\/delikatesy.wineport.pl\/index.php?rest_route=\/wp\/v2\/media\/15463"}],"wp:attachment":[{"href":"http:\/\/delikatesy.wineport.pl\/index.php?rest_route=%2Fwp%2Fv2%2Fmedia&parent=15464"}],"wp:term":[{"taxonomy":"product_cat","embeddable":true,"href":"http:\/\/delikatesy.wineport.pl\/index.php?rest_route=%2Fwp%2Fv2%2Fproduct_cat&post=15464"},{"taxonomy":"product_tag","embeddable":true,"href":"http:\/\/delikatesy.wineport.pl\/index.php?rest_route=%2Fwp%2Fv2%2Fproduct_tag&post=15464"}],"curies":[{"name":"wp","href":"https:\/\/api.w.org\/{rel}","templated":true}]}}