{"id":15544,"date":"2024-03-14T14:15:21","date_gmt":"2024-03-14T13:15:21","guid":{"rendered":"http:\/\/delikatesy.wineport.pl\/?product=legend-of-kremlin-kart-zloty-07-40"},"modified":"2026-05-10T19:32:03","modified_gmt":"2026-05-10T17:32:03","slug":"legend-of-kremlin-kart-zloty-07-40","status":"publish","type":"product","link":"http:\/\/delikatesy.wineport.pl\/?product=legend-of-kremlin-kart-zloty-07-40","title":{"rendered":"Legend of Kremlin kart z\u0142oty 0,7 40%"},"content":{"rendered":"<div style=\"color: #5c5c5c; font-size: 12px; font-family: Arial, Tahoma, Verdana, sans-serif;\">\n<p><span style=\"color: #ff0000; font-size: 16px; font-family: arial, helvetica, sans-serif;\">UWAGA!!! NIE WYSY\u0141AMY ALKOHOLU W PRZYPADKU ZAM\u00d3WIE\u0143 OD OS\u00d3B PRYWATNYCH, TYLKO ODBI\u00d3R OSOBISTY NA UL. \u015aW. STANIS\u0141AWA 12 W WARSZAWIE!!! W przypadku op\u0142acenia zam\u00f3wienia alkoholu z wysy\u0142k\u0105, przy zwrocie pieni\u0119dzy zostanie potr\u0105cona prowizja\u00a0DOTPAY!<\/span><\/p>\n<p><span style=\"color: #ff0000; font-size: 16px; font-family: arial, helvetica, sans-serif;\">\u00a0<\/span><\/p>\n<p>  <span style=\"color: #323232; font-family: Tahoma;\">Legend of Kremlin Premium\u00a0to rosyjska zbo\u017cowa w\u00f3dka, kt\u00f3rej produkcj\u0119 zapocz\u0105tkowa\u0142 w pierwszej po\u0142owie XV wieku, mnich Isidor. To on jako pierwszy stworzy\u0142 rosyjsk\u0105 w\u00f3dk\u0119 w klasztorze Chudov w murach Kremla, na podstawie staro\u017cytnej formu\u0142y, z najwy\u017cszej jako\u015bci spirytusu zbo\u017cowego. W\u00f3dka poddana jest pi\u0119ciokrotnemu procesowi destylacji, przy u\u017cyciu najwy\u017cszej jako\u015bci filtr\u00f3w wykonanych z marmuru, srebra i platyny, dzi\u0119ki czemu uzyskuje si\u0119 niesamowit\u0105 czysto\u015b\u0107 alkoholu. W smaku wyczuwalna jest delikatna nuta pieprzu oraz wanilii. Butelka wykonana jest w kszta\u0142cie karafki z tradycyjnego,\u00a0szk\u0142a stosowanego w dawnych czasach w Rosji.<\/span><\/div>\n","protected":false},"excerpt":{"rendered":"<div style=\"color: #5c5c5c; font-size: 12px; font-family: Arial, Tahoma, Verdana, sans-serif; text-align: center;\">\n<div style=\"text-align: left;\"><span style=\"color: #323232; font-family: Tahoma;\">Legend of Kremlin Premium\u00a0to rosyjska zbo\u017cowa w\u00f3dka, kt\u00f3rej produkcj\u0119 zapocz\u0105tkowa\u0142 w pierwszej po\u0142owie XV wieku, mnich Isidor. To on jako pierwszy stworzy\u0142 rosyjsk\u0105 w\u00f3dk\u0119 w klasztorze Chudov w murach Kremla, na podstawie staro\u017cytnej formu\u0142y, z najwy\u017cszej jako\u015bci spirytusu zbo\u017cowego. W\u00f3dka poddana jest pi\u0119ciokrotnemu procesowi destylacji, przy u\u017cyciu najwy\u017cszej jako\u015bci filtr\u00f3w wykonanych z marmuru, srebra i platyny, dzi\u0119ki czemu uzyskuje si\u0119 niesamowit\u0105 czysto\u015b\u0107 alkoholu. W smaku wyczuwalna jest delikatna nuta pieprzu oraz wanilii. Butelka wykonana jest w kszta\u0142cie karafki z tradycyjnego,\u00a0szk\u0142a stosowanego w dawnych czasach w Rosji.<\/span>.<\/div>\n<p>  <br class=\"Apple-interchange-newline\" \/>\u00a0<\/div>\n","protected":false},"featured_media":15543,"comment_status":"open","ping_status":"closed","template":"","meta":[],"product_cat":[190,142],"product_tag":[],"class_list":{"0":"post-15544","1":"product","2":"type-product","3":"status-publish","4":"has-post-thumbnail","6":"product_cat-wodka","7":"product_cat-alkohole-mocne","9":"first","10":"instock","11":"shipping-taxable","12":"purchasable","13":"product-type-simple"},"_links":{"self":[{"href":"http:\/\/delikatesy.wineport.pl\/index.php?rest_route=\/wp\/v2\/product\/15544","targetHints":{"allow":["GET"]}}],"collection":[{"href":"http:\/\/delikatesy.wineport.pl\/index.php?rest_route=\/wp\/v2\/product"}],"about":[{"href":"http:\/\/delikatesy.wineport.pl\/index.php?rest_route=\/wp\/v2\/types\/product"}],"replies":[{"embeddable":true,"href":"http:\/\/delikatesy.wineport.pl\/index.php?rest_route=%2Fwp%2Fv2%2Fcomments&post=15544"}],"wp:featuredmedia":[{"embeddable":true,"href":"http:\/\/delikatesy.wineport.pl\/index.php?rest_route=\/wp\/v2\/media\/15543"}],"wp:attachment":[{"href":"http:\/\/delikatesy.wineport.pl\/index.php?rest_route=%2Fwp%2Fv2%2Fmedia&parent=15544"}],"wp:term":[{"taxonomy":"product_cat","embeddable":true,"href":"http:\/\/delikatesy.wineport.pl\/index.php?rest_route=%2Fwp%2Fv2%2Fproduct_cat&post=15544"},{"taxonomy":"product_tag","embeddable":true,"href":"http:\/\/delikatesy.wineport.pl\/index.php?rest_route=%2Fwp%2Fv2%2Fproduct_tag&post=15544"}],"curies":[{"name":"wp","href":"https:\/\/api.w.org\/{rel}","templated":true}]}}