{"id":15578,"date":"2024-03-14T14:15:35","date_gmt":"2024-03-14T13:15:35","guid":{"rendered":"http:\/\/delikatesy.wineport.pl\/?product=chateau-de-pez"},"modified":"2026-05-10T19:32:06","modified_gmt":"2026-05-10T17:32:06","slug":"chateau-de-pez","status":"publish","type":"product","link":"http:\/\/delikatesy.wineport.pl\/?product=chateau-de-pez","title":{"rendered":"Chateau de Pez"},"content":{"rendered":"<p style=\"color: #939393; font-size: 15px; font-family: &quot;;\"><span style=\"color: #ff0000;\">UWAGA!!! NIE WYSY\u0141AMY ALKOHOLU KURIEREM W PRZYPADKU ZAM\u00d3WIE\u0143 OD OS\u00d3B PRYWATNYCH, TYLKO ODBI\u00d3R OSOBISTY NA UL. \u015aW. STANIS\u0141AWA 12 W WARSZAWIE!!! W przypadku op\u0142acenia zam\u00f3wienia alkoholu z wysy\u0142k\u0105, przy zwrocie pieni\u0119dzy zostanie potr\u0105cona prowizja\u00a0<\/span><strong style=\"color: #ff0000;\">DOTPAY<\/strong><span style=\"color: #ff0000;\">!<\/span><\/p>\n<p style=\"color: #939393; font-size: 15px; font-family: &quot;;\">Wino przez 12 miesi\u0119cy dojrzewa w d\u0119bowej beczce (40% w nowej). Znakomita ciemna barwa. Aromaty owocowo-kwiatowe po\u0142\u0105czone z grillowanymi i tostowymi nutami drewna. W smaku kr\u0105g\u0142e i delikatne. Mi\u0119kkie taniny, o dobrej trwa\u0142o\u015bci. Polecane do czerwonego mi\u0119sa, dziczyzny i ser\u00f3w. Kompozycja: Cabernet Sauvignon, Merlot, Petit Verdot.<\/p>\n<p>\u00a0<\/p>\n","protected":false},"excerpt":{"rendered":"<p style=\"color: #939393; font-size: 15px; font-family: &quot;;\">Wino przez 12 miesi\u0119cy dojrzewa w d\u0119bowej beczce (40% w nowej). Znakomita ciemna barwa. Aromaty owocowo-kwiatowe po\u0142\u0105czone z grillowanymi i tostowymi nutami drewna. W smaku kr\u0105g\u0142e i delikatne. Mi\u0119kkie taniny, o dobrej trwa\u0142o\u015bci. Polecane do czerwonego mi\u0119sa, dziczyzny i ser\u00f3w. Kompozycja: Cabernet Sauvignon, Merlot, Petit Verdot.<\/p>\n<p>\u00a0<\/p>\n","protected":false},"featured_media":15577,"comment_status":"open","ping_status":"closed","template":"","meta":[],"product_cat":[83,80],"product_tag":[],"class_list":{"0":"post-15578","1":"product","2":"type-product","3":"status-publish","4":"has-post-thumbnail","6":"product_cat-francja","7":"product_cat-wina-swiata","9":"first","10":"instock","11":"shipping-taxable","12":"purchasable","13":"product-type-simple"},"_links":{"self":[{"href":"http:\/\/delikatesy.wineport.pl\/index.php?rest_route=\/wp\/v2\/product\/15578","targetHints":{"allow":["GET"]}}],"collection":[{"href":"http:\/\/delikatesy.wineport.pl\/index.php?rest_route=\/wp\/v2\/product"}],"about":[{"href":"http:\/\/delikatesy.wineport.pl\/index.php?rest_route=\/wp\/v2\/types\/product"}],"replies":[{"embeddable":true,"href":"http:\/\/delikatesy.wineport.pl\/index.php?rest_route=%2Fwp%2Fv2%2Fcomments&post=15578"}],"wp:featuredmedia":[{"embeddable":true,"href":"http:\/\/delikatesy.wineport.pl\/index.php?rest_route=\/wp\/v2\/media\/15577"}],"wp:attachment":[{"href":"http:\/\/delikatesy.wineport.pl\/index.php?rest_route=%2Fwp%2Fv2%2Fmedia&parent=15578"}],"wp:term":[{"taxonomy":"product_cat","embeddable":true,"href":"http:\/\/delikatesy.wineport.pl\/index.php?rest_route=%2Fwp%2Fv2%2Fproduct_cat&post=15578"},{"taxonomy":"product_tag","embeddable":true,"href":"http:\/\/delikatesy.wineport.pl\/index.php?rest_route=%2Fwp%2Fv2%2Fproduct_tag&post=15578"}],"curies":[{"name":"wp","href":"https:\/\/api.w.org\/{rel}","templated":true}]}}