{"id":15590,"date":"2024-03-14T14:15:36","date_gmt":"2024-03-14T13:15:36","guid":{"rendered":"http:\/\/delikatesy.wineport.pl\/?product=chateau-haut-beausejour"},"modified":"2026-05-10T19:33:01","modified_gmt":"2026-05-10T17:33:01","slug":"chateau-haut-beausejour","status":"publish","type":"product","link":"http:\/\/delikatesy.wineport.pl\/?product=chateau-haut-beausejour","title":{"rendered":"Chateau Haut \u2013 Beausejour"},"content":{"rendered":"<p style=\"color: #939393; font-size: 15px; font-family: &quot;;\">Wino dojrzewa 12 miesi\u0119cy w beczkach z francuskiego d\u0119bu (30% w nowych), a nast\u0119pnie rok w butelce. Przepi\u0119kna liliowa barwa. Aromaty mocno owocowe z nutami tostu i tytoniu. Pe\u0142ne i eleganckie w ustach. Niew\u0105tpliwie jedno z najlepszych win z Saint-Estephe. Kompozycja: Cabernet Sauvignon, Merlot.<\/p>\n<p>\u00a0<\/p>\n<p><span style=\"color: #ff0000;\">UWAGA!!! NIE WYSY\u0141AMY ALKOHOLU KURIEREM W PRZYPADKU ZAM\u00d3WIE\u0143 OD OS\u00d3B PRYWATNYCH, TYLKO ODBI\u00d3R OSOBISTY NA UL. \u015aW. STANIS\u0141AWA 12 W WARSZAWIE!!! W przypadku op\u0142acenia zam\u00f3wienia alkoholu z wysy\u0142k\u0105, przy zwrocie pieni\u0119dzy zostanie potr\u0105cona prowizja DOTPAY!<\/p>\n","protected":false},"excerpt":{"rendered":"<p style=\"color: #939393; font-size: 15px; font-family: &quot;;\">Wino dojrzewa 12 miesi\u0119cy w beczkach z francuskiego d\u0119bu (30% w nowych), a nast\u0119pnie rok w butelce. Przepi\u0119kna liliowa barwa. Aromaty mocno owocowe z nutami tostu i tytoniu. Pe\u0142ne i eleganckie w ustach. Niew\u0105tpliwie jedno z najlepszych win z Saint-Estephe. Kompozycja: Cabernet Sauvignon, Merlot.<\/p>\n<p>\u00a0<\/p>\n","protected":false},"featured_media":15589,"comment_status":"open","ping_status":"closed","template":"","meta":[],"product_cat":[83,85,80],"product_tag":[],"class_list":{"0":"post-15590","1":"product","2":"type-product","3":"status-publish","4":"has-post-thumbnail","6":"product_cat-francja","7":"product_cat-francja-bordeaux","8":"product_cat-wina-swiata","10":"first","11":"instock","12":"shipping-taxable","13":"purchasable","14":"product-type-simple"},"_links":{"self":[{"href":"http:\/\/delikatesy.wineport.pl\/index.php?rest_route=\/wp\/v2\/product\/15590","targetHints":{"allow":["GET"]}}],"collection":[{"href":"http:\/\/delikatesy.wineport.pl\/index.php?rest_route=\/wp\/v2\/product"}],"about":[{"href":"http:\/\/delikatesy.wineport.pl\/index.php?rest_route=\/wp\/v2\/types\/product"}],"replies":[{"embeddable":true,"href":"http:\/\/delikatesy.wineport.pl\/index.php?rest_route=%2Fwp%2Fv2%2Fcomments&post=15590"}],"wp:featuredmedia":[{"embeddable":true,"href":"http:\/\/delikatesy.wineport.pl\/index.php?rest_route=\/wp\/v2\/media\/15589"}],"wp:attachment":[{"href":"http:\/\/delikatesy.wineport.pl\/index.php?rest_route=%2Fwp%2Fv2%2Fmedia&parent=15590"}],"wp:term":[{"taxonomy":"product_cat","embeddable":true,"href":"http:\/\/delikatesy.wineport.pl\/index.php?rest_route=%2Fwp%2Fv2%2Fproduct_cat&post=15590"},{"taxonomy":"product_tag","embeddable":true,"href":"http:\/\/delikatesy.wineport.pl\/index.php?rest_route=%2Fwp%2Fv2%2Fproduct_tag&post=15590"}],"curies":[{"name":"wp","href":"https:\/\/api.w.org\/{rel}","templated":true}]}}