{"id":15679,"date":"2024-03-14T14:15:52","date_gmt":"2024-03-14T13:15:52","guid":{"rendered":"http:\/\/delikatesy.wineport.pl\/?product=chateau-coucheroy-blanc"},"modified":"2026-05-10T19:34:21","modified_gmt":"2026-05-10T17:34:21","slug":"chateau-coucheroy-blanc","status":"publish","type":"product","link":"http:\/\/delikatesy.wineport.pl\/?product=chateau-coucheroy-blanc","title":{"rendered":"Chateau Coucheroy Blanc"},"content":{"rendered":"<p style=\"color: #939393; font-size: 15px; font-family: &quot;;\"><span style=\"color: #ff0000;\">UWAGA!!! NIE WYSY\u0141AMY ALKOHOLU KURIEREM W PRZYPADKU ZAM\u00d3WIE\u0143 OD OS\u00d3B PRYWATNYCH, TYLKO ODBI\u00d3R OSOBISTY NA UL. \u015aW. STANIS\u0141AWA 12 W WARSZAWIE!!! W przypadku op\u0142acenia zam\u00f3wienia alkoholu z wysy\u0142k\u0105, przy zwrocie pieni\u0119dzy zostanie potr\u0105cona prowizja\u00a0<\/span><strong style=\"color: #ff0000;\">DOTPAY<\/strong><span style=\"color: #ff0000;\">!<\/span><\/p>\n<p style=\"color: #939393; font-size: 15px; font-family: &quot;;\">Apelacja Pessac-Leognan otrzyma\u0142a swoj\u0105 nazw\u0119 w 1987 roku dzi\u0119ki wysi\u0142kom mi\u0119dzy innymi Pana Andre Lurton. W rzeczywisto\u015bci to najbardziej antyczny region upraw winoro\u015bli w Bordeaux. Cz\u0119\u015b\u0107 wina dojrzewa w beczce, pozosta\u0142o\u015b\u0107 w kadzi na osadzie. Atrakcyjne aromaty owoc\u00f3w cytrusowych, lychee, bia\u0142ych kwiat\u00f3w z nutami akacji i minera\u0142\u00f3w. W smaku proste i lekkie ale jednocze\u015bnie kr\u0105g\u0142e, ze \u015bwie\u017cym zako\u0144czeniem. Polecane do sa\u0142atek, ryb i drobiu. Szczep: 100% Sauvignon Blanc.<\/p>\n<p style=\"color: #939393; font-size: 15px; font-family: &quot;;\">\u00a0<\/p>\n<div class=\"sliders-content\" style=\"font-size: medium; font-family: &quot;;\">\u00a0<\/div>\n","protected":false},"excerpt":{"rendered":"<p style=\"color: #939393; font-size: 15px; font-family: &quot;;\">Apelacja Pessac-Leognan otrzyma\u0142a swoj\u0105 nazw\u0119 w 1987 roku dzi\u0119ki wysi\u0142kom mi\u0119dzy innymi Pana Andre Lurton. W rzeczywisto\u015bci to najbardziej antyczny region upraw winoro\u015bli w Bordeaux. Cz\u0119\u015b\u0107 wina dojrzewa w beczce, pozosta\u0142o\u015b\u0107 w kadzi na osadzie. Atrakcyjne aromaty owoc\u00f3w cytrusowych, lychee, bia\u0142ych kwiat\u00f3w z nutami akacji i minera\u0142\u00f3w. W smaku proste i lekkie ale jednocze\u015bnie kr\u0105g\u0142e, ze \u015bwie\u017cym zako\u0144czeniem. Polecane do sa\u0142atek, ryb i drobiu. Szczep: 100% Sauvignon Blanc.<\/p>\n<p style=\"color: #939393; font-size: 15px; font-family: &quot;;\">\u00a0<\/p>\n<div class=\"sliders-content\" style=\"font-size: medium; font-family: &quot;;\">\u00a0<\/div>\n","protected":false},"featured_media":15678,"comment_status":"open","ping_status":"closed","template":"","meta":[],"product_cat":[83,80],"product_tag":[],"class_list":{"0":"post-15679","1":"product","2":"type-product","3":"status-publish","4":"has-post-thumbnail","6":"product_cat-francja","7":"product_cat-wina-swiata","9":"first","10":"instock","11":"shipping-taxable","12":"purchasable","13":"product-type-simple"},"_links":{"self":[{"href":"http:\/\/delikatesy.wineport.pl\/index.php?rest_route=\/wp\/v2\/product\/15679","targetHints":{"allow":["GET"]}}],"collection":[{"href":"http:\/\/delikatesy.wineport.pl\/index.php?rest_route=\/wp\/v2\/product"}],"about":[{"href":"http:\/\/delikatesy.wineport.pl\/index.php?rest_route=\/wp\/v2\/types\/product"}],"replies":[{"embeddable":true,"href":"http:\/\/delikatesy.wineport.pl\/index.php?rest_route=%2Fwp%2Fv2%2Fcomments&post=15679"}],"wp:featuredmedia":[{"embeddable":true,"href":"http:\/\/delikatesy.wineport.pl\/index.php?rest_route=\/wp\/v2\/media\/15678"}],"wp:attachment":[{"href":"http:\/\/delikatesy.wineport.pl\/index.php?rest_route=%2Fwp%2Fv2%2Fmedia&parent=15679"}],"wp:term":[{"taxonomy":"product_cat","embeddable":true,"href":"http:\/\/delikatesy.wineport.pl\/index.php?rest_route=%2Fwp%2Fv2%2Fproduct_cat&post=15679"},{"taxonomy":"product_tag","embeddable":true,"href":"http:\/\/delikatesy.wineport.pl\/index.php?rest_route=%2Fwp%2Fv2%2Fproduct_tag&post=15679"}],"curies":[{"name":"wp","href":"https:\/\/api.w.org\/{rel}","templated":true}]}}