{"id":15719,"date":"2024-03-14T14:16:00","date_gmt":"2024-03-14T13:16:00","guid":{"rendered":"http:\/\/delikatesy.wineport.pl\/?product=gruner-veltliner-lossterrassen"},"modified":"2026-05-10T19:35:05","modified_gmt":"2026-05-10T17:35:05","slug":"gruner-veltliner-lossterrassen","status":"publish","type":"product","link":"http:\/\/delikatesy.wineport.pl\/?product=gruner-veltliner-lossterrassen","title":{"rendered":"Gr\u00fcner Veltliner, Lossterrassen"},"content":{"rendered":"<p style=\"color: #939393; font-size: 15px; font-family: &quot;;\"><span style=\"color: #ff0000;\">UWAGA!!! NIE WYSY\u0141AMY ALKOHOLU KURIEREM W PRZYPADKU ZAM\u00d3WIE\u0143 OD OS\u00d3B PRYWATNYCH, TYLKO ODBI\u00d3R OSOBISTY NA UL. \u015aW. STANIS\u0141AWA 12 W WARSZAWIE!!! W przypadku op\u0142acenia zam\u00f3wienia alkoholu z wysy\u0142k\u0105, przy zwrocie pieni\u0119dzy zostanie potr\u0105cona prowizja\u00a0<\/span><strong style=\"color: #ff0000;\">DOTPAY<\/strong><span style=\"color: #ff0000;\">!<\/span><\/p>\n<p style=\"color: #939393; font-size: 15px; font-family: &quot;;\">Bardzo \u015bwie\u017ce, owocowe wino bogate w aromaty ananasa i grejpfruta. Pe\u0142ne cia\u0142a, o przyjemnej kwasowo\u015bci z d\u0142ugim zako\u0144czeniem. Nadaje si\u0119 do picia od razu lub do przechowywania przez kolejne 3 lata. Idealny towarzysz do tradycyjnych austriackich potraw. Znakomity do wieprzowiny, kurczaka oraz kuchni w\u0142oskiej i azjatyckiej. Szczep: 100% Gr\u00fcner Veltliner.<\/p>\n<p>\u00a0<\/p>\n","protected":false},"excerpt":{"rendered":"<p style=\"color: #939393; font-size: 15px; font-family: &quot;;\">Bardzo \u015bwie\u017ce, owocowe wino bogate w aromaty ananasa i grejpfruta. Pe\u0142ne cia\u0142a, o przyjemnej kwasowo\u015bci z d\u0142ugim zako\u0144czeniem. Nadaje si\u0119 do picia od razu lub do przechowywania przez kolejne 3 lata. Idealny towarzysz do tradycyjnych austriackich potraw. Znakomity do wieprzowiny, kurczaka oraz kuchni w\u0142oskiej i azjatyckiej. Szczep: 100% Gr\u00fcner Veltliner.<\/p>\n<p>\u00a0<\/p>\n","protected":false},"featured_media":15718,"comment_status":"open","ping_status":"closed","template":"","meta":[],"product_cat":[169,80],"product_tag":[],"class_list":{"0":"post-15719","1":"product","2":"type-product","3":"status-publish","4":"has-post-thumbnail","6":"product_cat-austria","7":"product_cat-wina-swiata","9":"first","10":"instock","11":"shipping-taxable","12":"purchasable","13":"product-type-simple"},"_links":{"self":[{"href":"http:\/\/delikatesy.wineport.pl\/index.php?rest_route=\/wp\/v2\/product\/15719","targetHints":{"allow":["GET"]}}],"collection":[{"href":"http:\/\/delikatesy.wineport.pl\/index.php?rest_route=\/wp\/v2\/product"}],"about":[{"href":"http:\/\/delikatesy.wineport.pl\/index.php?rest_route=\/wp\/v2\/types\/product"}],"replies":[{"embeddable":true,"href":"http:\/\/delikatesy.wineport.pl\/index.php?rest_route=%2Fwp%2Fv2%2Fcomments&post=15719"}],"wp:featuredmedia":[{"embeddable":true,"href":"http:\/\/delikatesy.wineport.pl\/index.php?rest_route=\/wp\/v2\/media\/15718"}],"wp:attachment":[{"href":"http:\/\/delikatesy.wineport.pl\/index.php?rest_route=%2Fwp%2Fv2%2Fmedia&parent=15719"}],"wp:term":[{"taxonomy":"product_cat","embeddable":true,"href":"http:\/\/delikatesy.wineport.pl\/index.php?rest_route=%2Fwp%2Fv2%2Fproduct_cat&post=15719"},{"taxonomy":"product_tag","embeddable":true,"href":"http:\/\/delikatesy.wineport.pl\/index.php?rest_route=%2Fwp%2Fv2%2Fproduct_tag&post=15719"}],"curies":[{"name":"wp","href":"https:\/\/api.w.org\/{rel}","templated":true}]}}