{"id":15747,"date":"2024-03-14T14:16:05","date_gmt":"2024-03-14T13:16:05","guid":{"rendered":"http:\/\/delikatesy.wineport.pl\/?product=grandarte-pinot-noir"},"modified":"2026-05-10T19:35:09","modified_gmt":"2026-05-10T17:35:09","slug":"grandarte-pinot-noir","status":"publish","type":"product","link":"http:\/\/delikatesy.wineport.pl\/?product=grandarte-pinot-noir","title":{"rendered":"Grand\u2019Arte Pinot Noir"},"content":{"rendered":"<p style=\"color: #939393; font-size: 15px; font-family: &quot;;\"><span style=\"color: #ff0000;\">UWAGA!!! NIE WYSY\u0141AMY ALKOHOLU KURIEREM W PRZYPADKU ZAM\u00d3WIE\u0143 OD OS\u00d3B PRYWATNYCH, TYLKO ODBI\u00d3R OSOBISTY NA UL. \u015aW. STANIS\u0141AWA 12 W WARSZAWIE!!! W przypadku op\u0142acenia zam\u00f3wienia alkoholu z wysy\u0142k\u0105, przy zwrocie pieni\u0119dzy zostanie potr\u0105cona prowizja\u00a0<\/span><strong style=\"color: #ff0000;\">DOTPAY<\/strong><span style=\"color: #ff0000;\">!<\/span><\/p>\n<p style=\"color: #939393; font-size: 15px; font-family: &quot;;\">\u015awietna rubinowa barwa. Aromaty bogatych owoc\u00f3w z intryguj\u0105cymi nutami czekolady, zielonej herbaty i fig. W smaku z wyra\u017an\u0105 dojrza\u0142\u0105 je\u017cyn\u0105 i nutami cedru. Dojrzewa od 6 do 9 miesi\u0119cy w d\u0119bowej beczce oraz minimum 3 miesi\u0105ce w butelce. Znakomite jako aperitif a tak\u017ce do pieczeni, dziczyzny, duszonych potraw, ser\u00f3w, portugalskiego solonego dorsza. Szczep: Pinot Noir.<\/p>\n<p>\u00a0<\/p>\n","protected":false},"excerpt":{"rendered":"<p style=\"color: #939393; font-size: 15px; font-family: &quot;;\">\u015awietna rubinowa barwa. Aromaty bogatych owoc\u00f3w z intryguj\u0105cymi nutami czekolady, zielonej herbaty i fig. W smaku z wyra\u017an\u0105 dojrza\u0142\u0105 je\u017cyn\u0105 i nutami cedru. Dojrzewa od 6 do 9 miesi\u0119cy w d\u0119bowej beczce oraz minimum 3 miesi\u0105ce w butelce. Znakomite jako aperitif a tak\u017ce do pieczeni, dziczyzny, duszonych potraw, ser\u00f3w, portugalskiego solonego dorsza. Szczep: Pinot Noir.<\/p>\n<p>\u00a0<\/p>\n","protected":false},"featured_media":15746,"comment_status":"open","ping_status":"closed","template":"","meta":[],"product_cat":[94,80],"product_tag":[],"class_list":{"0":"post-15747","1":"product","2":"type-product","3":"status-publish","4":"has-post-thumbnail","6":"product_cat-portugalia","7":"product_cat-wina-swiata","9":"first","10":"instock","11":"shipping-taxable","12":"purchasable","13":"product-type-simple"},"_links":{"self":[{"href":"http:\/\/delikatesy.wineport.pl\/index.php?rest_route=\/wp\/v2\/product\/15747","targetHints":{"allow":["GET"]}}],"collection":[{"href":"http:\/\/delikatesy.wineport.pl\/index.php?rest_route=\/wp\/v2\/product"}],"about":[{"href":"http:\/\/delikatesy.wineport.pl\/index.php?rest_route=\/wp\/v2\/types\/product"}],"replies":[{"embeddable":true,"href":"http:\/\/delikatesy.wineport.pl\/index.php?rest_route=%2Fwp%2Fv2%2Fcomments&post=15747"}],"wp:featuredmedia":[{"embeddable":true,"href":"http:\/\/delikatesy.wineport.pl\/index.php?rest_route=\/wp\/v2\/media\/15746"}],"wp:attachment":[{"href":"http:\/\/delikatesy.wineport.pl\/index.php?rest_route=%2Fwp%2Fv2%2Fmedia&parent=15747"}],"wp:term":[{"taxonomy":"product_cat","embeddable":true,"href":"http:\/\/delikatesy.wineport.pl\/index.php?rest_route=%2Fwp%2Fv2%2Fproduct_cat&post=15747"},{"taxonomy":"product_tag","embeddable":true,"href":"http:\/\/delikatesy.wineport.pl\/index.php?rest_route=%2Fwp%2Fv2%2Fproduct_tag&post=15747"}],"curies":[{"name":"wp","href":"https:\/\/api.w.org\/{rel}","templated":true}]}}