{"id":15775,"date":"2024-03-14T14:16:10","date_gmt":"2024-03-14T13:16:10","guid":{"rendered":"http:\/\/delikatesy.wineport.pl\/?product=cono-sur-reserva-especial-merlot"},"modified":"2026-05-10T19:36:09","modified_gmt":"2026-05-10T17:36:09","slug":"cono-sur-reserva-especial-merlot","status":"publish","type":"product","link":"http:\/\/delikatesy.wineport.pl\/?product=cono-sur-reserva-especial-merlot","title":{"rendered":"Cono Sur Reserva Especial Merlot"},"content":{"rendered":"<p style=\"color: #939393; font-size: 15px; font-family: &quot;;\"><span style=\"color: #ff0000;\">UWAGA!!! NIE WYSY\u0141AMY ALKOHOLU KURIEREM W PRZYPADKU ZAM\u00d3WIE\u0143 OD OS\u00d3B PRYWATNYCH, TYLKO ODBI\u00d3R OSOBISTY NA UL. \u015aW. STANIS\u0141AWA 12 W WARSZAWIE!!! W przypadku op\u0142acenia zam\u00f3wienia alkoholu z wysy\u0142k\u0105, przy zwrocie pieni\u0119dzy zostanie potr\u0105cona prowizja\u00a0<\/span><strong style=\"color: #ff0000;\">DOTPAY<\/strong><span style=\"color: #ff0000;\">!<\/span><\/p>\n<p style=\"color: #939393; font-size: 15px; font-family: &quot;;\">Przez 11 miesi\u0119cy 70% wina dojrzewa w beczce, a 30% w tankach zestali nierdzewnej. Bogata paleta aromat\u00f3w ze \u015bliwk\u0105, ciemn\u0105 wi\u015bni\u0105, pieprzem, kaw\u0105 oraz nutami s\u0142odkiego d\u0119bu. Pozostawia d\u0142ugie, bardzo eleganckie zako\u0144czenie. Rekomendowane do przek\u0105sek, dziczyzny, kurczaka, indyka, kaczki, lekkich ser\u00f3w czy risotto. Kompozycja: 85% Merlot, 8% Cabernet Sauvignon, 5% Syrah, 1,5% Malbec, 0.5% Aspiran Bouchet.<\/p>\n<p>\u00a0<\/p>\n","protected":false},"excerpt":{"rendered":"<p style=\"color: #939393; font-size: 15px; font-family: &quot;;\">Przez 11 miesi\u0119cy 70% wina dojrzewa w beczce, a 30% w tankach zestali nierdzewnej. Bogata paleta aromat\u00f3w ze \u015bliwk\u0105, ciemn\u0105 wi\u015bni\u0105, pieprzem, kaw\u0105 oraz nutami s\u0142odkiego d\u0119bu. Pozostawia d\u0142ugie, bardzo eleganckie zako\u0144czenie. Rekomendowane do przek\u0105sek, dziczyzny, kurczaka, indyka, kaczki, lekkich ser\u00f3w czy risotto. Kompozycja: 85% Merlot, 8% Cabernet Sauvignon, 5% Syrah, 1,5% Malbec, 0.5% Aspiran Bouchet.<\/p>\n<p>\u00a0<\/p>\n","protected":false},"featured_media":15774,"comment_status":"open","ping_status":"closed","template":"","meta":[],"product_cat":[82,80],"product_tag":[],"class_list":{"0":"post-15775","1":"product","2":"type-product","3":"status-publish","4":"has-post-thumbnail","6":"product_cat-chile","7":"product_cat-wina-swiata","9":"first","10":"instock","11":"shipping-taxable","12":"purchasable","13":"product-type-simple"},"_links":{"self":[{"href":"http:\/\/delikatesy.wineport.pl\/index.php?rest_route=\/wp\/v2\/product\/15775","targetHints":{"allow":["GET"]}}],"collection":[{"href":"http:\/\/delikatesy.wineport.pl\/index.php?rest_route=\/wp\/v2\/product"}],"about":[{"href":"http:\/\/delikatesy.wineport.pl\/index.php?rest_route=\/wp\/v2\/types\/product"}],"replies":[{"embeddable":true,"href":"http:\/\/delikatesy.wineport.pl\/index.php?rest_route=%2Fwp%2Fv2%2Fcomments&post=15775"}],"wp:featuredmedia":[{"embeddable":true,"href":"http:\/\/delikatesy.wineport.pl\/index.php?rest_route=\/wp\/v2\/media\/15774"}],"wp:attachment":[{"href":"http:\/\/delikatesy.wineport.pl\/index.php?rest_route=%2Fwp%2Fv2%2Fmedia&parent=15775"}],"wp:term":[{"taxonomy":"product_cat","embeddable":true,"href":"http:\/\/delikatesy.wineport.pl\/index.php?rest_route=%2Fwp%2Fv2%2Fproduct_cat&post=15775"},{"taxonomy":"product_tag","embeddable":true,"href":"http:\/\/delikatesy.wineport.pl\/index.php?rest_route=%2Fwp%2Fv2%2Fproduct_tag&post=15775"}],"curies":[{"name":"wp","href":"https:\/\/api.w.org\/{rel}","templated":true}]}}