{"id":15937,"date":"2024-03-14T14:16:40","date_gmt":"2024-03-14T13:16:40","guid":{"rendered":"http:\/\/delikatesy.wineport.pl\/?product=nativa-cabernt-sauvignon"},"modified":"2026-04-01T18:49:57","modified_gmt":"2026-04-01T16:49:57","slug":"nativa-cabernt-sauvignon","status":"publish","type":"product","link":"http:\/\/delikatesy.wineport.pl\/?product=nativa-cabernt-sauvignon","title":{"rendered":"NATIVA CABERNT SAUVIGNON"},"content":{"rendered":"<p style=\"color: #939393; font-size: 15px; font-family: &quot;;\"><span style=\"color: #ff0000;\">UWAGA!!! NIE WYSY\u0141AMY ALKOHOLU KURIEREM W PRZYPADKU ZAM\u00d3WIE\u0143 OD OS\u00d3B PRYWATNYCH, TYLKO ODBI\u00d3R OSOBISTY NA UL. \u015aW. STANIS\u0141AWA 12 W WARSZAWIE!!! W przypadku op\u0142acenia zam\u00f3wienia alkoholu z wysy\u0142k\u0105, przy zwrocie pieni\u0119dzy zostanie potr\u0105cona prowizja\u00a0<\/span><strong style=\"color: #ff0000;\">DOTPAY<\/strong><span style=\"color: #ff0000;\">!<\/span><\/p>\n<p style=\"color: #939393; font-size: 15px; font-family: &quot;;\">G\u00f3ry Andy, ze szczytami 7000 m, otaczaj\u0105 odosobnione doliny, gdzie najwy\u017cszej jako\u015bci Cabernet Sauvignon otrzymuje jasnorubinowy kolor z intensywnymi aromatami czerwonych i czarnych owoc\u00f3w. Wi\u015bnie, je\u017cyny i \u015bliwki mieszaj\u0105 si\u0119 z delikatnymi niuansami przypraw. Znakomite wino, o dobrej strukturze i delikatnych taninach. Oddaje przyjemn\u0105 r\u00f3wnowag\u0119 owocowo\u015bci i d\u0119bu wraz z d\u0142ugim zako\u0144czeniem. Polecane do ser\u00f3w, stek\u00f3w, pieczeni, makaron\u00f3w, zapiekanek i potrawek. Szczep: 100% Cabernet Sauvignon.<\/p>\n<p>\u00a0<\/p>\n<p style=\"color: #939393; font-size: 15px; font-family: &quot;;\">\u00a0<\/p>\n<div class=\"sliders-content\" style=\"font-size: medium; font-family: &quot;;\">\u00a0<\/div>\n","protected":false},"excerpt":{"rendered":"<p style=\"color: #939393; font-size: 15px; font-family: &quot;;\">G\u00f3ry Andy, ze szczytami 7000 m, otaczaj\u0105 odosobnione doliny, gdzie najwy\u017cszej jako\u015bci Cabernet Sauvignon otrzymuje jasnorubinowy kolor z intensywnymi aromatami czerwonych i czarnych owoc\u00f3w. Wi\u015bnie, je\u017cyny i \u015bliwki mieszaj\u0105 si\u0119 z delikatnymi niuansami przypraw. Znakomite wino, o dobrej strukturze i delikatnych taninach. Oddaje przyjemn\u0105 r\u00f3wnowag\u0119 owocowo\u015bci i d\u0119bu wraz z d\u0142ugim zako\u0144czeniem. Polecane do ser\u00f3w, stek\u00f3w, pieczeni, makaron\u00f3w, zapiekanek i potrawek. Szczep: 100% Cabernet Sauvignon.<\/p>\n<p>\u00a0<\/p>\n<p style=\"color: #939393; font-size: 15px; font-family: &quot;;\">\u00a0<\/p>\n<div class=\"sliders-content\" style=\"font-size: medium; font-family: &quot;;\">\u00a0<\/div>\n","protected":false},"featured_media":15936,"comment_status":"open","ping_status":"closed","template":"","meta":[],"product_cat":[82,80],"product_tag":[],"class_list":{"0":"post-15937","1":"product","2":"type-product","3":"status-publish","4":"has-post-thumbnail","6":"product_cat-chile","7":"product_cat-wina-swiata","9":"first","10":"instock","11":"shipping-taxable","12":"purchasable","13":"product-type-simple"},"_links":{"self":[{"href":"http:\/\/delikatesy.wineport.pl\/index.php?rest_route=\/wp\/v2\/product\/15937","targetHints":{"allow":["GET"]}}],"collection":[{"href":"http:\/\/delikatesy.wineport.pl\/index.php?rest_route=\/wp\/v2\/product"}],"about":[{"href":"http:\/\/delikatesy.wineport.pl\/index.php?rest_route=\/wp\/v2\/types\/product"}],"replies":[{"embeddable":true,"href":"http:\/\/delikatesy.wineport.pl\/index.php?rest_route=%2Fwp%2Fv2%2Fcomments&post=15937"}],"wp:featuredmedia":[{"embeddable":true,"href":"http:\/\/delikatesy.wineport.pl\/index.php?rest_route=\/wp\/v2\/media\/15936"}],"wp:attachment":[{"href":"http:\/\/delikatesy.wineport.pl\/index.php?rest_route=%2Fwp%2Fv2%2Fmedia&parent=15937"}],"wp:term":[{"taxonomy":"product_cat","embeddable":true,"href":"http:\/\/delikatesy.wineport.pl\/index.php?rest_route=%2Fwp%2Fv2%2Fproduct_cat&post=15937"},{"taxonomy":"product_tag","embeddable":true,"href":"http:\/\/delikatesy.wineport.pl\/index.php?rest_route=%2Fwp%2Fv2%2Fproduct_tag&post=15937"}],"curies":[{"name":"wp","href":"https:\/\/api.w.org\/{rel}","templated":true}]}}