{"id":15943,"date":"2024-03-14T14:16:41","date_gmt":"2024-03-14T13:16:41","guid":{"rendered":"http:\/\/delikatesy.wineport.pl\/?product=lagosta-ice-sweet"},"modified":"2026-05-10T19:38:24","modified_gmt":"2026-05-10T17:38:24","slug":"lagosta-ice-sweet","status":"publish","type":"product","link":"http:\/\/delikatesy.wineport.pl\/?product=lagosta-ice-sweet","title":{"rendered":"Lagosta Ice Sweet"},"content":{"rendered":"<p class=\"OPIS\" style=\"color: #939393; font-size: 15px; font-family: &quot;;\"><span lang=\"EN-US\" style=\"font-size: inherit; font-family: inherit;\"><span style=\"color: #ff0000;\">UWAGA!!! NIE WYSY\u0141AMY ALKOHOLU KURIEREM W PRZYPADKU ZAM\u00d3WIE\u0143 OD OS\u00d3B PRYWATNYCH, TYLKO ODBI\u00d3R OSOBISTY NA UL. \u015aW. STANIS\u0141AWA 12 W WARSZAWIE!!! W przypadku op\u0142acenia zam\u00f3wienia alkoholu z wysy\u0142k\u0105, przy zwrocie pieni\u0119dzy zostanie potr\u0105cona prowizja\u00a0<\/span><strong style=\"color: #ff0000;\">DOTPAY<\/strong><span style=\"color: #ff0000;\">!<\/span><\/span><\/p>\n<p class=\"OPIS\" style=\"color: #939393; font-size: 15px; font-family: &quot;;\"><span lang=\"EN-US\" style=\"font-size: inherit; font-family: inherit;\">W smaku delikatne, dobrze wywa\u017cone, trwa\u0142e i delikatnie perliste. Rewelacyjny aperitif a tak\u017ce partner do owoc\u00f3w morza, sushi, ryby, wyrob\u00f3w cukierniczych. Kompozycja: 40% Arinto, 30% Trajadura, 30% Loureiro (kwasowo\u015b\u0107 9% \/ cukier resztkowy 50g\/l).<\/span><\/p>\n<p style=\"color: #939393; font-size: 15px; font-family: &quot;;\">\u00a0<\/p>\n<div class=\"sliders-content\" style=\"font-size: medium; font-family: &quot;;\">\u00a0<\/div>\n","protected":false},"excerpt":{"rendered":"<p class=\"OPIS\" style=\"color: #939393; font-size: 15px; font-family: &quot;;\"><span lang=\"EN-US\" style=\"font-size: inherit; font-family: inherit;\">W smaku delikatne, dobrze wywa\u017cone, trwa\u0142e i delikatnie perliste. Rewelacyjny aperitif a tak\u017ce partner do owoc\u00f3w morza, sushi, ryby, wyrob\u00f3w cukierniczych. Kompozycja: 40% Arinto, 30% Trajadura, 30% Loureiro (kwasowo\u015b\u0107 9% \/ cukier resztkowy 50g\/l).<\/span><\/p>\n<p style=\"color: #939393; font-size: 15px; font-family: &quot;;\">\u00a0<\/p>\n<div class=\"sliders-content\" style=\"font-size: medium; font-family: &quot;;\">\u00a0<\/div>\n","protected":false},"featured_media":15942,"comment_status":"open","ping_status":"closed","template":"","meta":[],"product_cat":[94,80],"product_tag":[],"class_list":{"0":"post-15943","1":"product","2":"type-product","3":"status-publish","4":"has-post-thumbnail","6":"product_cat-portugalia","7":"product_cat-wina-swiata","9":"first","10":"instock","11":"shipping-taxable","12":"purchasable","13":"product-type-simple"},"_links":{"self":[{"href":"http:\/\/delikatesy.wineport.pl\/index.php?rest_route=\/wp\/v2\/product\/15943","targetHints":{"allow":["GET"]}}],"collection":[{"href":"http:\/\/delikatesy.wineport.pl\/index.php?rest_route=\/wp\/v2\/product"}],"about":[{"href":"http:\/\/delikatesy.wineport.pl\/index.php?rest_route=\/wp\/v2\/types\/product"}],"replies":[{"embeddable":true,"href":"http:\/\/delikatesy.wineport.pl\/index.php?rest_route=%2Fwp%2Fv2%2Fcomments&post=15943"}],"wp:featuredmedia":[{"embeddable":true,"href":"http:\/\/delikatesy.wineport.pl\/index.php?rest_route=\/wp\/v2\/media\/15942"}],"wp:attachment":[{"href":"http:\/\/delikatesy.wineport.pl\/index.php?rest_route=%2Fwp%2Fv2%2Fmedia&parent=15943"}],"wp:term":[{"taxonomy":"product_cat","embeddable":true,"href":"http:\/\/delikatesy.wineport.pl\/index.php?rest_route=%2Fwp%2Fv2%2Fproduct_cat&post=15943"},{"taxonomy":"product_tag","embeddable":true,"href":"http:\/\/delikatesy.wineport.pl\/index.php?rest_route=%2Fwp%2Fv2%2Fproduct_tag&post=15943"}],"curies":[{"name":"wp","href":"https:\/\/api.w.org\/{rel}","templated":true}]}}