{"id":16078,"date":"2024-03-14T14:17:06","date_gmt":"2024-03-14T13:17:06","guid":{"rendered":"http:\/\/delikatesy.wineport.pl\/?product=suau-25yo-kart"},"modified":"2026-05-10T19:41:06","modified_gmt":"2026-05-10T17:41:06","slug":"suau-25yo-kart","status":"publish","type":"product","link":"http:\/\/delikatesy.wineport.pl\/?product=suau-25yo-kart","title":{"rendered":"Suau 25yo kart"},"content":{"rendered":"<div class=\"tab-container\" style=\"font-family: Montserrat, sans-serif;\">\n<div class=\"product-tabs\">\n<div class=\"product-tab\" data-tab=\"box_description\">\n<div class=\"innerbox\">\n<div class=\"resetcss\">\n<p>Brandy Suau pochodzi z Majorki. Dzi\u0119ki d\u0142ugiemu le\u017cakowaniu posiada szczeg\u00f3lny smak, kt\u00f3ry zapewnia przyjemne doznania zmys\u0142owe przy konsumpcji. Le\u017cakuje spokojnie w odosobnieniu od zapach\u00f3w i odg\u0142os\u00f3w, poniewa\u017c miejsce przechowywania beczek jest odgrodzone \u015bcian\u0105 o grubo\u015bci 1,8 m od reszty \u015bwiata. Warto doda\u0107, \u017ce producent reklamuje produkt jako \u201eprawdziwy sekret Majorki, kt\u00f3ry nigdy nie powinien zosta\u0107 odkryty\u201d.<\/p>\n<p>Nazwa trunku pochodzi od kupca i \u017ceglarza, kt\u00f3ry naprawd\u0119 nazywa\u0142 si\u0119 Don Juan Suau y Bennaser. To w\u0142a\u015bnie on w 1851 roku otworzy\u0142 fabryk\u0119 tradycyjnych karaibskich napoj\u00f3w.<\/p>\n<p>Przedstawiamy Pa\u0144stwu Brandy Suau 25 YO, kt\u00f3rego smak i zapach pozostawia niezatarte wra\u017cenia. Mi\u0119kki, okr\u0105g\u0142y trunek, lekko s\u0142odki z nutami wanilii, karmelu i nut\u0105 drewna. Dojrza\u0142e, eleganckie i z\u0142o\u017cone cechy warunkuj\u0105 przyjemno\u015b\u0107, kt\u00f3r\u0105 trudno znale\u017a\u0107 w jakimkolwiek innym brandy. Pozycja niew\u0105tpliwie godna polecenia.<\/p>\n<p>\u00a0<\/p>\n<\/p><\/div>\n<\/p><\/div>\n<\/p><\/div>\n<\/p><\/div>\n<\/p><\/div>\n<div class=\"box wce_replaced\" style=\"font-family: Montserrat, sans-serif;\" data-tab=\"box_productrelated\">\u00a0<\/div>\n","protected":false},"excerpt":{"rendered":"<div class=\"tab-container\" style=\"font-family: Montserrat, sans-serif;\">\n<div class=\"product-tabs\">\n<div class=\"product-tab\" data-tab=\"box_description\">\n<div class=\"innerbox\">\n<div class=\"resetcss\">\n<p>Brandy Suau pochodzi z Majorki. Dzi\u0119ki d\u0142ugiemu le\u017cakowaniu posiada szczeg\u00f3lny smak, kt\u00f3ry zapewnia przyjemne doznania zmys\u0142owe przy konsumpcji. Le\u017cakuje spokojnie w odosobnieniu od zapach\u00f3w i odg\u0142os\u00f3w, poniewa\u017c miejsce przechowywania beczek jest odgrodzone \u015bcian\u0105 o grubo\u015bci 1,8 m od reszty \u015bwiata. Warto doda\u0107, \u017ce producent reklamuje produkt jako \u201eprawdziwy sekret Majorki, kt\u00f3ry nigdy nie powinien zosta\u0107 odkryty\u201d.<\/p>\n<p>Nazwa trunku pochodzi od kupca i \u017ceglarza, kt\u00f3ry naprawd\u0119 nazywa\u0142 si\u0119 Don Juan Suau y Bennaser. To w\u0142a\u015bnie on w 1851 roku otworzy\u0142 fabryk\u0119 tradycyjnych karaibskich napoj\u00f3w.<\/p>\n<p>Przedstawiamy Pa\u0144stwu Brandy Suau 25 YO, kt\u00f3rego smak i zapach pozostawia niezatarte wra\u017cenia. Mi\u0119kki, okr\u0105g\u0142y trunek, lekko s\u0142odki z nutami wanilii, karmelu i nut\u0105 drewna. Dojrza\u0142e, eleganckie i z\u0142o\u017cone cechy warunkuj\u0105 przyjemno\u015b\u0107, kt\u00f3r\u0105 trudno znale\u017a\u0107 w jakimkolwiek innym brandy. Pozycja niew\u0105tpliwie godna polecenia.<\/p>\n<p>\u00a0<\/p>\n<\/p><\/div>\n<\/p><\/div>\n<\/p><\/div>\n<\/p><\/div>\n<\/p><\/div>\n<div class=\"box wce_replaced\" style=\"font-family: Montserrat, sans-serif;\" data-tab=\"box_productrelated\">\u00a0<\/div>\n","protected":false},"featured_media":16077,"comment_status":"open","ping_status":"closed","template":"","meta":[],"product_cat":[142,146,145],"product_tag":[],"class_list":{"0":"post-16078","1":"product","2":"type-product","3":"status-publish","4":"has-post-thumbnail","6":"product_cat-alkohole-mocne","7":"product_cat-armagnac-i-brandy","8":"product_cat-cognac","10":"first","11":"instock","12":"shipping-taxable","13":"purchasable","14":"product-type-simple"},"_links":{"self":[{"href":"http:\/\/delikatesy.wineport.pl\/index.php?rest_route=\/wp\/v2\/product\/16078","targetHints":{"allow":["GET"]}}],"collection":[{"href":"http:\/\/delikatesy.wineport.pl\/index.php?rest_route=\/wp\/v2\/product"}],"about":[{"href":"http:\/\/delikatesy.wineport.pl\/index.php?rest_route=\/wp\/v2\/types\/product"}],"replies":[{"embeddable":true,"href":"http:\/\/delikatesy.wineport.pl\/index.php?rest_route=%2Fwp%2Fv2%2Fcomments&post=16078"}],"wp:featuredmedia":[{"embeddable":true,"href":"http:\/\/delikatesy.wineport.pl\/index.php?rest_route=\/wp\/v2\/media\/16077"}],"wp:attachment":[{"href":"http:\/\/delikatesy.wineport.pl\/index.php?rest_route=%2Fwp%2Fv2%2Fmedia&parent=16078"}],"wp:term":[{"taxonomy":"product_cat","embeddable":true,"href":"http:\/\/delikatesy.wineport.pl\/index.php?rest_route=%2Fwp%2Fv2%2Fproduct_cat&post=16078"},{"taxonomy":"product_tag","embeddable":true,"href":"http:\/\/delikatesy.wineport.pl\/index.php?rest_route=%2Fwp%2Fv2%2Fproduct_tag&post=16078"}],"curies":[{"name":"wp","href":"https:\/\/api.w.org\/{rel}","templated":true}]}}