{"id":16088,"date":"2024-03-14T14:17:09","date_gmt":"2024-03-14T13:17:09","guid":{"rendered":"http:\/\/delikatesy.wineport.pl\/?product=maxime-petite-champagne-millesime-1977-skrzynka"},"modified":"2026-05-10T19:41:08","modified_gmt":"2026-05-10T17:41:08","slug":"maxime-petite-champagne-millesime-1977-skrzynka","status":"publish","type":"product","link":"http:\/\/delikatesy.wineport.pl\/?product=maxime-petite-champagne-millesime-1977-skrzynka","title":{"rendered":"Maxime Petite Champagne Millesime 1977 skrzynka"},"content":{"rendered":"<section class=\"page-product-box\" style=\"color: #3b3b3b; font-size: 15px; font-family: Roboto, sans-serif;\">\n<div class=\"rte\" style=\"font-family: inherit;\">\n<p style=\"font-family: inherit;\"><span style=\"color: #ff0000; font-size: 16px; font-family: arial, helvetica, sans-serif;\">UWAGA!!! NIE WYSY\u0141AMY ALKOHOLU KURIEREM W PRZYPADKU ZAM\u00d3WIE\u0143 OD OS\u00d3B PRYWATNYCH, TYLKO ODBI\u00d3R OSOBISTY NA UL. \u015aW. STANIS\u0141AWA 12 W WARSZAWIE!!! W przypadku op\u0142acenia zam\u00f3wienia alkoholu z wysy\u0142k\u0105, przy zwrocie pieni\u0119dzy zostanie potr\u0105cona prowizja dotpay!<\/span><\/p>\n<p style=\"font-family: inherit;\">Maxime Fins Bois z 1977 roku to prawdziwie szlachetny francuski koniak pochodz\u0105cy z rodzinnej winnicy, kt\u00f3rej pocz\u0105tki si\u0119gaj\u0105 1800 roku. Dzi\u0119ki tradycyjnym metodom wytwarzania trunek zyska\u0142 niepowtarzalny charakter, kt\u00f3ry nie ma sobie r\u00f3wnych<\/p>\n<\/p><\/div>\n<\/section>\n","protected":false},"excerpt":{"rendered":"<section class=\"page-product-box\" style=\"color: #3b3b3b; font-size: 15px; font-family: Roboto, sans-serif;\">\n<div class=\"rte\" style=\"font-family: inherit;\">\n<p style=\"font-family: inherit;\"><span style=\"color: #ff0000; font-size: 16px; font-family: arial, helvetica, sans-serif;\">UWAGA!!! NIE WYSY\u0141AMY ALKOHOLU KURIEREM W PRZYPADKU ZAM\u00d3WIE\u0143 OD OS\u00d3B PRYWATNYCH, TYLKO ODBI\u00d3R OSOBISTY NA UL. \u015aW. STANIS\u0141AWA 12 W WARSZAWIE!!! W przypadku op\u0142acenia zam\u00f3wienia alkoholu z wysy\u0142k\u0105, przy zwrocie pieni\u0119dzy zostanie potr\u0105cona prowizja dotpay!<\/span><\/p>\n<p style=\"font-family: inherit;\">Maxime Fins Bois z 1977 roku to prawdziwie szlachetny francuski koniak pochodz\u0105cy z rodzinnej winnicy, kt\u00f3rej pocz\u0105tki si\u0119gaj\u0105 1800 roku. Dzi\u0119ki tradycyjnym metodom wytwarzania trunek zyska\u0142 niepowtarzalny charakter, kt\u00f3ry nie ma sobie r\u00f3wnych<\/p>\n<\/p><\/div>\n<\/section>\n","protected":false},"featured_media":16087,"comment_status":"open","ping_status":"closed","template":"","meta":[],"product_cat":[142,146,145,149],"product_tag":[],"class_list":{"0":"post-16088","1":"product","2":"type-product","3":"status-publish","4":"has-post-thumbnail","6":"product_cat-alkohole-mocne","7":"product_cat-armagnac-i-brandy","8":"product_cat-cognac","9":"product_cat-francja-armagnac-i-brandy","11":"first","12":"instock","13":"shipping-taxable","14":"purchasable","15":"product-type-simple"},"_links":{"self":[{"href":"http:\/\/delikatesy.wineport.pl\/index.php?rest_route=\/wp\/v2\/product\/16088","targetHints":{"allow":["GET"]}}],"collection":[{"href":"http:\/\/delikatesy.wineport.pl\/index.php?rest_route=\/wp\/v2\/product"}],"about":[{"href":"http:\/\/delikatesy.wineport.pl\/index.php?rest_route=\/wp\/v2\/types\/product"}],"replies":[{"embeddable":true,"href":"http:\/\/delikatesy.wineport.pl\/index.php?rest_route=%2Fwp%2Fv2%2Fcomments&post=16088"}],"wp:featuredmedia":[{"embeddable":true,"href":"http:\/\/delikatesy.wineport.pl\/index.php?rest_route=\/wp\/v2\/media\/16087"}],"wp:attachment":[{"href":"http:\/\/delikatesy.wineport.pl\/index.php?rest_route=%2Fwp%2Fv2%2Fmedia&parent=16088"}],"wp:term":[{"taxonomy":"product_cat","embeddable":true,"href":"http:\/\/delikatesy.wineport.pl\/index.php?rest_route=%2Fwp%2Fv2%2Fproduct_cat&post=16088"},{"taxonomy":"product_tag","embeddable":true,"href":"http:\/\/delikatesy.wineport.pl\/index.php?rest_route=%2Fwp%2Fv2%2Fproduct_tag&post=16088"}],"curies":[{"name":"wp","href":"https:\/\/api.w.org\/{rel}","templated":true}]}}