{"id":16235,"date":"2024-03-14T14:17:52","date_gmt":"2024-03-14T13:17:52","guid":{"rendered":"http:\/\/delikatesy.wineport.pl\/?product=lheraud-oublie-xo"},"modified":"2026-05-10T19:43:16","modified_gmt":"2026-05-10T17:43:16","slug":"lheraud-oublie-xo","status":"publish","type":"product","link":"http:\/\/delikatesy.wineport.pl\/?product=lheraud-oublie-xo","title":{"rendered":"LHERAUD OUBLIE XO"},"content":{"rendered":"<div class=\"c-product__details c-text\" style=\"font-size: 1.4rem; font-family: Helvetica, Tahoma, sans-serif;\">\n<p>Apelacja: AOC Cognac\u00a0<span class=\"h-ws-nw\">Kraj: Francja<\/span>\u00a0<span class=\"h-ws-nw\">Region: Cognac<\/span>\u00a0<span class=\"h-ws-nw\">Producent:\u00a0<a href=\"https:\/\/wina-mp.pl\/producent\/guy-lheraud-cognac\">Guy Lheraud Cognac<\/a>\u00a0<\/span>\u00a0<span class=\"h-ws-nw\">Poj.: 0.7<\/span>\u00a0<span class=\"h-ws-nw\">Zaw. Alk. %: 42.0<\/span><\/p>\n<\/p><\/div>\n<div class=\"c-product__desc c-text c-text--lh\" style=\"font-size: 1.4rem; font-family: Helvetica, Tahoma, sans-serif;\">\n<p>Wyj\u0105tkowy koniak apelacji Petite Champagne skomponowany wy\u0142\u0105cznie na bazie gron Ugni Blanc. Dojrzewa\u0142 przez ponad dwadzie\u015bcia lat w beczkach z d\u0119bu Limousin. Pi\u0119kna bursztynowa barwa ze z\u0142otymi refleksami. Bogaty aromat pe\u0142en przypraw i wanilii. W smaku harmonijny z wyra\u017anie wyczuwaln\u0105 czekolad\u0105 i przyprawami korzennymi. Najwy\u017cszej klasy koniak XO w \u015bwietnej relacji ceny do jako\u015bci. Przepi\u0119kne, bardzo eleganckie opakowanie \u0142\u0105cz\u0105ce tradycj\u0119 z nowoczesno\u015bci\u0105.<\/p>\n<\/p><\/div>\n","protected":false},"excerpt":{"rendered":"<div class=\"c-product__details c-text\" style=\"font-size: 1.4rem; font-family: Helvetica, Tahoma, sans-serif;\">\n<p>Apelacja: AOC Cognac\u00a0<span class=\"h-ws-nw\">Kraj: Francja<\/span>\u00a0<span class=\"h-ws-nw\">Region: Cognac<\/span>\u00a0<span class=\"h-ws-nw\">Producent:\u00a0<a href=\"https:\/\/wina-mp.pl\/producent\/guy-lheraud-cognac\">Guy Lheraud Cognac<\/a>\u00a0<\/span>\u00a0<span class=\"h-ws-nw\">Poj.: 0.7<\/span>\u00a0<span class=\"h-ws-nw\">Zaw. Alk. %: 42.0<\/span><\/p>\n<\/p><\/div>\n<div class=\"c-product__desc c-text c-text--lh\" style=\"font-size: 1.4rem; font-family: Helvetica, Tahoma, sans-serif;\">\n<p>Wyj\u0105tkowy koniak apelacji Petite Champagne skomponowany wy\u0142\u0105cznie na bazie gron Ugni Blanc. Dojrzewa\u0142 przez ponad dwadzie\u015bcia lat w beczkach z d\u0119bu Limousin. Pi\u0119kna bursztynowa barwa ze z\u0142otymi refleksami. Bogaty aromat pe\u0142en przypraw i wanilii. W smaku harmonijny z wyra\u017anie wyczuwaln\u0105 czekolad\u0105 i przyprawami korzennymi. Najwy\u017cszej klasy koniak XO w \u015bwietnej relacji ceny do jako\u015bci. Przepi\u0119kne, bardzo eleganckie opakowanie \u0142\u0105cz\u0105ce tradycj\u0119 z nowoczesno\u015bci\u0105.<\/p>\n<\/p><\/div>\n","protected":false},"featured_media":16234,"comment_status":"open","ping_status":"closed","template":"","meta":[],"product_cat":[142,146,150,145,149],"product_tag":[],"class_list":{"0":"post-16235","1":"product","2":"type-product","3":"status-publish","4":"has-post-thumbnail","6":"product_cat-alkohole-mocne","7":"product_cat-armagnac-i-brandy","8":"product_cat-cognac-francja-armagnac-i-brandy","9":"product_cat-cognac","10":"product_cat-francja-armagnac-i-brandy","12":"first","13":"instock","14":"shipping-taxable","15":"purchasable","16":"product-type-simple"},"_links":{"self":[{"href":"http:\/\/delikatesy.wineport.pl\/index.php?rest_route=\/wp\/v2\/product\/16235","targetHints":{"allow":["GET"]}}],"collection":[{"href":"http:\/\/delikatesy.wineport.pl\/index.php?rest_route=\/wp\/v2\/product"}],"about":[{"href":"http:\/\/delikatesy.wineport.pl\/index.php?rest_route=\/wp\/v2\/types\/product"}],"replies":[{"embeddable":true,"href":"http:\/\/delikatesy.wineport.pl\/index.php?rest_route=%2Fwp%2Fv2%2Fcomments&post=16235"}],"wp:featuredmedia":[{"embeddable":true,"href":"http:\/\/delikatesy.wineport.pl\/index.php?rest_route=\/wp\/v2\/media\/16234"}],"wp:attachment":[{"href":"http:\/\/delikatesy.wineport.pl\/index.php?rest_route=%2Fwp%2Fv2%2Fmedia&parent=16235"}],"wp:term":[{"taxonomy":"product_cat","embeddable":true,"href":"http:\/\/delikatesy.wineport.pl\/index.php?rest_route=%2Fwp%2Fv2%2Fproduct_cat&post=16235"},{"taxonomy":"product_tag","embeddable":true,"href":"http:\/\/delikatesy.wineport.pl\/index.php?rest_route=%2Fwp%2Fv2%2Fproduct_tag&post=16235"}],"curies":[{"name":"wp","href":"https:\/\/api.w.org\/{rel}","templated":true}]}}