{"id":16299,"date":"2024-03-14T14:18:08","date_gmt":"2024-03-14T13:18:08","guid":{"rendered":"http:\/\/delikatesy.wineport.pl\/?product=ararat-dvin-aged-collection-reserve-0-7l"},"modified":"2026-05-10T19:44:13","modified_gmt":"2026-05-10T17:44:13","slug":"ararat-dvin-aged-collection-reserve-0-7l","status":"publish","type":"product","link":"http:\/\/delikatesy.wineport.pl\/?product=ararat-dvin-aged-collection-reserve-0-7l","title":{"rendered":"ARARAT DVIN AGED COLLECTION RESERVE 0.7l"},"content":{"rendered":"<div class=\"c-product__details c-text\" style=\"font-size: 1.4rem; font-family: Helvetica, Tahoma, sans-serif;\">\n<p><span class=\"h-ws-nw\">Kraj: Armenia<\/span>\u00a0<span class=\"h-ws-nw\">Producent: Pol M&amp;P\u00a0<\/span>\u00a0<span class=\"h-ws-nw\">Poj.: 0.7<\/span>\u00a0<span class=\"h-ws-nw\">Zaw. Alk. %: 40.0<\/span><\/p>\n<\/p><\/div>\n<div class=\"c-product__desc c-text c-text--lh\" style=\"font-size: 1.4rem; font-family: Helvetica, Tahoma, sans-serif;\">\n<p>Wspania\u0142a dziesi\u0119cioletnia brandy Dvin jest pierwszym arcydzie\u0142em Ekskluzywnej Kolekcji ArArAt, stworzonym w 1945 roku przez Markara Sedrakyana, mistrza w mieszaniu firmy Yerevan Brandy. W ci\u0105gu swojej historii, Dvin otrzyma\u0142a wiele nagr\u00f3d, w tym 13 z\u0142otych medali w mi\u0119dzynarodowych konkursach. Pi\u0119\u0107dziesi\u0119cioprocentowa Dvin sta\u0142a si\u0119 ulubionym trunkiem brytyjskiego premiera &#8211; Winstona Churchilla. Po raz pierwszy kosztowa\u0142 jej podczas spotkania ze Stalinem i Rooseveltem w Ja\u0142cie. Nast\u0119pnie, na rozkaz Stalina, Churchill co miesi\u0105c otrzymywa\u0142 dostaw\u0119 brandy Dvin. Do ko\u0144ca swoich dni, premier by\u0142 oddanym wielbicielem tego legendarnego ormia\u0144skiego trunku, gdy\u017c Dvin to nap\u00f3j dla prawdziwych koneser\u00f3w, kt\u00f3rzy potrafi\u0105 doceni\u0107 wyj\u0105tkowe cechy wspania\u0142ej brandy. W 2011 roku, ArArAt wznowi\u0142 produkcj\u0119 swojego dzie\u0142a w nowym opakowaniu. Legendarna mieszanka nazwana na cze\u015b\u0107 legendarnej \u015bredniowiecznej stolicy Armenii, Dvin jest uciele\u015bnieniem nowego jasnego i wsp\u00f3\u0142czesnego obrazu. Korona Arshakids reprezentuje nowy symbol, dynasti\u0119 panuj\u0105c\u0105 w najbardziej pomy\u015blnym okresie brandy Dvin. Karawany kupieckie stanowi\u0142y przypomnienie kilku wiek\u00f3w, kiedy to Dvin by\u0142o kluczowym o\u015brodkiem handlowym na Wielkim Jedwabnym Szlaku i jednym z najwi\u0119kszych miast w orientalnym \u015bwiecie, znanym z niesamowitego luksusu. Dziedzictwo i bogactwo \u015bredniowiecznego miasta znajduje odzwierciedlenie we wspania\u0142o\u015bci i zamo\u017cno\u015bci tego wyj\u0105tkowego trunku. Wiek: 10 lat. Zawarto\u015b\u0107 alkoholu &#8211; 50%. Zapach i smak &#8211; dzi\u0119ki wyj\u0105tkowo d\u0142ugiemu okresowi dojrzewania w d\u0119bowych beczkach, Dvin zyskuje bogaty bursztynowy kolor z niuansami g\u0142\u0119bokiego mahoniu. Subtelny aromat go\u017adzik\u00f3w idealnie r\u00f3wnowa\u017cy si\u0119 z nutami suszonych owoc\u00f3w, a jasne zabarwienie orzech\u00f3w le\u015bnych ukazuje pikantny, bogaty smak tej brandy.<\/p>\n<\/p><\/div>\n","protected":false},"excerpt":{"rendered":"<div class=\"c-product__details c-text\" style=\"font-size: 1.4rem; font-family: Helvetica, Tahoma, sans-serif;\">\n<p><span class=\"h-ws-nw\">Kraj: Armenia<\/span>\u00a0<span class=\"h-ws-nw\">Producent: Pol M&amp;P\u00a0<\/span>\u00a0<span class=\"h-ws-nw\">Poj.: 0.7<\/span>\u00a0<span class=\"h-ws-nw\">Zaw. Alk. %: 40.0<\/span><\/p>\n<\/p><\/div>\n<div class=\"c-product__desc c-text c-text--lh\" style=\"font-size: 1.4rem; font-family: Helvetica, Tahoma, sans-serif;\">\n<p>Wspania\u0142a dziesi\u0119cioletnia brandy Dvin jest pierwszym arcydzie\u0142em Ekskluzywnej Kolekcji ArArAt, stworzonym w 1945 roku przez Markara Sedrakyana, mistrza w mieszaniu firmy Yerevan Brandy. W ci\u0105gu swojej historii, Dvin otrzyma\u0142a wiele nagr\u00f3d, w tym 13 z\u0142otych medali w mi\u0119dzynarodowych konkursach. Pi\u0119\u0107dziesi\u0119cioprocentowa Dvin sta\u0142a si\u0119 ulubionym trunkiem brytyjskiego premiera &#8211; Winstona Churchilla. Po raz pierwszy kosztowa\u0142 jej podczas spotkania ze Stalinem i Rooseveltem w Ja\u0142cie. Nast\u0119pnie, na rozkaz Stalina, Churchill co miesi\u0105c otrzymywa\u0142 dostaw\u0119 brandy Dvin. Do ko\u0144ca swoich dni, premier by\u0142 oddanym wielbicielem tego legendarnego ormia\u0144skiego trunku, gdy\u017c Dvin to nap\u00f3j dla prawdziwych koneser\u00f3w, kt\u00f3rzy potrafi\u0105 doceni\u0107 wyj\u0105tkowe cechy wspania\u0142ej brandy. W 2011 roku, ArArAt wznowi\u0142 produkcj\u0119 swojego dzie\u0142a w nowym opakowaniu. Legendarna mieszanka nazwana na cze\u015b\u0107 legendarnej \u015bredniowiecznej stolicy Armenii, Dvin jest uciele\u015bnieniem nowego jasnego i wsp\u00f3\u0142czesnego obrazu. Korona Arshakids reprezentuje nowy symbol, dynasti\u0119 panuj\u0105c\u0105 w najbardziej pomy\u015blnym okresie brandy Dvin. Karawany kupieckie stanowi\u0142y przypomnienie kilku wiek\u00f3w, kiedy to Dvin by\u0142o kluczowym o\u015brodkiem handlowym na Wielkim Jedwabnym Szlaku i jednym z najwi\u0119kszych miast w orientalnym \u015bwiecie, znanym z niesamowitego luksusu. Dziedzictwo i bogactwo \u015bredniowiecznego miasta znajduje odzwierciedlenie we wspania\u0142o\u015bci i zamo\u017cno\u015bci tego wyj\u0105tkowego trunku. Wiek: 10 lat. Zawarto\u015b\u0107 alkoholu &#8211; 50%. Zapach i smak &#8211; dzi\u0119ki wyj\u0105tkowo d\u0142ugiemu okresowi dojrzewania w d\u0119bowych beczkach, Dvin zyskuje bogaty bursztynowy kolor z niuansami g\u0142\u0119bokiego mahoniu. Subtelny aromat go\u017adzik\u00f3w idealnie r\u00f3wnowa\u017cy si\u0119 z nutami suszonych owoc\u00f3w, a jasne zabarwienie orzech\u00f3w le\u015bnych ukazuje pikantny, bogaty smak tej brandy.<\/p>\n<\/p><\/div>\n","protected":false},"featured_media":16298,"comment_status":"open","ping_status":"closed","template":"","meta":[],"product_cat":[142,146,152,145,149],"product_tag":[],"class_list":{"0":"post-16299","1":"product","2":"type-product","3":"status-publish","4":"has-post-thumbnail","6":"product_cat-alkohole-mocne","7":"product_cat-armagnac-i-brandy","8":"product_cat-brandy","9":"product_cat-cognac","10":"product_cat-francja-armagnac-i-brandy","12":"first","13":"instock","14":"shipping-taxable","15":"purchasable","16":"product-type-simple"},"_links":{"self":[{"href":"http:\/\/delikatesy.wineport.pl\/index.php?rest_route=\/wp\/v2\/product\/16299","targetHints":{"allow":["GET"]}}],"collection":[{"href":"http:\/\/delikatesy.wineport.pl\/index.php?rest_route=\/wp\/v2\/product"}],"about":[{"href":"http:\/\/delikatesy.wineport.pl\/index.php?rest_route=\/wp\/v2\/types\/product"}],"replies":[{"embeddable":true,"href":"http:\/\/delikatesy.wineport.pl\/index.php?rest_route=%2Fwp%2Fv2%2Fcomments&post=16299"}],"wp:featuredmedia":[{"embeddable":true,"href":"http:\/\/delikatesy.wineport.pl\/index.php?rest_route=\/wp\/v2\/media\/16298"}],"wp:attachment":[{"href":"http:\/\/delikatesy.wineport.pl\/index.php?rest_route=%2Fwp%2Fv2%2Fmedia&parent=16299"}],"wp:term":[{"taxonomy":"product_cat","embeddable":true,"href":"http:\/\/delikatesy.wineport.pl\/index.php?rest_route=%2Fwp%2Fv2%2Fproduct_cat&post=16299"},{"taxonomy":"product_tag","embeddable":true,"href":"http:\/\/delikatesy.wineport.pl\/index.php?rest_route=%2Fwp%2Fv2%2Fproduct_tag&post=16299"}],"curies":[{"name":"wp","href":"https:\/\/api.w.org\/{rel}","templated":true}]}}