{"id":16303,"date":"2024-03-14T14:18:09","date_gmt":"2024-03-14T13:18:09","guid":{"rendered":"http:\/\/delikatesy.wineport.pl\/?product=ararat-otborny-aged-7-years-0-7"},"modified":"2026-05-10T19:45:02","modified_gmt":"2026-05-10T17:45:02","slug":"ararat-otborny-aged-7-years-0-7","status":"publish","type":"product","link":"http:\/\/delikatesy.wineport.pl\/?product=ararat-otborny-aged-7-years-0-7","title":{"rendered":"ARARAT OTBORNY AGED 7 YEARS 0.7"},"content":{"rendered":"<div class=\"c-product__details c-text\" style=\"font-size: 1.4rem; font-family: Helvetica, Tahoma, sans-serif;\">\n<p><span class=\"h-ws-nw\">Kraj: Armenia<\/span>\u00a0<span class=\"h-ws-nw\">Producent: Pol M&amp;P\u00a0<\/span>\u00a0<span class=\"h-ws-nw\">Poj.: 0.7<\/span>\u00a0<span class=\"h-ws-nw\">Zaw. Alk. %: 40.0<\/span><\/p>\n<\/p><\/div>\n<div class=\"c-product__desc c-text c-text--lh\" style=\"font-size: 1.4rem; font-family: Helvetica, Tahoma, sans-serif;\">\n<p>Otborny by\u0142a pierwsz\u0105 ormia\u0144sk\u0105 brandy z dobrego rocznika. Wynalezione w 1902 roku, by\u0142a rocznikiem dostarczanym na st\u00f3\u0142 Jego Cesarskiej Mo\u015bci w pocz\u0105tkach XX wieku i sta\u0142a si\u0119 pierwsz\u0105 i jedyn\u0105 ormia\u0144sk\u0105 brandy, kt\u00f3ra otrzyma\u0142a najwy\u017csz\u0105 nagrod\u0119 Grand Prix na wystawie w Pary\u017cu. Wiek: 7 lat. Zawarto\u015b\u0107 alkoholu &#8211; 40%. Zapach &#8211; \u017cywe, \u015bwie\u017ce owoce. Nieznaczna cierpko\u015b\u0107 jest uzupe\u0142niona fuzj\u0105 \u015bwie\u017cych pomara\u0144czy i podtekst\u00f3w d\u0119bowych. Smak &#8211; intensywny, d\u0142ugotrwa\u0142y i pe\u0142ny, gdzie charakter owocowy r\u00f3wnowa\u017cony jest nut\u0105 cytryny, karmelu i suszonych fig. Ko\u0144cowy akcent ma smak gorzkich migda\u0142\u00f3w.<\/p>\n<\/p><\/div>\n","protected":false},"excerpt":{"rendered":"<div class=\"c-product__details c-text\" style=\"font-size: 1.4rem; font-family: Helvetica, Tahoma, sans-serif;\">\n<p><span class=\"h-ws-nw\">Kraj: Armenia<\/span>\u00a0<span class=\"h-ws-nw\">Producent: Pol M&amp;P\u00a0<\/span>\u00a0<span class=\"h-ws-nw\">Poj.: 0.7<\/span>\u00a0<span class=\"h-ws-nw\">Zaw. Alk. %: 40.0<\/span><\/p>\n<\/p><\/div>\n<div class=\"c-product__desc c-text c-text--lh\" style=\"font-size: 1.4rem; font-family: Helvetica, Tahoma, sans-serif;\">\n<p>Otborny by\u0142a pierwsz\u0105 ormia\u0144sk\u0105 brandy z dobrego rocznika. Wynalezione w 1902 roku, by\u0142a rocznikiem dostarczanym na st\u00f3\u0142 Jego Cesarskiej Mo\u015bci w pocz\u0105tkach XX wieku i sta\u0142a si\u0119 pierwsz\u0105 i jedyn\u0105 ormia\u0144sk\u0105 brandy, kt\u00f3ra otrzyma\u0142a najwy\u017csz\u0105 nagrod\u0119 Grand Prix na wystawie w Pary\u017cu. Wiek: 7 lat. Zawarto\u015b\u0107 alkoholu &#8211; 40%. Zapach &#8211; \u017cywe, \u015bwie\u017ce owoce. Nieznaczna cierpko\u015b\u0107 jest uzupe\u0142niona fuzj\u0105 \u015bwie\u017cych pomara\u0144czy i podtekst\u00f3w d\u0119bowych. Smak &#8211; intensywny, d\u0142ugotrwa\u0142y i pe\u0142ny, gdzie charakter owocowy r\u00f3wnowa\u017cony jest nut\u0105 cytryny, karmelu i suszonych fig. Ko\u0144cowy akcent ma smak gorzkich migda\u0142\u00f3w.<\/p>\n<\/p><\/div>\n","protected":false},"featured_media":16302,"comment_status":"open","ping_status":"closed","template":"","meta":[],"product_cat":[142,146,152,145,149],"product_tag":[],"class_list":{"0":"post-16303","1":"product","2":"type-product","3":"status-publish","4":"has-post-thumbnail","6":"product_cat-alkohole-mocne","7":"product_cat-armagnac-i-brandy","8":"product_cat-brandy","9":"product_cat-cognac","10":"product_cat-francja-armagnac-i-brandy","12":"first","13":"instock","14":"shipping-taxable","15":"purchasable","16":"product-type-simple"},"_links":{"self":[{"href":"http:\/\/delikatesy.wineport.pl\/index.php?rest_route=\/wp\/v2\/product\/16303","targetHints":{"allow":["GET"]}}],"collection":[{"href":"http:\/\/delikatesy.wineport.pl\/index.php?rest_route=\/wp\/v2\/product"}],"about":[{"href":"http:\/\/delikatesy.wineport.pl\/index.php?rest_route=\/wp\/v2\/types\/product"}],"replies":[{"embeddable":true,"href":"http:\/\/delikatesy.wineport.pl\/index.php?rest_route=%2Fwp%2Fv2%2Fcomments&post=16303"}],"wp:featuredmedia":[{"embeddable":true,"href":"http:\/\/delikatesy.wineport.pl\/index.php?rest_route=\/wp\/v2\/media\/16302"}],"wp:attachment":[{"href":"http:\/\/delikatesy.wineport.pl\/index.php?rest_route=%2Fwp%2Fv2%2Fmedia&parent=16303"}],"wp:term":[{"taxonomy":"product_cat","embeddable":true,"href":"http:\/\/delikatesy.wineport.pl\/index.php?rest_route=%2Fwp%2Fv2%2Fproduct_cat&post=16303"},{"taxonomy":"product_tag","embeddable":true,"href":"http:\/\/delikatesy.wineport.pl\/index.php?rest_route=%2Fwp%2Fv2%2Fproduct_tag&post=16303"}],"curies":[{"name":"wp","href":"https:\/\/api.w.org\/{rel}","templated":true}]}}