{"id":16333,"date":"2024-03-14T14:18:14","date_gmt":"2024-03-14T13:18:14","guid":{"rendered":"http:\/\/delikatesy.wineport.pl\/?product=alianca-reserva-0-7l"},"modified":"2026-05-10T19:45:04","modified_gmt":"2026-05-10T17:45:04","slug":"alianca-reserva-0-7l","status":"publish","type":"product","link":"http:\/\/delikatesy.wineport.pl\/?product=alianca-reserva-0-7l","title":{"rendered":"Alianca Reserva 0.7l"},"content":{"rendered":"<div class=\"c-product__details c-text\" style=\"font-size: 1.4rem; font-family: Helvetica, Tahoma, sans-serif;\">\n<p><span class=\"h-ws-nw\">Kraj: Portugalia<\/span>\u00a0<span class=\"h-ws-nw\">Producent:\u00a0<a href=\"https:\/\/wina-mp.pl\/producent\/alianca\">Alianca<\/a>\u00a0<\/span>\u00a0<span class=\"h-ws-nw\">Poj.: 0.7<\/span>\u00a0<span class=\"h-ws-nw\">Zaw. Alk. %: 38.0<\/span><\/p>\n<\/p><\/div>\n<div class=\"c-product__desc c-text c-text--lh\" style=\"font-size: 1.4rem; font-family: Helvetica, Tahoma, sans-serif;\">\n<p>Cech\u0105 przewodni\u0105 tej brandy jest jej niezwyk\u0142a elegancj\u0105, kt\u00f3r\u0105 uzyska\u0142a dzi\u0119ki 8-letniemu dojrzewaniu w beczkach z d\u0119bu ameryka\u0144skiego i portugalskiego. Z\u0142o\u017cony bukiet z zaskakuj\u0105cymi delikatnymi nutami suszonych fio\u0142k\u00f3w, ciasteczek, tytoniu i owoc\u00f3w. W smaku do tego dochodz\u0105 akcenty sk\u00f3ry, orzech\u00f3w w\u0142oskich i kwiat\u00f3w. D\u0142ugi, aksamitny finisz.<\/p>\n<\/p><\/div>\n","protected":false},"excerpt":{"rendered":"<div class=\"c-product__details c-text\" style=\"font-size: 1.4rem; font-family: Helvetica, Tahoma, sans-serif;\">\n<p><span class=\"h-ws-nw\">Kraj: Portugalia<\/span>\u00a0<span class=\"h-ws-nw\">Producent:\u00a0<a href=\"https:\/\/wina-mp.pl\/producent\/alianca\">Alianca<\/a>\u00a0<\/span>\u00a0<span class=\"h-ws-nw\">Poj.: 0.7<\/span>\u00a0<span class=\"h-ws-nw\">Zaw. Alk. %: 38.0<\/span><\/p>\n<\/p><\/div>\n<div class=\"c-product__desc c-text c-text--lh\" style=\"font-size: 1.4rem; font-family: Helvetica, Tahoma, sans-serif;\">\n<p>Cech\u0105 przewodni\u0105 tej brandy jest jej niezwyk\u0142a elegancj\u0105, kt\u00f3r\u0105 uzyska\u0142a dzi\u0119ki 8-letniemu dojrzewaniu w beczkach z d\u0119bu ameryka\u0144skiego i portugalskiego. Z\u0142o\u017cony bukiet z zaskakuj\u0105cymi delikatnymi nutami suszonych fio\u0142k\u00f3w, ciasteczek, tytoniu i owoc\u00f3w. W smaku do tego dochodz\u0105 akcenty sk\u00f3ry, orzech\u00f3w w\u0142oskich i kwiat\u00f3w. D\u0142ugi, aksamitny finisz.<\/p>\n<\/p><\/div>\n","protected":false},"featured_media":16334,"comment_status":"open","ping_status":"closed","template":"","meta":[],"product_cat":[142,146,145],"product_tag":[],"class_list":{"0":"post-16333","1":"product","2":"type-product","3":"status-publish","4":"has-post-thumbnail","6":"product_cat-alkohole-mocne","7":"product_cat-armagnac-i-brandy","8":"product_cat-cognac","10":"first","11":"instock","12":"shipping-taxable","13":"purchasable","14":"product-type-simple"},"_links":{"self":[{"href":"http:\/\/delikatesy.wineport.pl\/index.php?rest_route=\/wp\/v2\/product\/16333","targetHints":{"allow":["GET"]}}],"collection":[{"href":"http:\/\/delikatesy.wineport.pl\/index.php?rest_route=\/wp\/v2\/product"}],"about":[{"href":"http:\/\/delikatesy.wineport.pl\/index.php?rest_route=\/wp\/v2\/types\/product"}],"replies":[{"embeddable":true,"href":"http:\/\/delikatesy.wineport.pl\/index.php?rest_route=%2Fwp%2Fv2%2Fcomments&post=16333"}],"wp:featuredmedia":[{"embeddable":true,"href":"http:\/\/delikatesy.wineport.pl\/index.php?rest_route=\/wp\/v2\/media\/16334"}],"wp:attachment":[{"href":"http:\/\/delikatesy.wineport.pl\/index.php?rest_route=%2Fwp%2Fv2%2Fmedia&parent=16333"}],"wp:term":[{"taxonomy":"product_cat","embeddable":true,"href":"http:\/\/delikatesy.wineport.pl\/index.php?rest_route=%2Fwp%2Fv2%2Fproduct_cat&post=16333"},{"taxonomy":"product_tag","embeddable":true,"href":"http:\/\/delikatesy.wineport.pl\/index.php?rest_route=%2Fwp%2Fv2%2Fproduct_tag&post=16333"}],"curies":[{"name":"wp","href":"https:\/\/api.w.org\/{rel}","templated":true}]}}