{"id":16401,"date":"2024-03-14T14:18:31","date_gmt":"2024-03-14T13:18:31","guid":{"rendered":"http:\/\/delikatesy.wineport.pl\/?product=calvados-fine-louis-lauriston-0-7l"},"modified":"2026-05-10T19:45:59","modified_gmt":"2026-05-10T17:45:59","slug":"calvados-fine-louis-lauriston-0-7l","status":"publish","type":"product","link":"http:\/\/delikatesy.wineport.pl\/?product=calvados-fine-louis-lauriston-0-7l","title":{"rendered":"CALVADOS FINE LOUIS LAURISTON 0.7l"},"content":{"rendered":"<div class=\"c-product__details c-text\" style=\"font-size: 1.4rem; font-family: Helvetica, Tahoma, sans-serif;\">\n<p>Apelacja: Domfrontais\u00a0<span class=\"h-ws-nw\">Kraj: Francja<\/span>\u00a0<span class=\"h-ws-nw\">Region: Domfrontais Calvados<\/span>\u00a0<span class=\"h-ws-nw\">Producent:\u00a0<a href=\"https:\/\/wina-mp.pl\/producent\/calvados-louis-de-lauriston\">Calvados Louis De Lauriston<\/a>\u00a0<\/span>\u00a0<span class=\"h-ws-nw\">Poj.: 0.7<\/span>\u00a0<span class=\"h-ws-nw\">Zaw. Alk. %: 40.0<\/span><\/p>\n<\/p><\/div>\n<div class=\"c-product__desc c-text c-text--lh\" style=\"font-size: 1.4rem; font-family: Helvetica, Tahoma, sans-serif;\">\n<p>M\u0142ody, niezwykle aromatyczny Calvados, le\u017cakowany przez 2 lata w d\u0119bowych beczkach. Pe\u0142en owocowych aromat\u00f3w, o intensywnym posmaku jab\u0142ek i gruszek. Mo\u017ce by\u0107 serwowany \u201eon the rocks\u201d, lub jako dodatek do koktajli. \u015awietnie sprawdza si\u0119 r\u00f3wnie\u017c w kuchni.<\/p>\n<\/p><\/div>\n","protected":false},"excerpt":{"rendered":"<div class=\"c-product__details c-text\" style=\"font-size: 1.4rem; font-family: Helvetica, Tahoma, sans-serif;\">\n<p>Apelacja: Domfrontais\u00a0<span class=\"h-ws-nw\">Kraj: Francja<\/span>\u00a0<span class=\"h-ws-nw\">Region: Domfrontais Calvados<\/span>\u00a0<span class=\"h-ws-nw\">Producent:\u00a0<a href=\"https:\/\/wina-mp.pl\/producent\/calvados-louis-de-lauriston\">Calvados Louis De Lauriston<\/a>\u00a0<\/span>\u00a0<span class=\"h-ws-nw\">Poj.: 0.7<\/span>\u00a0<span class=\"h-ws-nw\">Zaw. Alk. %: 40.0<\/span><\/p>\n<\/p><\/div>\n<div class=\"c-product__desc c-text c-text--lh\" style=\"font-size: 1.4rem; font-family: Helvetica, Tahoma, sans-serif;\">\n<p>M\u0142ody, niezwykle aromatyczny Calvados, le\u017cakowany przez 2 lata w d\u0119bowych beczkach. Pe\u0142en owocowych aromat\u00f3w, o intensywnym posmaku jab\u0142ek i gruszek. Mo\u017ce by\u0107 serwowany \u201eon the rocks\u201d, lub jako dodatek do koktajli. \u015awietnie sprawdza si\u0119 r\u00f3wnie\u017c w kuchni.<\/p>\n<\/p><\/div>\n","protected":false},"featured_media":16400,"comment_status":"open","ping_status":"closed","template":"","meta":[],"product_cat":[142,219],"product_tag":[],"class_list":{"0":"post-16401","1":"product","2":"type-product","3":"status-publish","4":"has-post-thumbnail","6":"product_cat-alkohole-mocne","7":"product_cat-calvados","9":"first","10":"instock","11":"shipping-taxable","12":"purchasable","13":"product-type-simple"},"_links":{"self":[{"href":"http:\/\/delikatesy.wineport.pl\/index.php?rest_route=\/wp\/v2\/product\/16401","targetHints":{"allow":["GET"]}}],"collection":[{"href":"http:\/\/delikatesy.wineport.pl\/index.php?rest_route=\/wp\/v2\/product"}],"about":[{"href":"http:\/\/delikatesy.wineport.pl\/index.php?rest_route=\/wp\/v2\/types\/product"}],"replies":[{"embeddable":true,"href":"http:\/\/delikatesy.wineport.pl\/index.php?rest_route=%2Fwp%2Fv2%2Fcomments&post=16401"}],"wp:featuredmedia":[{"embeddable":true,"href":"http:\/\/delikatesy.wineport.pl\/index.php?rest_route=\/wp\/v2\/media\/16400"}],"wp:attachment":[{"href":"http:\/\/delikatesy.wineport.pl\/index.php?rest_route=%2Fwp%2Fv2%2Fmedia&parent=16401"}],"wp:term":[{"taxonomy":"product_cat","embeddable":true,"href":"http:\/\/delikatesy.wineport.pl\/index.php?rest_route=%2Fwp%2Fv2%2Fproduct_cat&post=16401"},{"taxonomy":"product_tag","embeddable":true,"href":"http:\/\/delikatesy.wineport.pl\/index.php?rest_route=%2Fwp%2Fv2%2Fproduct_tag&post=16401"}],"curies":[{"name":"wp","href":"https:\/\/api.w.org\/{rel}","templated":true}]}}