{"id":16415,"date":"2024-03-14T14:18:34","date_gmt":"2024-03-14T13:18:34","guid":{"rendered":"http:\/\/delikatesy.wineport.pl\/?product=cordelier-marc-de-provence-0-7l"},"modified":"2026-05-10T19:46:00","modified_gmt":"2026-05-10T17:46:00","slug":"cordelier-marc-de-provence-0-7l","status":"publish","type":"product","link":"http:\/\/delikatesy.wineport.pl\/?product=cordelier-marc-de-provence-0-7l","title":{"rendered":"CORDELIER MARC DE PROVENCE 0.7l"},"content":{"rendered":"<p><em><\/em><\/p>\n<div class=\"c-product__details c-text\" style=\"font-size: 1.4rem; font-family: Helvetica, Tahoma, sans-serif;\">\n<p><span class=\"h-ws-nw\">Kraj: Francja<\/span>\u00a0<span class=\"h-ws-nw\">Region: Prowansja<\/span>\u00a0<span class=\"h-ws-nw\">Producent:\u00a0<a href=\"https:\/\/wina-mp.pl\/producent\/distilleries-et-domaines-prove\">Distilleries Et Domaines Prove<\/a>\u00a0<\/span>\u00a0<span class=\"h-ws-nw\">Poj.: 0.7<\/span>\u00a0<span class=\"h-ws-nw\">Zaw. Alk. %: 45.0<\/span><\/p>\n<\/p><\/div>\n<div class=\"c-product__desc c-text c-text--lh\" style=\"font-size: 1.4rem; font-family: Helvetica, Tahoma, sans-serif;\">\n<p>Marc to rodzaj destylatu winogronowego charakterystycznego dla Francji. Marc de Provence Cordelier wzi\u0105\u0142 swoj\u0105 nazw\u0119 od klasztoru w miejscowo\u015bci Forcalquier i zosta\u0142 stworzony na bazie 3 szczep\u00f3w: czerwonych Grenache i Syrah oraz bia\u0142ego Viognier. Destylowany dwukrotnie jest trunkiem przejrzystym i bardzo aromatycznym. Bukiet jest mocno gronowy, pe\u0142ny, z ewidentn\u0105 nut\u0105 Viogniera. W smaku wytrawany, owocowy i kremowy. Idealny jako digestif, ale dobrze si\u0119 te\u017c komponuje z jedzeniem \u2013 typowe po\u0142\u0105czenie to zestaw prowansalskich ser\u00f3w z figami i konfitur\u0105.<\/p>\n<\/p><\/div>\n","protected":false},"excerpt":{"rendered":"<div class=\"c-product__details c-text\" style=\"font-size: 1.4rem; font-family: Helvetica, Tahoma, sans-serif;\">\n<p><span class=\"h-ws-nw\">Kraj: Francja<\/span>\u00a0<span class=\"h-ws-nw\">Region: Prowansja<\/span>\u00a0<span class=\"h-ws-nw\">Producent:\u00a0<a href=\"https:\/\/wina-mp.pl\/producent\/distilleries-et-domaines-prove\">Distilleries Et Domaines Prove<\/a>\u00a0<\/span>\u00a0<span class=\"h-ws-nw\">Poj.: 0.7<\/span>\u00a0<span class=\"h-ws-nw\">Zaw. Alk. %: 45.0<\/span><\/p>\n<\/p><\/div>\n<div class=\"c-product__desc c-text c-text--lh\" style=\"font-size: 1.4rem; font-family: Helvetica, Tahoma, sans-serif;\">\n<p>Marc to rodzaj destylatu winogronowego charakterystycznego dla Francji. Marc de Provence Cordelier wzi\u0105\u0142 swoj\u0105 nazw\u0119 od klasztoru w miejscowo\u015bci Forcalquier i zosta\u0142 stworzony na bazie 3 szczep\u00f3w: czerwonych Grenache i Syrah oraz bia\u0142ego Viognier. Destylowany dwukrotnie jest trunkiem przejrzystym i bardzo aromatycznym. Bukiet jest mocno gronowy, pe\u0142ny, z ewidentn\u0105 nut\u0105 Viogniera. W smaku wytrawany, owocowy i kremowy. Idealny jako digestif, ale dobrze si\u0119 te\u017c komponuje z jedzeniem \u2013 typowe po\u0142\u0105czenie to zestaw prowansalskich ser\u00f3w z figami i konfitur\u0105.<\/p>\n<\/p><\/div>\n","protected":false},"featured_media":16414,"comment_status":"open","ping_status":"closed","template":"","meta":[],"product_cat":[142,209],"product_tag":[],"class_list":{"0":"post-16415","1":"product","2":"type-product","3":"status-publish","4":"has-post-thumbnail","6":"product_cat-alkohole-mocne","7":"product_cat-grappa","9":"first","10":"instock","11":"shipping-taxable","12":"purchasable","13":"product-type-simple"},"_links":{"self":[{"href":"http:\/\/delikatesy.wineport.pl\/index.php?rest_route=\/wp\/v2\/product\/16415","targetHints":{"allow":["GET"]}}],"collection":[{"href":"http:\/\/delikatesy.wineport.pl\/index.php?rest_route=\/wp\/v2\/product"}],"about":[{"href":"http:\/\/delikatesy.wineport.pl\/index.php?rest_route=\/wp\/v2\/types\/product"}],"replies":[{"embeddable":true,"href":"http:\/\/delikatesy.wineport.pl\/index.php?rest_route=%2Fwp%2Fv2%2Fcomments&post=16415"}],"wp:featuredmedia":[{"embeddable":true,"href":"http:\/\/delikatesy.wineport.pl\/index.php?rest_route=\/wp\/v2\/media\/16414"}],"wp:attachment":[{"href":"http:\/\/delikatesy.wineport.pl\/index.php?rest_route=%2Fwp%2Fv2%2Fmedia&parent=16415"}],"wp:term":[{"taxonomy":"product_cat","embeddable":true,"href":"http:\/\/delikatesy.wineport.pl\/index.php?rest_route=%2Fwp%2Fv2%2Fproduct_cat&post=16415"},{"taxonomy":"product_tag","embeddable":true,"href":"http:\/\/delikatesy.wineport.pl\/index.php?rest_route=%2Fwp%2Fv2%2Fproduct_tag&post=16415"}],"curies":[{"name":"wp","href":"https:\/\/api.w.org\/{rel}","templated":true}]}}