{"id":16451,"date":"2024-03-14T14:18:43","date_gmt":"2024-03-14T13:18:43","guid":{"rendered":"http:\/\/delikatesy.wineport.pl\/?product=la-morbida-grappa-biala-0-7l"},"modified":"2026-05-10T19:47:06","modified_gmt":"2026-05-10T17:47:06","slug":"la-morbida-grappa-biala-0-7l","status":"publish","type":"product","link":"http:\/\/delikatesy.wineport.pl\/?product=la-morbida-grappa-biala-0-7l","title":{"rendered":"LA MORBIDA GRAPPA BIA\u0141A 0.7l"},"content":{"rendered":"<div class=\"c-product__details c-text\" style=\"font-size: 1.4rem; font-family: Helvetica, Tahoma, sans-serif;\">\n<p><span class=\"h-ws-nw\">Kraj: W\u0142ochy<\/span>\u00a0<span class=\"h-ws-nw\">Producent:\u00a0<a href=\"https:\/\/wina-mp.pl\/producent\/roner\">Roner<\/a>\u00a0<\/span>\u00a0<span class=\"h-ws-nw\">Poj.: 0.7<\/span>\u00a0<span class=\"h-ws-nw\">Zaw. Alk. %: 40.0<\/span><\/p>\n<\/p><\/div>\n<div class=\"c-product__desc c-text c-text--lh\" style=\"font-size: 1.4rem; font-family: Helvetica, Tahoma, sans-serif;\">\n<p>Tajemnic\u0105 tej niezwyk\u0142ej grappy jest eau-de-vie produkowana ze starannie selekcjonowanych, naj\u015bwie\u017cszych gron szczep\u00f3w Moscato oraz Chardonnay, pochodz\u0105cych z winnic w Po\u0142udniowym Tyrolu. Owoce s\u0105 oddzielnie przechowywane w stalowych tankach, a nast\u0119pnie poddawane wolnej destylacji w destylatorach bain-marie. Po starannej rafinacji, kt\u00f3ra trwa przynajmniej 10 miesi\u0119cy eua-de-vie s\u0105 blendowane w odpowiednich proporcjach i w rezultacie powstaje elegancka, aromatyczna i mi\u0119kka grappa. La Morbida zadowoli nawet najbardziej wymagaj\u0105cych smakoszy.<\/p>\n<\/p><\/div>\n","protected":false},"excerpt":{"rendered":"<div class=\"c-product__details c-text\" style=\"font-size: 1.4rem; font-family: Helvetica, Tahoma, sans-serif;\">\n<p><span class=\"h-ws-nw\">Kraj: W\u0142ochy<\/span>\u00a0<span class=\"h-ws-nw\">Producent:\u00a0<a href=\"https:\/\/wina-mp.pl\/producent\/roner\">Roner<\/a>\u00a0<\/span>\u00a0<span class=\"h-ws-nw\">Poj.: 0.7<\/span>\u00a0<span class=\"h-ws-nw\">Zaw. Alk. %: 40.0<\/span><\/p>\n<\/p><\/div>\n<div class=\"c-product__desc c-text c-text--lh\" style=\"font-size: 1.4rem; font-family: Helvetica, Tahoma, sans-serif;\">\n<p>Tajemnic\u0105 tej niezwyk\u0142ej grappy jest eau-de-vie produkowana ze starannie selekcjonowanych, naj\u015bwie\u017cszych gron szczep\u00f3w Moscato oraz Chardonnay, pochodz\u0105cych z winnic w Po\u0142udniowym Tyrolu. Owoce s\u0105 oddzielnie przechowywane w stalowych tankach, a nast\u0119pnie poddawane wolnej destylacji w destylatorach bain-marie. Po starannej rafinacji, kt\u00f3ra trwa przynajmniej 10 miesi\u0119cy eua-de-vie s\u0105 blendowane w odpowiednich proporcjach i w rezultacie powstaje elegancka, aromatyczna i mi\u0119kka grappa. La Morbida zadowoli nawet najbardziej wymagaj\u0105cych smakoszy.<\/p>\n<\/p><\/div>\n","protected":false},"featured_media":16450,"comment_status":"open","ping_status":"closed","template":"","meta":[],"product_cat":[142,209],"product_tag":[],"class_list":{"0":"post-16451","1":"product","2":"type-product","3":"status-publish","4":"has-post-thumbnail","6":"product_cat-alkohole-mocne","7":"product_cat-grappa","9":"first","10":"instock","11":"shipping-taxable","12":"purchasable","13":"product-type-simple"},"_links":{"self":[{"href":"http:\/\/delikatesy.wineport.pl\/index.php?rest_route=\/wp\/v2\/product\/16451","targetHints":{"allow":["GET"]}}],"collection":[{"href":"http:\/\/delikatesy.wineport.pl\/index.php?rest_route=\/wp\/v2\/product"}],"about":[{"href":"http:\/\/delikatesy.wineport.pl\/index.php?rest_route=\/wp\/v2\/types\/product"}],"replies":[{"embeddable":true,"href":"http:\/\/delikatesy.wineport.pl\/index.php?rest_route=%2Fwp%2Fv2%2Fcomments&post=16451"}],"wp:featuredmedia":[{"embeddable":true,"href":"http:\/\/delikatesy.wineport.pl\/index.php?rest_route=\/wp\/v2\/media\/16450"}],"wp:attachment":[{"href":"http:\/\/delikatesy.wineport.pl\/index.php?rest_route=%2Fwp%2Fv2%2Fmedia&parent=16451"}],"wp:term":[{"taxonomy":"product_cat","embeddable":true,"href":"http:\/\/delikatesy.wineport.pl\/index.php?rest_route=%2Fwp%2Fv2%2Fproduct_cat&post=16451"},{"taxonomy":"product_tag","embeddable":true,"href":"http:\/\/delikatesy.wineport.pl\/index.php?rest_route=%2Fwp%2Fv2%2Fproduct_tag&post=16451"}],"curies":[{"name":"wp","href":"https:\/\/api.w.org\/{rel}","templated":true}]}}