{"id":16571,"date":"2024-03-14T14:19:13","date_gmt":"2024-03-14T13:19:13","guid":{"rendered":"http:\/\/delikatesy.wineport.pl\/?product=wenneker-sour-apple-0-7"},"modified":"2026-05-10T19:49:02","modified_gmt":"2026-05-10T17:49:02","slug":"wenneker-sour-apple-0-7","status":"publish","type":"product","link":"http:\/\/delikatesy.wineport.pl\/?product=wenneker-sour-apple-0-7","title":{"rendered":"WENNEKER SOUR APPLE 0.7"},"content":{"rendered":"<p style=\"font-size: 1.1em !important; font-family: latoM;\">Holenderski likier o doskona\u0142ym smaku i aromacie zielonego jab\u0142uszka i r\u00f3wnie wyj\u0105tkowej zielonej barwie. Produkowany na bazie \u015bwie\u017cego soku ze starannie wyselekcjonowanych najwy\u017cszej jako\u015bci jab\u0142ek. Ca\u0142o\u015b\u0107 tworzy idealn\u0105 kompozycj\u0119 nadaj\u0105c\u0105 sie do spo\u017cywania na czysto po sch\u0142odzeniu oraz jako sk\u0142adnik koktajli lub dodatek do r\u00f3\u017cnego rodzaju deser\u00f3w.<\/p>\n<p style=\"font-size: 1.1em !important; font-family: latoM;\">SOUR APPLE WENNEKER<br \/>BUTELKA: 0,7L<br \/>ZAW. ALK.: 15%\u00a0<\/p>\n","protected":false},"excerpt":{"rendered":"<p style=\"font-size: 1.1em !important; font-family: latoM;\">Holenderski likier o doskona\u0142ym smaku i aromacie zielonego jab\u0142uszka i r\u00f3wnie wyj\u0105tkowej zielonej barwie. Produkowany na bazie \u015bwie\u017cego soku ze starannie wyselekcjonowanych najwy\u017cszej jako\u015bci jab\u0142ek. Ca\u0142o\u015b\u0107 tworzy idealn\u0105 kompozycj\u0119 nadaj\u0105c\u0105 sie do spo\u017cywania na czysto po sch\u0142odzeniu oraz jako sk\u0142adnik koktajli lub dodatek do r\u00f3\u017cnego rodzaju deser\u00f3w.<\/p>\n<p style=\"font-size: 1.1em !important; font-family: latoM;\">SOUR APPLE WENNEKER<br \/>BUTELKA: 0,7L<br \/>ZAW. ALK.: 15%\u00a0<\/p>\n","protected":false},"featured_media":16570,"comment_status":"open","ping_status":"closed","template":"","meta":[],"product_cat":[105,104,107,106],"product_tag":[],"class_list":{"0":"post-16571","1":"product","2":"type-product","3":"status-publish","4":"has-post-thumbnail","6":"product_cat-kremy","7":"product_cat-likiery","8":"product_cat-likiery-i-kremy","9":"product_cat-nalewki-i-miody","11":"first","12":"instock","13":"shipping-taxable","14":"purchasable","15":"product-type-simple"},"_links":{"self":[{"href":"http:\/\/delikatesy.wineport.pl\/index.php?rest_route=\/wp\/v2\/product\/16571","targetHints":{"allow":["GET"]}}],"collection":[{"href":"http:\/\/delikatesy.wineport.pl\/index.php?rest_route=\/wp\/v2\/product"}],"about":[{"href":"http:\/\/delikatesy.wineport.pl\/index.php?rest_route=\/wp\/v2\/types\/product"}],"replies":[{"embeddable":true,"href":"http:\/\/delikatesy.wineport.pl\/index.php?rest_route=%2Fwp%2Fv2%2Fcomments&post=16571"}],"wp:featuredmedia":[{"embeddable":true,"href":"http:\/\/delikatesy.wineport.pl\/index.php?rest_route=\/wp\/v2\/media\/16570"}],"wp:attachment":[{"href":"http:\/\/delikatesy.wineport.pl\/index.php?rest_route=%2Fwp%2Fv2%2Fmedia&parent=16571"}],"wp:term":[{"taxonomy":"product_cat","embeddable":true,"href":"http:\/\/delikatesy.wineport.pl\/index.php?rest_route=%2Fwp%2Fv2%2Fproduct_cat&post=16571"},{"taxonomy":"product_tag","embeddable":true,"href":"http:\/\/delikatesy.wineport.pl\/index.php?rest_route=%2Fwp%2Fv2%2Fproduct_tag&post=16571"}],"curies":[{"name":"wp","href":"https:\/\/api.w.org\/{rel}","templated":true}]}}