{"id":16688,"date":"2024-03-14T14:19:48","date_gmt":"2024-03-14T13:19:48","guid":{"rendered":"http:\/\/delikatesy.wineport.pl\/?product=ron-barcelo-gran-anejo-005l-375-mini-rum"},"modified":"2026-05-10T19:51:03","modified_gmt":"2026-05-10T17:51:03","slug":"ron-barcelo-gran-anejo-005l-375-mini-rum","status":"publish","type":"product","link":"http:\/\/delikatesy.wineport.pl\/?product=ron-barcelo-gran-anejo-005l-375-mini-rum","title":{"rendered":"RON BARCELO GRAN ANEJO 0,05L 37,5% MINI RUM"},"content":{"rendered":"<div class=\"c-product__details c-text\" style=\"font-size: 1.4rem; font-family: Helvetica, Tahoma, sans-serif;\">\n<p><span class=\"h-ws-nw\">Kraj: Dominikana<\/span>\u00a0<span class=\"h-ws-nw\">Producent:\u00a0<a href=\"https:\/\/wina-mp.pl\/producent\/ron-barcelo\">Ron Barcelo<\/a>\u00a0<\/span>\u00a0<span class=\"h-ws-nw\">Poj.: 0.05<\/span>\u00a0<span class=\"h-ws-nw\">Zaw. Alk. %: 37.5<\/span><\/p>\n<\/p><\/div>\n<div class=\"c-product__desc c-text c-text--lh\" style=\"font-size: 1.4rem; font-family: Helvetica, Tahoma, sans-serif;\">\n<p>Kompozycja najlepszych rum\u00f3w, o pi\u0119knym, bursztynowym kolorze, starzona w beczkach z ameryka\u0144skiego d\u0119bu przez ponad 6 lat. Wspania\u0142e aromaty ma\u015blane, orzechowe, z nutami pieprzu i karmelu. Usta kr\u0105g\u0142e, pe\u0142ne, z nutami pra\u017conego kokosa, toffi i przypraw. Finisz wytrawny, pieprzny, jednocze\u015bnie nieco karmelowy, z lekkim, kredowym posmakiem. Znakomity trunek do picia na lodzie, ewentualnie zmieszany z odrobin\u0105 wody.<\/p>\n<\/p><\/div>\n","protected":false},"excerpt":{"rendered":"<div class=\"c-product__details c-text\" style=\"font-size: 1.4rem; font-family: Helvetica, Tahoma, sans-serif;\">\n<p><span class=\"h-ws-nw\">Kraj: Dominikana<\/span>\u00a0<span class=\"h-ws-nw\">Producent:\u00a0<a href=\"https:\/\/wina-mp.pl\/producent\/ron-barcelo\">Ron Barcelo<\/a>\u00a0<\/span>\u00a0<span class=\"h-ws-nw\">Poj.: 0.05<\/span>\u00a0<span class=\"h-ws-nw\">Zaw. Alk. %: 37.5<\/span><\/p>\n<\/p><\/div>\n<div class=\"c-product__desc c-text c-text--lh\" style=\"font-size: 1.4rem; font-family: Helvetica, Tahoma, sans-serif;\">\n<p>Kompozycja najlepszych rum\u00f3w, o pi\u0119knym, bursztynowym kolorze, starzona w beczkach z ameryka\u0144skiego d\u0119bu przez ponad 6 lat. Wspania\u0142e aromaty ma\u015blane, orzechowe, z nutami pieprzu i karmelu. Usta kr\u0105g\u0142e, pe\u0142ne, z nutami pra\u017conego kokosa, toffi i przypraw. Finisz wytrawny, pieprzny, jednocze\u015bnie nieco karmelowy, z lekkim, kredowym posmakiem. Znakomity trunek do picia na lodzie, ewentualnie zmieszany z odrobin\u0105 wody.<\/p>\n<\/p><\/div>\n","protected":false},"featured_media":16687,"comment_status":"open","ping_status":"closed","template":"","meta":[],"product_cat":[142,200],"product_tag":[],"class_list":{"0":"post-16688","1":"product","2":"type-product","3":"status-publish","4":"has-post-thumbnail","6":"product_cat-alkohole-mocne","7":"product_cat-rum","9":"first","10":"instock","11":"shipping-taxable","12":"purchasable","13":"product-type-simple"},"_links":{"self":[{"href":"http:\/\/delikatesy.wineport.pl\/index.php?rest_route=\/wp\/v2\/product\/16688","targetHints":{"allow":["GET"]}}],"collection":[{"href":"http:\/\/delikatesy.wineport.pl\/index.php?rest_route=\/wp\/v2\/product"}],"about":[{"href":"http:\/\/delikatesy.wineport.pl\/index.php?rest_route=\/wp\/v2\/types\/product"}],"replies":[{"embeddable":true,"href":"http:\/\/delikatesy.wineport.pl\/index.php?rest_route=%2Fwp%2Fv2%2Fcomments&post=16688"}],"wp:featuredmedia":[{"embeddable":true,"href":"http:\/\/delikatesy.wineport.pl\/index.php?rest_route=\/wp\/v2\/media\/16687"}],"wp:attachment":[{"href":"http:\/\/delikatesy.wineport.pl\/index.php?rest_route=%2Fwp%2Fv2%2Fmedia&parent=16688"}],"wp:term":[{"taxonomy":"product_cat","embeddable":true,"href":"http:\/\/delikatesy.wineport.pl\/index.php?rest_route=%2Fwp%2Fv2%2Fproduct_cat&post=16688"},{"taxonomy":"product_tag","embeddable":true,"href":"http:\/\/delikatesy.wineport.pl\/index.php?rest_route=%2Fwp%2Fv2%2Fproduct_tag&post=16688"}],"curies":[{"name":"wp","href":"https:\/\/api.w.org\/{rel}","templated":true}]}}