{"id":16692,"date":"2024-03-14T14:19:49","date_gmt":"2024-03-14T13:19:49","guid":{"rendered":"http:\/\/delikatesy.wineport.pl\/?product=ron-barcelo-imperial-0-7"},"modified":"2026-05-10T19:51:04","modified_gmt":"2026-05-10T17:51:04","slug":"ron-barcelo-imperial-0-7","status":"publish","type":"product","link":"http:\/\/delikatesy.wineport.pl\/?product=ron-barcelo-imperial-0-7","title":{"rendered":"RON BARCELO IMPERIAL 0.7"},"content":{"rendered":"<div class=\"c-product__details c-text\" style=\"font-size: 1.4rem; font-family: Helvetica, Tahoma, sans-serif;\">\n<p><span class=\"h-ws-nw\">Kraj: Dominikana<\/span>\u00a0<span class=\"h-ws-nw\">Producent:\u00a0<a href=\"https:\/\/wina-mp.pl\/producent\/ron-barcelo\">Ron Barcelo<\/a>\u00a0<\/span>\u00a0<span class=\"h-ws-nw\">Poj.: 0.7<\/span>\u00a0<span class=\"h-ws-nw\">Zaw. Alk. %: 38.0<\/span><\/p>\n<\/p><\/div>\n<div class=\"c-product__desc c-text c-text--lh\" style=\"font-size: 1.4rem; font-family: Helvetica, Tahoma, sans-serif;\">\n<p>Rezultat najlepszej selekcji karaibskiej trzciny cukrowej. Naj\u015bwietniejsze zasoby rumu wybrane z tego co najszlachetniejsze. Trunek koloru miedzi, o pi\u0119knym po\u0142ysku, pe\u0142en bujnych aromat\u00f3w mas\u0142a, toffi, kwiat\u00f3w i suszonych owoc\u00f3w. W Ustach \u015bwie\u017cy i aromatyczny, ze s\u0142odkimi nutami karmelu, suszonych jab\u0142ek, gruszek i korzennych przypraw. Finisz d\u0142ugi, owocowy, lekko ma\u015blany, dotkni\u0119ty odrobin\u0105 li\u015bci tytoniu i pieprzu. Znakomity i doskonale zr\u00f3wnowa\u017cony rum, o delikatnej teksturze i eleganckim, bogatym smaku. Idealnie smakuje sam, ewentualnie na lodzie.<\/p>\n<\/p><\/div>\n","protected":false},"excerpt":{"rendered":"<div class=\"c-product__details c-text\" style=\"font-size: 1.4rem; font-family: Helvetica, Tahoma, sans-serif;\">\n<p><span class=\"h-ws-nw\">Kraj: Dominikana<\/span>\u00a0<span class=\"h-ws-nw\">Producent:\u00a0<a href=\"https:\/\/wina-mp.pl\/producent\/ron-barcelo\">Ron Barcelo<\/a>\u00a0<\/span>\u00a0<span class=\"h-ws-nw\">Poj.: 0.7<\/span>\u00a0<span class=\"h-ws-nw\">Zaw. Alk. %: 38.0<\/span><\/p>\n<\/p><\/div>\n<div class=\"c-product__desc c-text c-text--lh\" style=\"font-size: 1.4rem; font-family: Helvetica, Tahoma, sans-serif;\">\n<p>Rezultat najlepszej selekcji karaibskiej trzciny cukrowej. Naj\u015bwietniejsze zasoby rumu wybrane z tego co najszlachetniejsze. Trunek koloru miedzi, o pi\u0119knym po\u0142ysku, pe\u0142en bujnych aromat\u00f3w mas\u0142a, toffi, kwiat\u00f3w i suszonych owoc\u00f3w. W Ustach \u015bwie\u017cy i aromatyczny, ze s\u0142odkimi nutami karmelu, suszonych jab\u0142ek, gruszek i korzennych przypraw. Finisz d\u0142ugi, owocowy, lekko ma\u015blany, dotkni\u0119ty odrobin\u0105 li\u015bci tytoniu i pieprzu. Znakomity i doskonale zr\u00f3wnowa\u017cony rum, o delikatnej teksturze i eleganckim, bogatym smaku. Idealnie smakuje sam, ewentualnie na lodzie.<\/p>\n<\/p><\/div>\n","protected":false},"featured_media":16691,"comment_status":"open","ping_status":"closed","template":"","meta":[],"product_cat":[142,200],"product_tag":[],"class_list":{"0":"post-16692","1":"product","2":"type-product","3":"status-publish","4":"has-post-thumbnail","6":"product_cat-alkohole-mocne","7":"product_cat-rum","9":"first","10":"instock","11":"shipping-taxable","12":"purchasable","13":"product-type-simple"},"_links":{"self":[{"href":"http:\/\/delikatesy.wineport.pl\/index.php?rest_route=\/wp\/v2\/product\/16692","targetHints":{"allow":["GET"]}}],"collection":[{"href":"http:\/\/delikatesy.wineport.pl\/index.php?rest_route=\/wp\/v2\/product"}],"about":[{"href":"http:\/\/delikatesy.wineport.pl\/index.php?rest_route=\/wp\/v2\/types\/product"}],"replies":[{"embeddable":true,"href":"http:\/\/delikatesy.wineport.pl\/index.php?rest_route=%2Fwp%2Fv2%2Fcomments&post=16692"}],"wp:featuredmedia":[{"embeddable":true,"href":"http:\/\/delikatesy.wineport.pl\/index.php?rest_route=\/wp\/v2\/media\/16691"}],"wp:attachment":[{"href":"http:\/\/delikatesy.wineport.pl\/index.php?rest_route=%2Fwp%2Fv2%2Fmedia&parent=16692"}],"wp:term":[{"taxonomy":"product_cat","embeddable":true,"href":"http:\/\/delikatesy.wineport.pl\/index.php?rest_route=%2Fwp%2Fv2%2Fproduct_cat&post=16692"},{"taxonomy":"product_tag","embeddable":true,"href":"http:\/\/delikatesy.wineport.pl\/index.php?rest_route=%2Fwp%2Fv2%2Fproduct_tag&post=16692"}],"curies":[{"name":"wp","href":"https:\/\/api.w.org\/{rel}","templated":true}]}}