{"id":16706,"date":"2024-03-14T14:19:54","date_gmt":"2024-03-14T13:19:54","guid":{"rendered":"http:\/\/delikatesy.wineport.pl\/?product=christian-drouin-le-gin-blanc-0-1"},"modified":"2026-05-10T19:51:05","modified_gmt":"2026-05-10T17:51:05","slug":"christian-drouin-le-gin-blanc-0-1","status":"publish","type":"product","link":"http:\/\/delikatesy.wineport.pl\/?product=christian-drouin-le-gin-blanc-0-1","title":{"rendered":"CHRISTIAN DROUIN LE GIN BLANC 0.1"},"content":{"rendered":"<div class=\"c-product__details c-text\" style=\"font-size: 1.4rem; font-family: Helvetica, Tahoma, sans-serif;\">\n<p><span class=\"h-ws-nw\">Kraj: Francja<\/span>\u00a0<span class=\"h-ws-nw\">Region: Pays D&#8217;auge<\/span>\u00a0<span class=\"h-ws-nw\">Producent: Drouin Calvados\u00a0<\/span>\u00a0<span class=\"h-ws-nw\">Poj.: 0.1<\/span>\u00a0<span class=\"h-ws-nw\">Zaw. Alk. %: 42.0<\/span><\/p>\n<\/p><\/div>\n<div class=\"c-product__desc c-text c-text--lh\" style=\"font-size: 1.4rem; font-family: Helvetica, Tahoma, sans-serif;\">\n<p>Unikalny gin stworzony na bazie spirytusu zbo\u017cowego z dodatkiem 30 r\u00f3\u017cnych odmian jab\u0142ek i 8 innych nalew\u00f3w ro\u015blinnych, dobranych tak by idealnie pasowa\u0107 do jab\u0142kowo-ja\u0142owcowego charakteru. \u017beby stworzy\u0107 produkt jak najwy\u017cszej jako\u015bci, wszystkie dodatki ro\u015blinne by\u0142y macerowane, ekstrahowane i destylowane oddzielnie, w odpowiedni dla ka\u017cdego rodzaju spos\u00f3b, a nast\u0119pnie jeszcze raz destylowane wszystkie razem. Ja\u0142owiec i kardamon oddaj\u0105 sw\u00f3j klasyczny, g\u0142\u0119boki smak. Imbir, wanilia, cynamon i migda\u0142y buduj\u0105 kompleksowo\u015b\u0107 i harmoni\u0119 z jab\u0142kowym bukietem. R\u00f3\u017ca i cytryna nadaj\u0105 finezji i lekko\u015bci. W rezultacie mamy znakomity, g\u0142\u0119boki, intensywny i niezwykle unikalny francuski Gin.<\/p>\n<\/p><\/div>\n","protected":false},"excerpt":{"rendered":"<div class=\"c-product__details c-text\" style=\"font-size: 1.4rem; font-family: Helvetica, Tahoma, sans-serif;\">\n<p><span class=\"h-ws-nw\">Kraj: Francja<\/span>\u00a0<span class=\"h-ws-nw\">Region: Pays D&#8217;auge<\/span>\u00a0<span class=\"h-ws-nw\">Producent: Drouin Calvados\u00a0<\/span>\u00a0<span class=\"h-ws-nw\">Poj.: 0.1<\/span>\u00a0<span class=\"h-ws-nw\">Zaw. Alk. %: 42.0<\/span><\/p>\n<\/p><\/div>\n<div class=\"c-product__desc c-text c-text--lh\" style=\"font-size: 1.4rem; font-family: Helvetica, Tahoma, sans-serif;\">\n<p>Unikalny gin stworzony na bazie spirytusu zbo\u017cowego z dodatkiem 30 r\u00f3\u017cnych odmian jab\u0142ek i 8 innych nalew\u00f3w ro\u015blinnych, dobranych tak by idealnie pasowa\u0107 do jab\u0142kowo-ja\u0142owcowego charakteru. \u017beby stworzy\u0107 produkt jak najwy\u017cszej jako\u015bci, wszystkie dodatki ro\u015blinne by\u0142y macerowane, ekstrahowane i destylowane oddzielnie, w odpowiedni dla ka\u017cdego rodzaju spos\u00f3b, a nast\u0119pnie jeszcze raz destylowane wszystkie razem. Ja\u0142owiec i kardamon oddaj\u0105 sw\u00f3j klasyczny, g\u0142\u0119boki smak. Imbir, wanilia, cynamon i migda\u0142y buduj\u0105 kompleksowo\u015b\u0107 i harmoni\u0119 z jab\u0142kowym bukietem. R\u00f3\u017ca i cytryna nadaj\u0105 finezji i lekko\u015bci. W rezultacie mamy znakomity, g\u0142\u0119boki, intensywny i niezwykle unikalny francuski Gin.<\/p>\n<\/p><\/div>\n","protected":false},"featured_media":16705,"comment_status":"open","ping_status":"closed","template":"","meta":[],"product_cat":[142,194],"product_tag":[],"class_list":{"0":"post-16706","1":"product","2":"type-product","3":"status-publish","4":"has-post-thumbnail","6":"product_cat-alkohole-mocne","7":"product_cat-gin","9":"first","10":"instock","11":"shipping-taxable","12":"purchasable","13":"product-type-simple"},"_links":{"self":[{"href":"http:\/\/delikatesy.wineport.pl\/index.php?rest_route=\/wp\/v2\/product\/16706","targetHints":{"allow":["GET"]}}],"collection":[{"href":"http:\/\/delikatesy.wineport.pl\/index.php?rest_route=\/wp\/v2\/product"}],"about":[{"href":"http:\/\/delikatesy.wineport.pl\/index.php?rest_route=\/wp\/v2\/types\/product"}],"replies":[{"embeddable":true,"href":"http:\/\/delikatesy.wineport.pl\/index.php?rest_route=%2Fwp%2Fv2%2Fcomments&post=16706"}],"wp:featuredmedia":[{"embeddable":true,"href":"http:\/\/delikatesy.wineport.pl\/index.php?rest_route=\/wp\/v2\/media\/16705"}],"wp:attachment":[{"href":"http:\/\/delikatesy.wineport.pl\/index.php?rest_route=%2Fwp%2Fv2%2Fmedia&parent=16706"}],"wp:term":[{"taxonomy":"product_cat","embeddable":true,"href":"http:\/\/delikatesy.wineport.pl\/index.php?rest_route=%2Fwp%2Fv2%2Fproduct_cat&post=16706"},{"taxonomy":"product_tag","embeddable":true,"href":"http:\/\/delikatesy.wineport.pl\/index.php?rest_route=%2Fwp%2Fv2%2Fproduct_tag&post=16706"}],"curies":[{"name":"wp","href":"https:\/\/api.w.org\/{rel}","templated":true}]}}