{"id":16918,"date":"2024-03-14T14:22:31","date_gmt":"2024-03-14T13:22:31","guid":{"rendered":"http:\/\/delikatesy.wineport.pl\/?product=chutney-buraczany-manufaktura-la-koguta"},"modified":"2026-05-10T19:54:57","modified_gmt":"2026-05-10T17:54:57","slug":"chutney-buraczany-manufaktura-la-koguta","status":"publish","type":"product","link":"http:\/\/delikatesy.wineport.pl\/?product=chutney-buraczany-manufaktura-la-koguta","title":{"rendered":"Chutney buraczany MANUFAKTURA LA KOGUTA"},"content":{"rendered":"<p>Trzonami tej kompozycji smak\u00f3w s\u0105 buraki, imbir i daktyle.<\/p>\n<p>Delikatniej pobrzmiewaj\u0105 smaki cebuli, rodzynek oraz pieprzu.<\/p>\n<p>Idealny do mi\u0119s, zw\u0142aszcza do wo\u0142owiny.<\/p>\n<p>waga: 225g netto<\/p>\n<p>sk\u0142ad: burak 17%, \u015bwie\u017cy imbir, imbir mielony, cebula, jab\u0142ko, cukier, ocet jab\u0142kowy, daktyle, rodzynki, s\u00f3l, pieprz<\/p>\n","protected":false},"excerpt":{"rendered":"<p>Trzonami tej kompozycji smak\u00f3w s\u0105 buraki, imbir i daktyle.<\/p>\n<p>Delikatniej pobrzmiewaj\u0105 smaki cebuli, rodzynek oraz pieprzu.<\/p>\n<p>Idealny do mi\u0119s, zw\u0142aszcza do wo\u0142owiny.<\/p>\n<p>waga: 225g netto<\/p>\n<p>sk\u0142ad: burak 17%, \u015bwie\u017cy imbir, imbir mielony, cebula, jab\u0142ko, cukier, ocet jab\u0142kowy, daktyle, rodzynki, s\u00f3l, pieprz<\/p>\n","protected":false},"featured_media":16917,"comment_status":"open","ping_status":"closed","template":"","meta":[],"product_cat":[173,232,231],"product_tag":[],"class_list":{"0":"post-16918","1":"product","2":"type-product","3":"status-publish","4":"has-post-thumbnail","6":"product_cat-artykuly-delikatesowe","7":"product_cat-dzemy-i-marmolady","8":"product_cat-konfitury","10":"first","11":"instock","12":"shipping-taxable","13":"purchasable","14":"product-type-simple"},"_links":{"self":[{"href":"http:\/\/delikatesy.wineport.pl\/index.php?rest_route=\/wp\/v2\/product\/16918","targetHints":{"allow":["GET"]}}],"collection":[{"href":"http:\/\/delikatesy.wineport.pl\/index.php?rest_route=\/wp\/v2\/product"}],"about":[{"href":"http:\/\/delikatesy.wineport.pl\/index.php?rest_route=\/wp\/v2\/types\/product"}],"replies":[{"embeddable":true,"href":"http:\/\/delikatesy.wineport.pl\/index.php?rest_route=%2Fwp%2Fv2%2Fcomments&post=16918"}],"wp:featuredmedia":[{"embeddable":true,"href":"http:\/\/delikatesy.wineport.pl\/index.php?rest_route=\/wp\/v2\/media\/16917"}],"wp:attachment":[{"href":"http:\/\/delikatesy.wineport.pl\/index.php?rest_route=%2Fwp%2Fv2%2Fmedia&parent=16918"}],"wp:term":[{"taxonomy":"product_cat","embeddable":true,"href":"http:\/\/delikatesy.wineport.pl\/index.php?rest_route=%2Fwp%2Fv2%2Fproduct_cat&post=16918"},{"taxonomy":"product_tag","embeddable":true,"href":"http:\/\/delikatesy.wineport.pl\/index.php?rest_route=%2Fwp%2Fv2%2Fproduct_tag&post=16918"}],"curies":[{"name":"wp","href":"https:\/\/api.w.org\/{rel}","templated":true}]}}