{"id":17066,"date":"2024-03-14T14:23:34","date_gmt":"2024-03-14T13:23:34","guid":{"rendered":"http:\/\/delikatesy.wineport.pl\/?product=barkan-reserve-merlot-075-l-wino-koszerne"},"modified":"2026-05-10T19:57:09","modified_gmt":"2026-05-10T17:57:09","slug":"barkan-reserve-merlot-075-l-wino-koszerne","status":"publish","type":"product","link":"http:\/\/delikatesy.wineport.pl\/?product=barkan-reserve-merlot-075-l-wino-koszerne","title":{"rendered":"Barkan Reserve Merlot 0,75 l- wino koszerne"},"content":{"rendered":"<p><span style=\"color: #ff0000; font-size: 16px; font-family: arial, helvetica, sans-serif;\">UWAGA!!! NIE WYSY\u0141AMY ALKOHOLU KURIEREM W PRZYPADKU ZAM\u00d3WIE\u0143 OD OS\u00d3B PRYWATNYCH, TYLKO ODBI\u00d3R OSOBISTY NA UL. \u015aW. STANIS\u0141AWA 12 W WARSZAWIE!!! W przypadku op\u0142acenia zam\u00f3wienia alkoholu z wysy\u0142k\u0105, przy zwrocie pieni\u0119dzy zostanie potr\u0105cona prowizja dotpay!<\/span><\/p>\n<p>Eleganckie i subtelne wino le\u017cakowane 14 miesi\u0119cy w beczkach z d\u0119bu ameryka\u0144skiego i francuskiego. Bukiet malin, czarnych wi\u015bni i jag\u00f3d le\u015bnych ze szczypt\u0105 czarnego i zielonego pieprzu. Pe\u0142ne, o doskona\u0142ej harmonii mi\u0119dzy owocami, pikanteri\u0105 d\u0119bu oraz okr\u0105g\u0142ymi taninami. Doskonale dojrzewa w butelce przez kolejne 3-4 lata. Koszerne.<\/p>\n<p>Winiarnia: Barkan Wine Cellars<\/p>\n<p>Szczep: Merlot<\/p>\n<p>Pojemno\u015b\u0107: 750 ml<\/p>\n<p>Zawarto\u015b\u0107 alkoholu: 13%<\/p>\n","protected":false},"excerpt":{"rendered":"<p><span style=\"color: #ff0000; font-size: 16px; font-family: arial, helvetica, sans-serif;\">UWAGA!!! NIE WYSY\u0141AMY ALKOHOLU KURIEREM W PRZYPADKU ZAM\u00d3WIE\u0143 OD OS\u00d3B PRYWATNYCH, TYLKO ODBI\u00d3R OSOBISTY NA UL. \u015aW. STANIS\u0141AWA 12 W WARSZAWIE!!! W przypadku op\u0142acenia zam\u00f3wienia alkoholu z wysy\u0142k\u0105, przy zwrocie pieni\u0119dzy zostanie potr\u0105cona prowizja dotpay!<\/span><\/p>\n<p>Eleganckie i subtelne wino le\u017cakowane 14 miesi\u0119cy w beczkach z d\u0119bu ameryka\u0144skiego i francuskiego. Bukiet malin, czarnych wi\u015bni i jag\u00f3d le\u015bnych ze szczypt\u0105 czarnego i zielonego pieprzu. Pe\u0142ne, o doskona\u0142ej harmonii mi\u0119dzy owocami, pikanteri\u0105 d\u0119bu oraz okr\u0105g\u0142ymi taninami. Doskonale dojrzewa w butelce przez kolejne 3-4 lata. Koszerne.<\/p>\n<p>Winiarnia: Barkan Wine Cellars<\/p>\n<p>Szczep: Merlot<\/p>\n<p>Pojemno\u015b\u0107: 750 ml<\/p>\n<p>Zawarto\u015b\u0107 alkoholu: 13%<\/p>\n","protected":false},"featured_media":17065,"comment_status":"open","ping_status":"closed","template":"","meta":[],"product_cat":[205,80],"product_tag":[],"class_list":{"0":"post-17066","1":"product","2":"type-product","3":"status-publish","4":"has-post-thumbnail","6":"product_cat-izrael","7":"product_cat-wina-swiata","9":"first","10":"instock","11":"shipping-taxable","12":"purchasable","13":"product-type-simple"},"_links":{"self":[{"href":"http:\/\/delikatesy.wineport.pl\/index.php?rest_route=\/wp\/v2\/product\/17066","targetHints":{"allow":["GET"]}}],"collection":[{"href":"http:\/\/delikatesy.wineport.pl\/index.php?rest_route=\/wp\/v2\/product"}],"about":[{"href":"http:\/\/delikatesy.wineport.pl\/index.php?rest_route=\/wp\/v2\/types\/product"}],"replies":[{"embeddable":true,"href":"http:\/\/delikatesy.wineport.pl\/index.php?rest_route=%2Fwp%2Fv2%2Fcomments&post=17066"}],"wp:featuredmedia":[{"embeddable":true,"href":"http:\/\/delikatesy.wineport.pl\/index.php?rest_route=\/wp\/v2\/media\/17065"}],"wp:attachment":[{"href":"http:\/\/delikatesy.wineport.pl\/index.php?rest_route=%2Fwp%2Fv2%2Fmedia&parent=17066"}],"wp:term":[{"taxonomy":"product_cat","embeddable":true,"href":"http:\/\/delikatesy.wineport.pl\/index.php?rest_route=%2Fwp%2Fv2%2Fproduct_cat&post=17066"},{"taxonomy":"product_tag","embeddable":true,"href":"http:\/\/delikatesy.wineport.pl\/index.php?rest_route=%2Fwp%2Fv2%2Fproduct_tag&post=17066"}],"curies":[{"name":"wp","href":"https:\/\/api.w.org\/{rel}","templated":true}]}}