{"id":17130,"date":"2024-03-14T14:24:32","date_gmt":"2024-03-14T13:24:32","guid":{"rendered":"http:\/\/delikatesy.wineport.pl\/?product=ocet-winny-z-sherry-elizondo-vinagre-de-jerez-200-ml"},"modified":"2026-04-01T21:51:48","modified_gmt":"2026-04-01T19:51:48","slug":"ocet-winny-z-sherry-elizondo-vinagre-de-jerez-200-ml","status":"publish","type":"product","link":"http:\/\/delikatesy.wineport.pl\/?product=ocet-winny-z-sherry-elizondo-vinagre-de-jerez-200-ml","title":{"rendered":"Ocet winny z Sherry Elizondo Vinagre de Jerez 200 ml"},"content":{"rendered":"<p>Tradycyjnie produkowany ocet z sherry z winogron Pedro Ximenez, dojrzewaj\u0105cy w d\u0119bowych beczkach.<\/p>\n<p>Ma ciemny, mahoniowy kolor i intensywny, s\u0142odko-kwa\u015bny smak, g\u0142adko przechodz\u0105cy w przyjemny, s\u0142odki posmak. Nadaje nowy wymiar wielu daniom, szczeg\u00f3lnie sa\u0142atkom.\u00a0<\/p>\n","protected":false},"excerpt":{"rendered":"<p>Tradycyjnie produkowany ocet z sherry z winogron Pedro Ximenez, dojrzewaj\u0105cy w d\u0119bowych beczkach.<\/p>\n<p>Ma ciemny, mahoniowy kolor i intensywny, s\u0142odko-kwa\u015bny smak, g\u0142adko przechodz\u0105cy w przyjemny, s\u0142odki posmak. Nadaje nowy wymiar wielu daniom, szczeg\u00f3lnie sa\u0142atkom.\u00a0<\/p>\n","protected":false},"featured_media":17129,"comment_status":"open","ping_status":"closed","template":"","meta":[],"product_cat":[173,233],"product_tag":[],"class_list":{"0":"post-17130","1":"product","2":"type-product","3":"status-publish","4":"has-post-thumbnail","6":"product_cat-artykuly-delikatesowe","7":"product_cat-ocet-winny","9":"first","10":"instock","11":"shipping-taxable","12":"purchasable","13":"product-type-simple"},"_links":{"self":[{"href":"http:\/\/delikatesy.wineport.pl\/index.php?rest_route=\/wp\/v2\/product\/17130","targetHints":{"allow":["GET"]}}],"collection":[{"href":"http:\/\/delikatesy.wineport.pl\/index.php?rest_route=\/wp\/v2\/product"}],"about":[{"href":"http:\/\/delikatesy.wineport.pl\/index.php?rest_route=\/wp\/v2\/types\/product"}],"replies":[{"embeddable":true,"href":"http:\/\/delikatesy.wineport.pl\/index.php?rest_route=%2Fwp%2Fv2%2Fcomments&post=17130"}],"wp:featuredmedia":[{"embeddable":true,"href":"http:\/\/delikatesy.wineport.pl\/index.php?rest_route=\/wp\/v2\/media\/17129"}],"wp:attachment":[{"href":"http:\/\/delikatesy.wineport.pl\/index.php?rest_route=%2Fwp%2Fv2%2Fmedia&parent=17130"}],"wp:term":[{"taxonomy":"product_cat","embeddable":true,"href":"http:\/\/delikatesy.wineport.pl\/index.php?rest_route=%2Fwp%2Fv2%2Fproduct_cat&post=17130"},{"taxonomy":"product_tag","embeddable":true,"href":"http:\/\/delikatesy.wineport.pl\/index.php?rest_route=%2Fwp%2Fv2%2Fproduct_tag&post=17130"}],"curies":[{"name":"wp","href":"https:\/\/api.w.org\/{rel}","templated":true}]}}