{"id":17138,"date":"2024-03-14T14:24:40","date_gmt":"2024-03-14T13:24:40","guid":{"rendered":"http:\/\/delikatesy.wineport.pl\/?product=wino-the-cloud-factory-sauvignon-blanc-075l"},"modified":"2026-05-10T19:59:04","modified_gmt":"2026-05-10T17:59:04","slug":"wino-the-cloud-factory-sauvignon-blanc-075l","status":"publish","type":"product","link":"http:\/\/delikatesy.wineport.pl\/?product=wino-the-cloud-factory-sauvignon-blanc-075l","title":{"rendered":"Wino The Cloud Factory Sauvignon Blanc 0,75L"},"content":{"rendered":"<p><span style=\"color: #ff0000; font-size: 12px; font-family: Lato;\">UWAGA!!! NIE WYSY\u0141AMY ALKOHOLU KURIEREM W PRZYPADKU ZAM\u00d3WIE\u0143 OD OS\u00d3B PRYWATNYCH, TYLKO ODBI\u00d3R OSOBISTY NA UL. \u015aW. STANIS\u0141AWA 12 W WARSZAWIE!!! W przypadku op\u0142acenia zam\u00f3wienia alkoholu z wysy\u0142k\u0105, przy zwrocie pieni\u0119dzy zostanie potr\u0105cona prowizja\u00a0<\/span><span style=\"color: #ff0000; font-size: 12px; font-family: Lato;\">DOTPAY<\/span><span style=\"color: #ff0000; font-size: 12px; font-family: Lato;\">!<\/span><\/p>\n<p><span style=\"color: #000000; font-size: 12px; font-family: Lato;\">Wino bia\u0142e wytrawne.<\/span><\/p>\n<p><span style=\"color: #000000; font-size: 12px; font-family: Lato;\">Pojemno\u015b\u0107: 0,75l<\/span><\/p>\n<p><font face=\"Lato\"><span style=\"font-size: 12px;\">Zawarto\u015b\u0107 alkoholu: 12%<\/span><\/font><\/p>\n<p><font face=\"Lato\"><span style=\"font-size: 12px;\">Szczep: Sauvignon Blanc<\/span><\/font><\/p>\n<p>To eleganckie Sauvignon Blanc jest o\u017cywione aromatem owoc\u00f3w pestkowych i minera\u0142\u00f3w oraz smakiem guawy i limonki. Sch\u0142odzi\u0107 i podawa\u0107 jako aperitif. Doskonale pasuje te\u017c do owoc\u00f3w morza.<\/p>\n","protected":false},"excerpt":{"rendered":"<p><span style=\"color: #ff0000; font-size: 12px; font-family: Lato;\">UWAGA!!! NIE WYSY\u0141AMY ALKOHOLU KURIEREM W PRZYPADKU ZAM\u00d3WIE\u0143 OD OS\u00d3B PRYWATNYCH, TYLKO ODBI\u00d3R OSOBISTY NA UL. \u015aW. STANIS\u0141AWA 12 W WARSZAWIE!!! W przypadku op\u0142acenia zam\u00f3wienia alkoholu z wysy\u0142k\u0105, przy zwrocie pieni\u0119dzy zostanie potr\u0105cona prowizja\u00a0<\/span><span style=\"color: #ff0000; font-size: 12px; font-family: Lato;\">DOTPAY<\/span><span style=\"color: #ff0000; font-size: 12px; font-family: Lato;\">!<\/span><\/p>\n<p><span style=\"font-size: 12px; font-family: Lato;\">Wino bia\u0142e wytrawne.<\/span><\/p>\n<p><span style=\"font-size: 12px; font-family: Lato;\">Pojemno\u015b\u0107: 0,75l<\/span><\/p>\n<p><font face=\"Lato\"><span style=\"font-size: 12px;\">Zawarto\u015b\u0107 alkoholu: 12%<\/span><\/font><\/p>\n<p><font face=\"Lato\"><span style=\"font-size: 12px;\">Szczep: Sauvignon Blanc<\/span><\/font><\/p>\n<p>To eleganckie Sauvignon Blanc jest o\u017cywione aromatem owoc\u00f3w pestkowych i minera\u0142\u00f3w oraz smakiem guawy i limonki. Sch\u0142odzi\u0107 i podawa\u0107 jako aperitif. Doskonale pasuje te\u017c do owoc\u00f3w morza.<\/p>\n","protected":false},"featured_media":17137,"comment_status":"open","ping_status":"closed","template":"","meta":[],"product_cat":[136,80],"product_tag":[],"class_list":{"0":"post-17138","1":"product","2":"type-product","3":"status-publish","4":"has-post-thumbnail","6":"product_cat-nowa-zelandia","7":"product_cat-wina-swiata","9":"first","10":"instock","11":"shipping-taxable","12":"purchasable","13":"product-type-simple"},"_links":{"self":[{"href":"http:\/\/delikatesy.wineport.pl\/index.php?rest_route=\/wp\/v2\/product\/17138","targetHints":{"allow":["GET"]}}],"collection":[{"href":"http:\/\/delikatesy.wineport.pl\/index.php?rest_route=\/wp\/v2\/product"}],"about":[{"href":"http:\/\/delikatesy.wineport.pl\/index.php?rest_route=\/wp\/v2\/types\/product"}],"replies":[{"embeddable":true,"href":"http:\/\/delikatesy.wineport.pl\/index.php?rest_route=%2Fwp%2Fv2%2Fcomments&post=17138"}],"wp:featuredmedia":[{"embeddable":true,"href":"http:\/\/delikatesy.wineport.pl\/index.php?rest_route=\/wp\/v2\/media\/17137"}],"wp:attachment":[{"href":"http:\/\/delikatesy.wineport.pl\/index.php?rest_route=%2Fwp%2Fv2%2Fmedia&parent=17138"}],"wp:term":[{"taxonomy":"product_cat","embeddable":true,"href":"http:\/\/delikatesy.wineport.pl\/index.php?rest_route=%2Fwp%2Fv2%2Fproduct_cat&post=17138"},{"taxonomy":"product_tag","embeddable":true,"href":"http:\/\/delikatesy.wineport.pl\/index.php?rest_route=%2Fwp%2Fv2%2Fproduct_tag&post=17138"}],"curies":[{"name":"wp","href":"https:\/\/api.w.org\/{rel}","templated":true}]}}