{"id":17140,"date":"2024-03-14T14:24:42","date_gmt":"2024-03-14T13:24:42","guid":{"rendered":"http:\/\/delikatesy.wineport.pl\/?product=glen-scotia-festival-release-2021-07l"},"modified":"2026-05-10T19:59:04","modified_gmt":"2026-05-10T17:59:04","slug":"glen-scotia-festival-release-2021-07l","status":"publish","type":"product","link":"http:\/\/delikatesy.wineport.pl\/?product=glen-scotia-festival-release-2021-07l","title":{"rendered":"Glen Scotia Festival Release 2021 0,7l"},"content":{"rendered":"<div class=\"c-product__details c-text\" style=\"font-size: 1.4rem; font-family: Helvetica, Tahoma, sans-serif;\">\n<p><span style=\"color: #ff0000; font-size: 16px; font-family: arial, helvetica, sans-serif;\">UWAGA!!! NIE WYSY\u0141AMY ALKOHOLU W PRZYPADKU ZAM\u00d3WIE\u0143 OD OS\u00d3B PRYWATNYCH, TYLKO ODBI\u00d3R OSOBISTY NA UL. \u015aW. STANIS\u0141AWA 12 W WARSZAWIE!!! W przypadku op\u0142acenia zam\u00f3wienia alkoholu z wysy\u0142k\u0105, przy zwrocie pieni\u0119dzy zostanie potr\u0105cona prowizja\u00a0DOTPAY!<\/span><\/p>\n<p><span style=\"color: #ff0000; font-size: 16px; font-family: arial, helvetica, sans-serif;\">\u00a0<\/span><span class=\"h-ws-nw\" style=\"font-size: 15px;\">Kraj: Szkocja<\/span><span style=\"font-size: 15px;\">\u00a0<\/span><span class=\"h-ws-nw\" style=\"font-size: 15px;\">Region: Campbeltown<\/span><span style=\"font-size: 15px;\">\u00a0<\/span><span class=\"h-ws-nw\" style=\"font-size: 15px;\">Producent:\u00a0Loch Lomond\/Glen Scotia<\/span><span style=\"font-size: 15px;\">\u00a0<\/span><span class=\"h-ws-nw\" style=\"font-size: 15px;\">Poj.: 0.7<\/span><span style=\"font-size: 15px;\">\u00a0<\/span><span class=\"h-ws-nw\" style=\"font-size: 15px;\">Zaw. Alk. %: 56.1<\/span><\/p>\n<\/p><\/div>\n<div class=\"c-product__desc c-text c-text--lh\" style=\"font-size: 1.4rem; font-family: Helvetica, Tahoma, sans-serif;\">\n<p><span style=\"font-size: 15px;\">Glen Scotia Campbeltown Malts Festival 2021 to whisky, kt\u00f3ra po pocz\u0105tkowym dojrzewaniu w beczkach pierwszego nape\u0142nienia (first fill) po bourbonie by\u0142a przez 5 miesi\u0119cy finiszowana w beczkach po czerwonym winie z Bordeaux z apelacji Medoc. Nad wszystkim czuwa\u0142 Master Blender Michael Henry. Najm\u0142odsza whisky w butelce by\u0142a wydestylowana w 2011 roku. To pierwsza nietorfowa edycja festiwalowa z Glen Scotia. Poprzednie torfowe edycje finiszowane w beczkach po porto oraz po rumie cieszy\u0142y si\u0119 bardzo du\u017cym zainteresowaniem. Whisky zosta\u0142a zabutelkowana w naturalnym kolorze, bez filtracji na zimno i moc\u0105 cask strength 56,1%. Whisky jest \u015bwietnie zbalansowana, nuty czerwonych owoc\u00f3w z beczek po winie idealnie komponuj\u0105 si\u0119 z klasycznym: owocowym, przyprawowym i morskim charakterem destylatu Glen Scotia.<\/span><\/p>\n<\/p><\/div>\n","protected":false},"excerpt":{"rendered":"<div class=\"c-product__details c-text\" style=\"font-size: 1.4rem; font-family: Helvetica, Tahoma, sans-serif;\">\n<div class=\"c-product__details c-text\" style=\"font-size: 1.4rem; font-family: Helvetica, Tahoma, sans-serif;\">\n<p><span style=\"color: #ff0000; font-size: 16px; font-family: arial, helvetica, sans-serif;\">UWAGA!!! NIE WYSY\u0141AMY ALKOHOLU W PRZYPADKU ZAM\u00d3WIE\u0143 OD OS\u00d3B PRYWATNYCH, TYLKO ODBI\u00d3R OSOBISTY NA UL. \u015aW. STANIS\u0141AWA 12 W WARSZAWIE!!! W przypadku op\u0142acenia zam\u00f3wienia alkoholu z wysy\u0142k\u0105, przy zwrocie pieni\u0119dzy zostanie potr\u0105cona prowizja\u00a0DOTPAY!<\/span><\/p>\n<p><span style=\"color: #ff0000; font-size: 16px; font-family: arial, helvetica, sans-serif;\">\u00a0<\/span><span class=\"h-ws-nw\" style=\"font-size: 15px;\">Kraj: Szkocja<\/span><span style=\"font-size: 15px;\">\u00a0<\/span><span class=\"h-ws-nw\" style=\"font-size: 15px;\">Region: Campbeltown<\/span><span style=\"font-size: 15px;\">\u00a0<\/span><span class=\"h-ws-nw\" style=\"font-size: 15px;\">Producent:\u00a0Loch Lomond\/Glen Scotia<\/span><span style=\"font-size: 15px;\">\u00a0<\/span><span class=\"h-ws-nw\" style=\"font-size: 15px;\">Poj.: 0.7<\/span><span style=\"font-size: 15px;\">\u00a0<\/span><span class=\"h-ws-nw\" style=\"font-size: 15px;\">Zaw. Alk. %: 56.1<\/span><\/p>\n<\/p><\/div>\n<div class=\"c-product__desc c-text c-text--lh\" style=\"font-size: 1.4rem; font-family: Helvetica, Tahoma, sans-serif;\">\n<p><span style=\"font-size: 15px;\">Glen Scotia Campbeltown Malts Festival 2021 to whisky, kt\u00f3ra po pocz\u0105tkowym dojrzewaniu w beczkach pierwszego nape\u0142nienia (first fill) po bourbonie by\u0142a przez 5 miesi\u0119cy finiszowana w beczkach po czerwonym winie z Bordeaux z apelacji Medoc. Nad wszystkim czuwa\u0142 Master Blender Michael Henry. Najm\u0142odsza whisky w butelce by\u0142a wydestylowana w 2011 roku. To pierwsza nietorfowa edycja festiwalowa z Glen Scotia. Poprzednie torfowe edycje finiszowane w beczkach po porto oraz po rumie cieszy\u0142y si\u0119 bardzo du\u017cym zainteresowaniem. Whisky zosta\u0142a zabutelkowana w naturalnym kolorze, bez filtracji na zimno i moc\u0105 cask strength 56,1%. Whisky jest \u015bwietnie zbalansowana, nuty czerwonych owoc\u00f3w z beczek po winie idealnie komponuj\u0105 si\u0119 z klasycznym: owocowym, przyprawowym i morskim charakterem destylatu Glen Scotia.<\/span><\/p>\n<\/p><\/div>\n<\/p><\/div>\n","protected":false},"featured_media":17139,"comment_status":"open","ping_status":"closed","template":"","meta":[],"product_cat":[142,154,143],"product_tag":[],"class_list":{"0":"post-17140","1":"product","2":"type-product","3":"status-publish","4":"has-post-thumbnail","6":"product_cat-alkohole-mocne","7":"product_cat-szkocja","8":"product_cat-whisky","10":"first","11":"instock","12":"shipping-taxable","13":"purchasable","14":"product-type-simple"},"_links":{"self":[{"href":"http:\/\/delikatesy.wineport.pl\/index.php?rest_route=\/wp\/v2\/product\/17140","targetHints":{"allow":["GET"]}}],"collection":[{"href":"http:\/\/delikatesy.wineport.pl\/index.php?rest_route=\/wp\/v2\/product"}],"about":[{"href":"http:\/\/delikatesy.wineport.pl\/index.php?rest_route=\/wp\/v2\/types\/product"}],"replies":[{"embeddable":true,"href":"http:\/\/delikatesy.wineport.pl\/index.php?rest_route=%2Fwp%2Fv2%2Fcomments&post=17140"}],"wp:featuredmedia":[{"embeddable":true,"href":"http:\/\/delikatesy.wineport.pl\/index.php?rest_route=\/wp\/v2\/media\/17139"}],"wp:attachment":[{"href":"http:\/\/delikatesy.wineport.pl\/index.php?rest_route=%2Fwp%2Fv2%2Fmedia&parent=17140"}],"wp:term":[{"taxonomy":"product_cat","embeddable":true,"href":"http:\/\/delikatesy.wineport.pl\/index.php?rest_route=%2Fwp%2Fv2%2Fproduct_cat&post=17140"},{"taxonomy":"product_tag","embeddable":true,"href":"http:\/\/delikatesy.wineport.pl\/index.php?rest_route=%2Fwp%2Fv2%2Fproduct_tag&post=17140"}],"curies":[{"name":"wp","href":"https:\/\/api.w.org\/{rel}","templated":true}]}}