{"id":17202,"date":"2024-03-14T14:26:37","date_gmt":"2024-03-14T13:26:37","guid":{"rendered":"http:\/\/delikatesy.wineport.pl\/?product=kawa-coffeeport-malabar-rio-100-arabica-250g-ziarna"},"modified":"2026-05-10T20:00:00","modified_gmt":"2026-05-10T18:00:00","slug":"kawa-coffeeport-malabar-rio-100-arabica-250g-ziarna","status":"publish","type":"product","link":"http:\/\/delikatesy.wineport.pl\/?product=kawa-coffeeport-malabar-rio-100-arabica-250g-ziarna","title":{"rendered":"KAWA COFFEEPORT Malabar &#038; Rio 100% Arabica 250g Ziarna"},"content":{"rendered":"<p>Wyj\u0105tkowa pod ka\u017cdym wzgl\u0119dem mieszanka arabiki z Brazylii oraz s\u0142ynnej Indyjskiej arabiki \u2013 Malabar. Urzekaj\u0105cy balans goryczki, kwasowo\u015bci i s\u0142odyczy podszyty delikatn\u0105 dymn\u0105 nut\u0105, ci\u0119\u017ckie, g\u0119ste, oleiste body. \u015arednio-ciemne tradycyjne palenie craftowe. Kawa dedykowana do expres\u00f3w ci\u015bnieniowych. Wyczuwalne nuty smakowe: mi\u00f3d, karmel, czekolada, konfitury.<\/p>\n","protected":false},"excerpt":{"rendered":"<p>Wyj\u0105tkowa pod ka\u017cdym wzgl\u0119dem mieszanka arabiki z Brazylii oraz s\u0142ynnej Indyjskiej arabiki \u2013 Malabar. Urzekaj\u0105cy balans goryczki, kwasowo\u015bci i s\u0142odyczy podszyty delikatn\u0105 dymn\u0105 nut\u0105, ci\u0119\u017ckie, g\u0119ste, oleiste body. \u015arednio-ciemne tradycyjne palenie craftowe. Kawa dedykowana do expres\u00f3w ci\u015bnieniowych. Wyczuwalne nuty smakowe: mi\u00f3d, karmel, czekolada, konfitury.<\/p>\n","protected":false},"featured_media":17201,"comment_status":"open","ping_status":"closed","template":"","meta":[],"product_cat":[216],"product_tag":[],"class_list":{"0":"post-17202","1":"product","2":"type-product","3":"status-publish","4":"has-post-thumbnail","6":"product_cat-kawa-swiezo-palona","8":"first","9":"instock","10":"shipping-taxable","11":"purchasable","12":"product-type-simple"},"_links":{"self":[{"href":"http:\/\/delikatesy.wineport.pl\/index.php?rest_route=\/wp\/v2\/product\/17202","targetHints":{"allow":["GET"]}}],"collection":[{"href":"http:\/\/delikatesy.wineport.pl\/index.php?rest_route=\/wp\/v2\/product"}],"about":[{"href":"http:\/\/delikatesy.wineport.pl\/index.php?rest_route=\/wp\/v2\/types\/product"}],"replies":[{"embeddable":true,"href":"http:\/\/delikatesy.wineport.pl\/index.php?rest_route=%2Fwp%2Fv2%2Fcomments&post=17202"}],"wp:featuredmedia":[{"embeddable":true,"href":"http:\/\/delikatesy.wineport.pl\/index.php?rest_route=\/wp\/v2\/media\/17201"}],"wp:attachment":[{"href":"http:\/\/delikatesy.wineport.pl\/index.php?rest_route=%2Fwp%2Fv2%2Fmedia&parent=17202"}],"wp:term":[{"taxonomy":"product_cat","embeddable":true,"href":"http:\/\/delikatesy.wineport.pl\/index.php?rest_route=%2Fwp%2Fv2%2Fproduct_cat&post=17202"},{"taxonomy":"product_tag","embeddable":true,"href":"http:\/\/delikatesy.wineport.pl\/index.php?rest_route=%2Fwp%2Fv2%2Fproduct_tag&post=17202"}],"curies":[{"name":"wp","href":"https:\/\/api.w.org\/{rel}","templated":true}]}}