{"id":17214,"date":"2024-03-14T14:26:43","date_gmt":"2024-03-14T13:26:43","guid":{"rendered":"http:\/\/delikatesy.wineport.pl\/?product=anthon-berg-caramel-filled-chocolates-110g"},"modified":"2026-05-10T20:00:00","modified_gmt":"2026-05-10T18:00:00","slug":"anthon-berg-caramel-filled-chocolates-110g","status":"publish","type":"product","link":"http:\/\/delikatesy.wineport.pl\/?product=anthon-berg-caramel-filled-chocolates-110g","title":{"rendered":"Anthon Berg Caramel Filled Chocolates 110g"},"content":{"rendered":"<p>Anthon Berg\u00a0 Caramel Filled Chocolates 110g<br \/>Milk Chocolate With Coffe Caramel<br \/>Dark Chocolate With Caramel<\/p>\n<p>Mieszanka czekoladek mlecznych z karmelem kawowym oraz gorzkich czekoladek z karmelem.<\/p>\n<p>Anthon Berg jest nazywany &#8220;Du\u0144skim kr\u00f3lem czekolady&#8221;.<br \/>Producentem najwy\u017cszej jako\u015bci, s\u0142odko\u015bci klasy Premium.<\/p>\n","protected":false},"excerpt":{"rendered":"<p>Anthon Berg\u00a0 Caramel Filled Chocolates 110g<br \/>Milk Chocolate With Coffe Caramel<br \/>Dark Chocolate With Caramel<\/p>\n<p>Mieszanka czekoladek mlecznych z karmelem kawowym oraz gorzkich czekoladek z karmelem.<\/p>\n<p>Anthon Berg jest nazywany &#8220;Du\u0144skim kr\u00f3lem czekolady&#8221;.<br \/>Producentem najwy\u017cszej jako\u015bci, s\u0142odko\u015bci klasy Premium.<\/p>\n","protected":false},"featured_media":17213,"comment_status":"open","ping_status":"closed","template":"","meta":[],"product_cat":[173,185],"product_tag":[],"class_list":{"0":"post-17214","1":"product","2":"type-product","3":"status-publish","4":"has-post-thumbnail","6":"product_cat-artykuly-delikatesowe","7":"product_cat-wyroby-czekoladowe","9":"first","10":"instock","11":"shipping-taxable","12":"purchasable","13":"product-type-simple"},"_links":{"self":[{"href":"http:\/\/delikatesy.wineport.pl\/index.php?rest_route=\/wp\/v2\/product\/17214","targetHints":{"allow":["GET"]}}],"collection":[{"href":"http:\/\/delikatesy.wineport.pl\/index.php?rest_route=\/wp\/v2\/product"}],"about":[{"href":"http:\/\/delikatesy.wineport.pl\/index.php?rest_route=\/wp\/v2\/types\/product"}],"replies":[{"embeddable":true,"href":"http:\/\/delikatesy.wineport.pl\/index.php?rest_route=%2Fwp%2Fv2%2Fcomments&post=17214"}],"wp:featuredmedia":[{"embeddable":true,"href":"http:\/\/delikatesy.wineport.pl\/index.php?rest_route=\/wp\/v2\/media\/17213"}],"wp:attachment":[{"href":"http:\/\/delikatesy.wineport.pl\/index.php?rest_route=%2Fwp%2Fv2%2Fmedia&parent=17214"}],"wp:term":[{"taxonomy":"product_cat","embeddable":true,"href":"http:\/\/delikatesy.wineport.pl\/index.php?rest_route=%2Fwp%2Fv2%2Fproduct_cat&post=17214"},{"taxonomy":"product_tag","embeddable":true,"href":"http:\/\/delikatesy.wineport.pl\/index.php?rest_route=%2Fwp%2Fv2%2Fproduct_tag&post=17214"}],"curies":[{"name":"wp","href":"https:\/\/api.w.org\/{rel}","templated":true}]}}