{"id":17276,"date":"2024-03-14T14:27:33","date_gmt":"2024-03-14T13:27:33","guid":{"rendered":"http:\/\/delikatesy.wineport.pl\/?product=dzem-z-pomaranczy-agrisicilia-360-g"},"modified":"2026-05-10T20:01:16","modified_gmt":"2026-05-10T18:01:16","slug":"dzem-z-pomaranczy-agrisicilia-360-g","status":"publish","type":"product","link":"http:\/\/delikatesy.wineport.pl\/?product=dzem-z-pomaranczy-agrisicilia-360-g","title":{"rendered":"D\u017cem z pomara\u0144czy AGRISICILIA 360 G"},"content":{"rendered":"<p style=\"color: #111111; font-family: &quot;;\">D\u017cem posiada certyfikat I.G.P (Indicazione Geografica Protetta).<\/p>\n<p style=\"color: #111111; font-family: &quot;;\">Sk\u0142ad: cukier trzcinowy*, pomara\u0144cze ze sk\u00f3rk\u0105*, substancja \u017celuj\u0105ca: pektyny, regulator kwasowo\u015bci: kwas cytrynowy<\/p>\n<p style=\"color: #111111; font-family: &quot;;\">U\u017cyte owoce: 45g na 100g<\/p>\n","protected":false},"excerpt":{"rendered":"<p style=\"color: #111111; font-family: &quot;;\">D\u017cem posiada certyfikat I.G.P (Indicazione Geografica Protetta).<\/p>\n<p style=\"color: #111111; font-family: &quot;;\">Sk\u0142ad: cukier trzcinowy*, pomara\u0144cze ze sk\u00f3rk\u0105*, substancja \u017celuj\u0105ca: pektyny, regulator kwasowo\u015bci: kwas cytrynowy<\/p>\n<p style=\"color: #111111; font-family: &quot;;\">U\u017cyte owoce: 45g na 100g<\/p>\n","protected":false},"featured_media":17275,"comment_status":"open","ping_status":"closed","template":"","meta":[],"product_cat":[173,232,231],"product_tag":[],"class_list":{"0":"post-17276","1":"product","2":"type-product","3":"status-publish","4":"has-post-thumbnail","6":"product_cat-artykuly-delikatesowe","7":"product_cat-dzemy-i-marmolady","8":"product_cat-konfitury","10":"first","11":"instock","12":"shipping-taxable","13":"purchasable","14":"product-type-simple"},"_links":{"self":[{"href":"http:\/\/delikatesy.wineport.pl\/index.php?rest_route=\/wp\/v2\/product\/17276","targetHints":{"allow":["GET"]}}],"collection":[{"href":"http:\/\/delikatesy.wineport.pl\/index.php?rest_route=\/wp\/v2\/product"}],"about":[{"href":"http:\/\/delikatesy.wineport.pl\/index.php?rest_route=\/wp\/v2\/types\/product"}],"replies":[{"embeddable":true,"href":"http:\/\/delikatesy.wineport.pl\/index.php?rest_route=%2Fwp%2Fv2%2Fcomments&post=17276"}],"wp:featuredmedia":[{"embeddable":true,"href":"http:\/\/delikatesy.wineport.pl\/index.php?rest_route=\/wp\/v2\/media\/17275"}],"wp:attachment":[{"href":"http:\/\/delikatesy.wineport.pl\/index.php?rest_route=%2Fwp%2Fv2%2Fmedia&parent=17276"}],"wp:term":[{"taxonomy":"product_cat","embeddable":true,"href":"http:\/\/delikatesy.wineport.pl\/index.php?rest_route=%2Fwp%2Fv2%2Fproduct_cat&post=17276"},{"taxonomy":"product_tag","embeddable":true,"href":"http:\/\/delikatesy.wineport.pl\/index.php?rest_route=%2Fwp%2Fv2%2Fproduct_tag&post=17276"}],"curies":[{"name":"wp","href":"https:\/\/api.w.org\/{rel}","templated":true}]}}