{"id":17314,"date":"2024-03-14T14:28:35","date_gmt":"2024-03-14T13:28:35","guid":{"rendered":"http:\/\/delikatesy.wineport.pl\/?product=dzem-z-gruszek-z-etny-agrisicilia-360-g"},"modified":"2026-05-10T20:01:21","modified_gmt":"2026-05-10T18:01:21","slug":"dzem-z-gruszek-z-etny-agrisicilia-360-g","status":"publish","type":"product","link":"http:\/\/delikatesy.wineport.pl\/?product=dzem-z-gruszek-z-etny-agrisicilia-360-g","title":{"rendered":"D\u017cem z gruszek z Etny AGRISICILIA 360 G"},"content":{"rendered":"<p>D\u017cem posiada certyfikat I.G.P (Indicazione Geografica Protetta). U\u017cyte owoce: 45g na 100g<\/p>\n","protected":false},"excerpt":{"rendered":"<p>D\u017cem posiada certyfikat I.G.P (Indicazione Geografica Protetta). U\u017cyte owoce: 45g na 100g<\/p>\n","protected":false},"featured_media":17313,"comment_status":"open","ping_status":"closed","template":"","meta":[],"product_cat":[173,232,231],"product_tag":[],"class_list":{"0":"post-17314","1":"product","2":"type-product","3":"status-publish","4":"has-post-thumbnail","6":"product_cat-artykuly-delikatesowe","7":"product_cat-dzemy-i-marmolady","8":"product_cat-konfitury","10":"first","11":"instock","12":"shipping-taxable","13":"purchasable","14":"product-type-simple"},"_links":{"self":[{"href":"http:\/\/delikatesy.wineport.pl\/index.php?rest_route=\/wp\/v2\/product\/17314","targetHints":{"allow":["GET"]}}],"collection":[{"href":"http:\/\/delikatesy.wineport.pl\/index.php?rest_route=\/wp\/v2\/product"}],"about":[{"href":"http:\/\/delikatesy.wineport.pl\/index.php?rest_route=\/wp\/v2\/types\/product"}],"replies":[{"embeddable":true,"href":"http:\/\/delikatesy.wineport.pl\/index.php?rest_route=%2Fwp%2Fv2%2Fcomments&post=17314"}],"wp:featuredmedia":[{"embeddable":true,"href":"http:\/\/delikatesy.wineport.pl\/index.php?rest_route=\/wp\/v2\/media\/17313"}],"wp:attachment":[{"href":"http:\/\/delikatesy.wineport.pl\/index.php?rest_route=%2Fwp%2Fv2%2Fmedia&parent=17314"}],"wp:term":[{"taxonomy":"product_cat","embeddable":true,"href":"http:\/\/delikatesy.wineport.pl\/index.php?rest_route=%2Fwp%2Fv2%2Fproduct_cat&post=17314"},{"taxonomy":"product_tag","embeddable":true,"href":"http:\/\/delikatesy.wineport.pl\/index.php?rest_route=%2Fwp%2Fv2%2Fproduct_tag&post=17314"}],"curies":[{"name":"wp","href":"https:\/\/api.w.org\/{rel}","templated":true}]}}