{"id":17318,"date":"2024-03-14T14:28:38","date_gmt":"2024-03-14T13:28:38","guid":{"rendered":"http:\/\/delikatesy.wineport.pl\/?product=tanzania-72-cacao-extra-dark-chocolate"},"modified":"2026-05-10T20:02:05","modified_gmt":"2026-05-10T18:02:05","slug":"tanzania-72-cacao-extra-dark-chocolate","status":"publish","type":"product","link":"http:\/\/delikatesy.wineport.pl\/?product=tanzania-72-cacao-extra-dark-chocolate","title":{"rendered":"TANZANIA &#8211; 72% CACAO Extra Dark Chocolate"},"content":{"rendered":"<p>Czekolady Cahet Origins produkowane s\u0105 z wyselekcjonowanych ziaren kakao z konkretnych region\u00f3w lub kraj\u00f3w. Unikatowy smak ziaren kakao zale\u017cy od gleby, lokalnego klimatu i wysoko\u015bci nad poziomem morza.\u00a0<\/p>\n<p>Tanza\u0144skie Kakaowce obradzaj\u0105 w niewielkie ilo\u015bci kakao charakteryzuj\u0105ce si\u0119 wysok\u0105 jako\u015bci\u0105. Najwa\u017cniejszym obszar uprawy kakao znajduje si\u0119 nad Jeziorem Malawi, sk\u0105d pochodz\u0105 najlepsze ziarna.<\/p>\n","protected":false},"excerpt":{"rendered":"<p>Czekolady Cahet Origins produkowane s\u0105 z wyselekcjonowanych ziaren kakao z konkretnych region\u00f3w lub kraj\u00f3w. Unikatowy smak ziaren kakao zale\u017cy od gleby, lokalnego klimatu i wysoko\u015bci nad poziomem morza.\u00a0<\/p>\n<p>Tanza\u0144skie Kakaowce obradzaj\u0105 w niewielkie ilo\u015bci kakao charakteryzuj\u0105ce si\u0119 wysok\u0105 jako\u015bci\u0105. Najwa\u017cniejszym obszar uprawy kakao znajduje si\u0119 nad Jeziorem Malawi, sk\u0105d pochodz\u0105 najlepsze ziarna.<\/p>\n","protected":false},"featured_media":17317,"comment_status":"open","ping_status":"closed","template":"","meta":[],"product_cat":[173,185],"product_tag":[],"class_list":{"0":"post-17318","1":"product","2":"type-product","3":"status-publish","4":"has-post-thumbnail","6":"product_cat-artykuly-delikatesowe","7":"product_cat-wyroby-czekoladowe","9":"first","10":"instock","11":"shipping-taxable","12":"purchasable","13":"product-type-simple"},"_links":{"self":[{"href":"http:\/\/delikatesy.wineport.pl\/index.php?rest_route=\/wp\/v2\/product\/17318","targetHints":{"allow":["GET"]}}],"collection":[{"href":"http:\/\/delikatesy.wineport.pl\/index.php?rest_route=\/wp\/v2\/product"}],"about":[{"href":"http:\/\/delikatesy.wineport.pl\/index.php?rest_route=\/wp\/v2\/types\/product"}],"replies":[{"embeddable":true,"href":"http:\/\/delikatesy.wineport.pl\/index.php?rest_route=%2Fwp%2Fv2%2Fcomments&post=17318"}],"wp:featuredmedia":[{"embeddable":true,"href":"http:\/\/delikatesy.wineport.pl\/index.php?rest_route=\/wp\/v2\/media\/17317"}],"wp:attachment":[{"href":"http:\/\/delikatesy.wineport.pl\/index.php?rest_route=%2Fwp%2Fv2%2Fmedia&parent=17318"}],"wp:term":[{"taxonomy":"product_cat","embeddable":true,"href":"http:\/\/delikatesy.wineport.pl\/index.php?rest_route=%2Fwp%2Fv2%2Fproduct_cat&post=17318"},{"taxonomy":"product_tag","embeddable":true,"href":"http:\/\/delikatesy.wineport.pl\/index.php?rest_route=%2Fwp%2Fv2%2Fproduct_tag&post=17318"}],"curies":[{"name":"wp","href":"https:\/\/api.w.org\/{rel}","templated":true}]}}